000
CXUS53 KEAX 012116
CLSMCI

CLIMATE REPORT
NATIONAL WEATHER SERVICE KANSAS CITY/PLEASANT HILL MO
309 PM CST THU DEC 01 2022

...................................

...THE KANSAS CITY INTERNATIONAL MO CLIMATE SUMMARY FOR THE SEASON, FROM
9/1/2022 TO 11/30/2022...

CLIMATE NORMAL PERIOD: 1991 TO 2020
CLIMATE RECORD PERIOD: 1888 TO 2022

WEATHER         OBSERVED          NORMAL  DEPART   LAST YEAR`S
                VALUE   DATE(S)   VALUE   FROM     VALUE DATE(S)
                                          NORMAL
................................................................
TEMPERATURE (F)
RECORD
 HIGH            109   09/03/1947
 LOW               1   11/08/1991
                       11/28/1976
HIGHEST           99   09/19         93       6       91  09/26
                       09/20
                                                          09/27
LOWEST            16   11/18         17      -1       20  11/25
                                                          11/26
AVG. MAXIMUM    70.2               66.6     3.6     70.2
AVG. MINIMUM    45.7               45.6     0.1     48.5
MEAN            58.0               56.1     1.9     59.3
DAYS MAX >= 90     6                3.5     2.5        2
DAYS MAX <= 32     2                1.3     0.7        0
DAYS MIN <= 32    19               15.7     3.3       12
DAYS MIN <= 0      0                0.0     0.0        0

PRECIPITATION (INCHES)
RECORD
 MAXIMUM       22.08   1914
 MINIMUM        2.16   1891
TOTALS          6.54               9.29   -2.75     8.74
DAILY AVG.      0.07               0.10   -0.03     0.09
DAYS >= .01       14               23.2    -9.2       20
DAYS >= .10       10               14.9    -4.9       14
DAYS >= .50        4                5.9    -1.9        6
DAYS >= 1.00       2                2.3    -0.3        4
GREATEST
 24 HR. TOTAL   2.83   11/04 TO 11/05

SNOWFALL (INCHES)
RECORDS
 TOTAL          13.2   1898
TOTALS           0.4                1.4    -1.0        T
SINCE 7/1        0.4                1.4    -1.0       MM
DAYS >= TRACE      3                1.2     1.8        1
DAYS >= 1.0        0                0.4    -0.4        0
GREATEST
 SNOW DEPTH        0
 24 HR TOTAL      MM

DEGREE DAYS
HEATING TOTAL    882                998    -116      759
COOLING TOTAL    269                189      80      266
................................................................

WIND (MPH)
AVERAGE WIND SPEED              9.9
HIGHEST WIND SPEED/DIRECTION    36/200    DATE  10/23
HIGHEST GUST SPEED/DIRECTION    52/200    DATE  10/23

SKY COVER
POSSIBLE SUNSHINE (PERCENT)   MM
AVERAGE SKY COVER           0.38
NUMBER OF DAYS FAIR           28
NUMBER OF DAYS PC             22
NUMBER OF DAYS CLOUDY         10

AVERAGE RH (PERCENT)     58

WEATHER CONDITIONS. NUMBER OF DAYS WITH
THUNDERSTORM              6     MIXED PRECIP               0
HEAVY RAIN                5     RAIN                       6
LIGHT RAIN               27     FREEZING RAIN              0
LT FREEZING RAIN          0     HAIL                       0
HEAVY SNOW                0     SNOW                       0
LIGHT SNOW                3     SLEET                      0
FOG                      25     FOG W/VIS <= 1/4 MILE      5
HAZE                     57

-  INDICATES NEGATIVE NUMBERS.
R  INDICATES RECORD WAS SET OR TIED.
MM INDICATES DATA IS MISSING.
T  INDICATES TRACE AMOUNT.

$$
