000
CXUS53 KEAX 012137
CLSMCI

CLIMATE REPORT
NATIONAL WEATHER SERVICE
412 PM CDT WED SEP 01 2021

...................................

...THE KANSAS CITY INTERNATIONAL MO CLIMATE SUMMARY FOR THE SEASON, FROM
6/1/2021 TO 8/31/2021...

CLIMATE NORMAL PERIOD: 1991 TO 2020
CLIMATE RECORD PERIOD: 1888 TO 2021

WEATHER         OBSERVED          NORMAL  DEPART   LAST YEAR`S
                VALUE   DATE(S)   VALUE   FROM     VALUE DATE(S)
                                          NORMAL
................................................................
TEMPERATURE (F)
RECORD
 HIGH            113   08/14/1936
 LOW              37   06/27/2013
HIGHEST           98   08/11         99      -1       94  08/25
                       06/17
                       06/18
                                                          08/26
                                                          08/28
LOWEST            53   06/22         50       3       52  06/11
AVG. MAXIMUM    88.6               86.5     2.1     87.0
AVG. MINIMUM    68.7               66.1     2.6     67.1
MEAN            78.6               76.3     2.3     77.1
DAYS MAX >= 90    39               31.8     7.2       37
DAYS MAX <= 32     0                0.0     0.0        0
DAYS MIN <= 32     0                0.0     0.0        0
DAYS MIN <= 0      0                0.0     0.0        0

PRECIPITATION (INCHES)
RECORD
 MAXIMUM       29.56   1969
 MINIMUM        1.12   1936
TOTALS         15.11              14.07    1.04    14.44
DAILY AVG.      0.17               0.15    0.02     0.16
DAYS >= .01       27               27.6    -0.6       25
DAYS >= .10       19               18.8     0.2       16
DAYS >= .50       11                9.2     1.8        8
DAYS >= 1.00       7                4.6     2.4        6
GREATEST
 24 HR. TOTAL   2.64

SNOWFALL (INCHES)
RECORDS
 TOTAL            MM   MM
TOTALS             T                0.0     0.0      0.0
SINCE 7/1          T                0.0     0.0       MM
DAYS >= TRACE      1                0.0     1.0        0
DAYS >= 1.0        0                0.0     0.0        0
GREATEST
 SNOW DEPTH        0
 24 HR TOTAL      MM

DEGREE DAYS
HEATING TOTAL      0                  9      -9        1
COOLING TOTAL   1279               1054     225     1138
................................................................

WIND (MPH)
AVERAGE WIND SPEED              8.0
HIGHEST WIND SPEED/DIRECTION    39/020    DATE  06/11
HIGHEST GUST SPEED/DIRECTION    57/010    DATE  08/12

SKY COVER
POSSIBLE SUNSHINE (PERCENT)   MM
AVERAGE SKY COVER           0.43
NUMBER OF DAYS FAIR           43
NUMBER OF DAYS PC             33
NUMBER OF DAYS CLOUDY         16

AVERAGE RH (PERCENT)     69

WEATHER CONDITIONS. NUMBER OF DAYS WITH
THUNDERSTORM             21     MIXED PRECIP               0
HEAVY RAIN               13     RAIN                      16
LIGHT RAIN               31     FREEZING RAIN              0
LT FREEZING RAIN          0     HAIL                       1
HEAVY SNOW                0     SNOW                       0
LIGHT SNOW                0     SLEET                      0
FOG                      50     FOG W/VIS <= 1/4 MILE      3
HAZE                     60

-  INDICATES NEGATIVE NUMBERS.
R  INDICATES RECORD WAS SET OR TIED.
MM INDICATES DATA IS MISSING.
T  INDICATES TRACE AMOUNT.

$$
