300
CDUS46 KEKA 140014
CLIUKI

CLIMATE REPORT
NATIONAL WEATHER SERVICE EUREKA CA
514 PM PDT SAT JUL 13 2024

...................................

...THE UKIAH CA CLIMATE SUMMARY FOR JULY 13 2024...
VALID TODAY AS OF 0500 PM LOCAL TIME.

CLIMATE NORMAL PERIOD: 1991 TO 2020
CLIMATE RECORD PERIOD: 1903 TO 2024


WEATHER ITEM   OBSERVED RECORD YEAR NORMAL DEPARTURE LAST
                VALUE   VALUE       VALUE  FROM      YEAR
                                           NORMAL
............................................................
TEMPERATURE (F)
 TODAY
  MAXIMUM        101    110    1972  94      7       97
  MINIMUM         64     39    1903  56      8       57
  AVERAGE         83                 75      8       77

PRECIPITATION (IN)
  TODAY            0.00   T    2018   0.00   0.00     0.00
  MONTH TO DATE    0.00               0.01  -0.01      T
  SINCE OCT 1     38.34              34.61   3.73    39.06
  SINCE JAN 1     27.00              22.37   4.63    26.93

SNOWFALL (IN)
  TODAY           MM     MM          MM     MM       MM
  MONTH TO DATE    T                  0.0    0.0       T
  SINCE JUN 1      0.0               MM     MM        0.0
  SINCE JUL 1      T                  0.0    0.0       T
  SNOW DEPTH      MM

............................................................


WIND (MPH)
  HIGHEST WIND SPEED    15   HIGHEST WIND DIRECTION    SE (140)
  HIGHEST GUST SPEED    21   HIGHEST GUST DIRECTION     S (170)
  AVERAGE WIND SPEED     4.5


SKY COVER
  AVERAGE SKY COVER 0.0


WEATHER CONDITIONS
THE FOLLOWING WEATHER WAS RECORDED TODAY.
  NO SIGNIFICANT WEATHER WAS OBSERVED.


RELATIVE HUMIDITY (PERCENT)
 HIGHEST    67
 LOWEST     23
 AVERAGE    45

..........................................................


THE UKIAH CA CLIMATE NORMALS FOR TOMORROW
                         NORMAL    RECORD    YEAR
 MAXIMUM TEMPERATURE (F)   94       114      1972
 MINIMUM TEMPERATURE (F)   56        41      1918


SUNRISE AND SUNSET
JULY 13 2024..........SUNRISE   5:58 AM PDT   SUNSET   8:39 PM PDT
JULY 14 2024..........SUNRISE   5:59 AM PDT   SUNSET   8:38 PM PDT


-  INDICATES NEGATIVE NUMBERS.
R  INDICATES RECORD WAS SET OR TIED.
MM INDICATES DATA IS MISSING.
T  INDICATES TRACE AMOUNT.




$$