000
CDUS43 KIWX 270555
CLIFWA

CLIMATE REPORT
NATIONAL WEATHER SERVICE NORTHERN INDIANA
155 AM EDT FRI MAY 27 2022

...................................

...THE FORT WAYNE CLIMATE SUMMARY FOR MAY 26 2022...

CLIMATE NORMAL PERIOD 1991 TO 2020
CLIMATE RECORD PERIOD 1897 TO 2022


WEATHER ITEM   OBSERVED TIME   RECORD YEAR NORMAL DEPARTURE LAST
                VALUE   (LST)  VALUE       VALUE  FROM      YEAR
                                                  NORMAL
...................................................................
TEMPERATURE (F)
 YESTERDAY
  MAXIMUM         73   1127 AM  93    1911  75     -2       77
  MINIMUM         63   1156 PM  35    1961  54      9       60
  AVERAGE         68                        65      3       69

PRECIPITATION (IN)
  YESTERDAY        0.10          1.98 1913   0.15  -0.05     1.38
  MONTH TO DATE    3.04                      3.75  -0.71     4.01
  SINCE MAR 1      8.76                     10.30  -1.54     9.65
  SINCE JAN 1     12.53                     14.90  -2.37    13.09

DEGREE DAYS
 HEATING
  YESTERDAY        0                         4     -4        0
  MONTH TO DATE  113                       161    -48      206
  SINCE MAR 1   1340                      1432    -92     1301
  SINCE JUL 1   5585                      5928   -343     5670

 COOLING
  YESTERDAY        3                         3      0        4
  MONTH TO DATE   80                        43     37       74
  SINCE MAR 1     88                        51     37       77
  SINCE JAN 1     88                        51     37       77
...................................................................


WIND (MPH)
  HIGHEST WIND SPEED    25   HIGHEST WIND DIRECTION    SW (230)
  HIGHEST GUST SPEED    35   HIGHEST GUST DIRECTION    SW (210)
  AVERAGE WIND SPEED    10.5


SKY COVER
  AVERAGE SKY COVER 0.9


WEATHER CONDITIONS
THE FOLLOWING WEATHER WAS RECORDED YESTERDAY.
  RAIN
  LIGHT RAIN
  FOG


RELATIVE HUMIDITY (PERCENT)
 HIGHEST    93          1200 AM
 LOWEST     73           500 PM
 AVERAGE    83

..........................................................


THE FORT WAYNE CLIMATE NORMALS FOR TODAY
                         NORMAL    RECORD    YEAR
 MAXIMUM TEMPERATURE (F)   76        96      2012
 MINIMUM TEMPERATURE (F)   54        31      1961


SUNRISE AND SUNSET
MAY 27 2022...........SUNRISE   614 AM EDT   SUNSET   903 PM EDT
MAY 28 2022...........SUNRISE   613 AM EDT   SUNSET   904 PM EDT


-  INDICATES NEGATIVE NUMBERS.
R  INDICATES RECORD WAS SET OR TIED.
MM INDICATES DATA IS MISSING.
T  INDICATES TRACE AMOUNT.




$$
