000
CDUS43 KIWX 150522
CLIFWA


CLIMATE REPORT
NATIONAL WEATHER SERVICE NORTHERN INDIANA
121 AM EDT WED AUG 15 2018


...................................

...THE FORT WAYNE CLIMATE SUMMARY FOR AUGUST 14 2018...

CLIMATE NORMAL PERIOD 1981 TO 2010
CLIMATE RECORD PERIOD 1897 TO 2018


WEATHER ITEM   OBSERVED TIME   RECORD YEAR NORMAL DEPARTURE LAST
                VALUE   (LST)  VALUE       VALUE  FROM      YEAR
                                                  NORMAL
..................................................................
TEMPERATURE (F)
 YESTERDAY
  MAXIMUM         85    401 PM  95    1995  82      3       84
                                      1947
                                      1910
  MINIMUM         63    630 AM  41    1964  61      2       59
  AVERAGE         74                        72      2       72

PRECIPITATION (IN)
  YESTERDAY        0.00          1.80 1985   0.12  -0.12     0.00
  MONTH TO DATE    1.80                      1.70   0.10     0.32
  SINCE JUN 1     10.87                     10.10   0.77    11.99
  SINCE JAN 1     24.89                     24.90  -0.01    35.44

DEGREE DAYS
 HEATING
  YESTERDAY        0                         0      0        0
  MONTH TO DATE    0                         0      0        1
  SINCE JUN 1      1                        32    -31        7
  SINCE JUL 1      0                         3     -3        1

 COOLING
  YESTERDAY        9                         7      2        7
  MONTH TO DATE  142                       103     39       56
  SINCE JUN 1    686                       552    134      544
  SINCE JAN 1    830                       609    221      608
..................................................................


WIND (MPH)
  HIGHEST WIND SPEED    14   HIGHEST WIND DIRECTION     W (260)
  HIGHEST GUST SPEED    18   HIGHEST GUST DIRECTION     W (260)
  AVERAGE WIND SPEED     4.8


SKY COVER
  AVERAGE SKY COVER 0.4


WEATHER CONDITIONS
 THE FOLLOWING WEATHER WAS RECORDED YESTERDAY.
  FOG


RELATIVE HUMIDITY (PERCENT)
 HIGHEST   100           400 AM
 LOWEST     61           300 PM
 AVERAGE    81

..........................................................


THE FORT WAYNE CLIMATE NORMALS FOR TODAY
                         NORMAL    RECORD    YEAR
 MAXIMUM TEMPERATURE (F)   82        95      1965
 MINIMUM TEMPERATURE (F)   61        43      2014
                                             1962


SUNRISE AND SUNSET
AUGUST 15 2018........SUNRISE   651 AM EDT   SUNSET   839 PM EDT
AUGUST 16 2018........SUNRISE   652 AM EDT   SUNSET   838 PM EDT


-  INDICATES NEGATIVE NUMBERS.
R  INDICATES RECORD WAS SET OR TIED.
MM INDICATES DATA IS MISSING.
T  INDICATES TRACE AMOUNT.




$$
