990
CDUS43 KIWX 182145
CLIFWA

CLIMATE REPORT
NATIONAL WEATHER SERVICE NORTHERN INDIANA
545 PM EDT SUN APR 18 2021

...................................

...THE FORT WAYNE CLIMATE SUMMARY FOR APRIL 18 2021...
VALID AS OF 0400 PM LOCAL TIME.

CLIMATE NORMAL PERIOD 1981 TO 2010
CLIMATE RECORD PERIOD 1897 TO 2021


WEATHER ITEM   OBSERVED TIME   RECORD YEAR NORMAL DEPARTURE LAST
                VALUE   (LST)  VALUE       VALUE  FROM      YEAR
                                                  NORMAL
...................................................................
TEMPERATURE (F)
 TODAY
  MAXIMUM         60    337 PM  87    2002  62     -2       55
  MINIMUM         31    618 AM  23    1990  40     -9       28
  AVERAGE         46                        51     -5       42

PRECIPITATION (IN)
  TODAY            0.00          2.32 2013   0.12  -0.12     0.00
  MONTH TO DATE    1.08                      2.16  -1.08     1.62
  SINCE MAR 1      3.77                      4.87  -1.10     4.85
  SINCE JAN 1      7.21                      9.17  -1.96    10.96

SNOWFALL (IN)
  TODAY            0.0           0.3  1956   0.1   -0.1      0.0
  MONTH TO DATE    T                         0.9   -0.9      1.5
  SINCE MAR 1      0.1                       5.0   -4.9      3.4
  SINCE JUL 1     31.0                      33.4   -2.4     26.5
  SNOW DEPTH       0

DEGREE DAYS
 HEATING
  TODAY           19                        14      5       23
  MONTH TO DATE  250                       313    -63      353
  SINCE MAR 1    902                      1139   -237     1073
  SINCE JUL 1   5271                      5737   -466     5280

 COOLING
  TODAY            0                         0      0        0
  MONTH TO DATE    2                         0      2        0
  SINCE MAR 1      2                         0      2        0
  SINCE JAN 1      2                         0      2        0
...................................................................


WIND (MPH)
  HIGHEST WIND SPEED    12   HIGHEST WIND DIRECTION     W (280)
  HIGHEST GUST SPEED    17   HIGHEST GUST DIRECTION     W (280)
  AVERAGE WIND SPEED     6.2


SKY COVER
  POSSIBLE SUNSHINE  MM
  AVERAGE SKY COVER 0.6


WEATHER CONDITIONS
THE FOLLOWING WEATHER WAS RECORDED TODAY.
  NO SIGNIFICANT WEATHER WAS OBSERVED.


RELATIVE HUMIDITY (PERCENT)
 HIGHEST    82           100 AM
 LOWEST     36           400 PM
 AVERAGE    59

..........................................................


THE FORT WAYNE CLIMATE NORMALS FOR TOMORROW
                         NORMAL    RECORD    YEAR
 MAXIMUM TEMPERATURE (F)   63        86      1985
 MINIMUM TEMPERATURE (F)   40        21      1983


SUNRISE AND SUNSET
APRIL 18 2021.........SUNRISE   657 AM EDT   SUNSET   824 PM EDT
APRIL 19 2021.........SUNRISE   655 AM EDT   SUNSET   825 PM EDT


-  INDICATES NEGATIVE NUMBERS.
R  INDICATES RECORD WAS SET OR TIED.
MM INDICATES DATA IS MISSING.
T  INDICATES TRACE AMOUNT.




$$
