000
CDUS43 KIWX 160029
CLIFWA


CLIMATE REPORT
NATIONAL WEATHER SERVICE NORTHERN INDIANA
829 PM EDT SAT JUN 15 2019


...................................

...THE FORT WAYNE CLIMATE SUMMARY FOR JUNE 15 2019...
VALID AS OF 0800 PM LOCAL TIME.

CLIMATE NORMAL PERIOD 1981 TO 2010
CLIMATE RECORD PERIOD 1897 TO 2019


WEATHER ITEM   OBSERVED TIME   RECORD YEAR NORMAL DEPARTURE LAST
                VALUE   (LST)  VALUE       VALUE  FROM      YEAR
                                                  NORMAL
..................................................................
TEMPERATURE (F)
 TODAY
  MAXIMUM         70    659 PM  96    1988  81    -11       87
  MINIMUM         64    345 AM  43    1909  60      4       61
  AVERAGE         67                        70     -3       74

PRECIPITATION (IN)
  TODAY            0.13          2.73 2015   0.13   0.00     0.00
  MONTH TO DATE    0.98                      2.23  -1.25     1.32
  SINCE JUN 1      0.98                      2.23  -1.25     1.32
  SINCE JAN 1     18.85                     17.03   1.82    15.34

SNOWFALL (IN)
  TODAY            0.0           T    2016   0.0    0.0      0.0
  MONTH TO DATE    0.0                       0.0    0.0      0.0
  SINCE JUN 1      0.0                       0.0    0.0      0.0
  SINCE JUL 1     24.7                      33.5   -8.8     32.7
  SNOW DEPTH       0

DEGREE DAYS
 HEATING
  TODAY            0                         1     -1        0
  MONTH TO DATE   18                        24     -6        1
  SINCE JUN 1     18                        24     -6        1
  SINCE JUL 1   5865                      6096   -231     5870

 COOLING
  TODAY            2                         6     -4        9
  MONTH TO DATE   48                        69    -21       93
  SINCE JUN 1     48                        69    -21       93
  SINCE JAN 1    116                       126    -10      237
..................................................................


WIND (MPH)
  RESULTANT WIND SPEED  12   RESULTANT WIND DIRECTION  SW (210)
  HIGHEST WIND SPEED    28   HIGHEST WIND DIRECTION     W (250)
  HIGHEST GUST SPEED    40   HIGHEST GUST DIRECTION    SW (240)
  AVERAGE WIND SPEED    12.1


SKY COVER
  POSSIBLE SUNSHINE  MM
  AVERAGE SKY COVER 0.9


WEATHER CONDITIONS
 THE FOLLOWING WEATHER WAS RECORDED TODAY.
  LIGHT RAIN
  FOG


RELATIVE HUMIDITY (PERCENT)
 HIGHEST    93           200 PM
 LOWEST     63           200 AM
 AVERAGE    78

..........................................................


THE FORT WAYNE CLIMATE NORMALS FOR TOMORROW
                         NORMAL    RECORD    YEAR
 MAXIMUM TEMPERATURE (F)   81        96      1994
 MINIMUM TEMPERATURE (F)   60        40      1917


SUNRISE AND SUNSET
JUNE 15 2019..........SUNRISE   608 AM EDT   SUNSET   915 PM EDT
JUNE 16 2019..........SUNRISE   608 AM EDT   SUNSET   915 PM EDT


-  INDICATES NEGATIVE NUMBERS.
R  INDICATES RECORD WAS SET OR TIED.
MM INDICATES DATA IS MISSING.
T  INDICATES TRACE AMOUNT.




$$
