000
CDUS43 KIWX 100548
CLIFWA


CLIMATE REPORT
NATIONAL WEATHER SERVICE NORTHERN INDIANA
1248 AM EST MON DEC 10 2018


...................................

...THE FORT WAYNE CLIMATE SUMMARY FOR DECEMBER 9 2018...

CLIMATE NORMAL PERIOD 1981 TO 2010
CLIMATE RECORD PERIOD 1897 TO 2018


WEATHER ITEM   OBSERVED TIME   RECORD YEAR NORMAL DEPARTURE LAST
                VALUE   (LST)  VALUE       VALUE  FROM      YEAR
                                                  NORMAL
..................................................................
TEMPERATURE (F)
 YESTERDAY
  MAXIMUM         37    357 PM  64    1952  38     -1       31
  MINIMUM         16    805 AM  -9    1958  24     -8       21
  AVERAGE         27                        31     -4       26

PRECIPITATION (IN)
  YESTERDAY        0.00          0.82 2008   0.09  -0.09     0.07
  MONTH TO DATE    0.85                      0.84   0.01     0.16
  SINCE DEC 1      0.85                      0.84   0.01     0.16
  SINCE JAN 1     40.68                     36.41   4.27    47.84

SNOWFALL (IN)
  YESTERDAY        0.0           3.7  1914   0.2   -0.2      1.2
  MONTH TO DATE    0.1                       1.8   -1.7      1.3
  SINCE DEC 1      0.1                       1.8   -1.7      1.3
  SINCE JUL 1      2.2                       3.9   -1.7      1.3
  SNOW DEPTH       0

DEGREE DAYS
 HEATING
  YESTERDAY       38                        34      4       39
  MONTH TO DATE  283                       292     -9      261
  SINCE DEC 1    283                       292     -9      261
  SINCE JUL 1   1570                      1509     61     1314

 COOLING
  YESTERDAY        0                         0      0        0
  MONTH TO DATE    0                         0      0        0
  SINCE DEC 1      0                         0      0        0
  SINCE JAN 1   1218                       809    409      836
..................................................................


WIND (MPH)
  HIGHEST WIND SPEED    12   HIGHEST WIND DIRECTION    NE (50)
  HIGHEST GUST SPEED    16   HIGHEST GUST DIRECTION    NE (40)
  AVERAGE WIND SPEED     5.2


SKY COVER
  AVERAGE SKY COVER 0.2


WEATHER CONDITIONS
 THE FOLLOWING WEATHER WAS RECORDED YESTERDAY.
  FOG
  HAZE


RELATIVE HUMIDITY (PERCENT)
 HIGHEST    88          1000 PM
 LOWEST     52           300 PM
 AVERAGE    70

..........................................................


THE FORT WAYNE CLIMATE NORMALS FOR TODAY
                         NORMAL    RECORD    YEAR
 MAXIMUM TEMPERATURE (F)   38        66      1971
 MINIMUM TEMPERATURE (F)   24       -12      1958


SUNRISE AND SUNSET
DECEMBER 10 2018......SUNRISE   755 AM EST   SUNSET   512 PM EST
DECEMBER 11 2018......SUNRISE   756 AM EST   SUNSET   513 PM EST


-  INDICATES NEGATIVE NUMBERS.
R  INDICATES RECORD WAS SET OR TIED.
MM INDICATES DATA IS MISSING.
T  INDICATES TRACE AMOUNT.




$$
