745
CDUS43 KIWX 210531
CLIFWA

CLIMATE REPORT
NATIONAL WEATHER SERVICE NORTHERN INDIANA
131 AM EDT SUN JUL 21 2024

...................................

...THE FORT WAYNE CLIMATE SUMMARY FOR JULY 20 2024...

CLIMATE NORMAL PERIOD 1991 TO 2020
CLIMATE RECORD PERIOD 1897 TO 2024


WEATHER ITEM   OBSERVED TIME   RECORD YEAR NORMAL DEPARTURE LAST
                VALUE   (LST)  VALUE       VALUE  FROM      YEAR
                                                  NORMAL
...................................................................
TEMPERATURE (F)
 YESTERDAY
  MAXIMUM         81    228 PM 102    1934  84     -3       86
  MINIMUM         55    535 AM  47    1941  64     -9       64
  AVERAGE         68                        74     -6       75

PRECIPITATION (IN)
  YESTERDAY        0.00          1.66 2023   0.13  -0.13     1.66
  MONTH TO DATE    2.12                      2.68  -0.56     4.41
  SINCE JUN 1      4.75                      7.16  -2.41     5.80
  SINCE JAN 1     25.59                     22.89   2.70    23.59

DEGREE DAYS
 HEATING
  YESTERDAY        0                         0      0        0
  MONTH TO DATE    0                         0      0        0
  SINCE JUN 1      5                        24    -19       26
  SINCE JUL 1      0                         0      0        0

 COOLING
  YESTERDAY        3                         9     -6       10
  MONTH TO DATE  152                       180    -28      177
  SINCE JUN 1    418                       374     44      331
  SINCE JAN 1    520                       444     76      388
...................................................................


WIND (MPH)
  HIGHEST WIND SPEED     9   HIGHEST WIND DIRECTION     N (10)
  HIGHEST GUST SPEED    14   HIGHEST GUST DIRECTION    NW (300)
  AVERAGE WIND SPEED     1.6


SKY COVER
  AVERAGE SKY COVER 0.5


WEATHER CONDITIONS
THE FOLLOWING WEATHER WAS RECORDED YESTERDAY.
  FOG


RELATIVE HUMIDITY (PERCENT)
 HIGHEST    93           200 AM
 LOWEST     42           400 PM
 AVERAGE    68

..........................................................


THE FORT WAYNE CLIMATE NORMALS FOR TODAY
                         NORMAL    RECORD    YEAR
 MAXIMUM TEMPERATURE (F)   84       104      1934
 MINIMUM TEMPERATURE (F)   63        44      1944


SUNRISE AND SUNSET
JULY 21 2024..........SUNRISE   627 AM EDT   SUNSET   907 PM EDT
JULY 22 2024..........SUNRISE   628 AM EDT   SUNSET   906 PM EDT


-  INDICATES NEGATIVE NUMBERS.
R  INDICATES RECORD WAS SET OR TIED.
MM INDICATES DATA IS MISSING.
T  INDICATES TRACE AMOUNT.




$$