000
CDUS43 KIWX 270555
CLISBN

CLIMATE REPORT
NATIONAL WEATHER SERVICE NORTHERN INDIANA
155 AM EDT FRI MAY 27 2022

...................................

...THE SOUTH BEND CLIMATE SUMMARY FOR MAY 26 2022...

CLIMATE NORMAL PERIOD 1991 TO 2020
CLIMATE RECORD PERIOD 1893 TO 2022


WEATHER ITEM   OBSERVED TIME   RECORD YEAR NORMAL DEPARTURE LAST
                VALUE   (LST)  VALUE       VALUE  FROM      YEAR
                                                  NORMAL
...................................................................
TEMPERATURE (F)
 YESTERDAY
  MAXIMUM         75    606 PM  91    1914  73      2       79
  MINIMUM         65   1102 PM  33    1961  52     13       56
  AVERAGE         70                        62      8       68

PRECIPITATION (IN)
  YESTERDAY        T             2.13 1913   0.14  -0.14     0.28
  MONTH TO DATE    3.05                      3.52  -0.47     1.91
  SINCE MAR 1      9.90                      9.36   0.54     6.51
  SINCE JAN 1     13.99                     14.33  -0.34     9.91

DEGREE DAYS
 HEATING
  YESTERDAY        0                         5     -5        0
  MONTH TO DATE  142                       210    -68      224
  SINCE MAR 1   1469                      1603   -134     1355
  SINCE JUL 1   5757                      6337   -580     5750

 COOLING
  YESTERDAY        5                         2      3        3
  MONTH TO DATE   71                        32     39       83
  SINCE MAR 1     77                        40     37       94
  SINCE JAN 1     77                        40     37       94
...................................................................


WIND (MPH)
  HIGHEST WIND SPEED    21   HIGHEST WIND DIRECTION    SW (210)
  HIGHEST GUST SPEED    31   HIGHEST GUST DIRECTION    SW (220)
  AVERAGE WIND SPEED    10.4


SKY COVER
  AVERAGE SKY COVER 0.5


WEATHER CONDITIONS
THE FOLLOWING WEATHER WAS RECORDED YESTERDAY.
  LIGHT RAIN


RELATIVE HUMIDITY (PERCENT)
 HIGHEST    87          1100 PM
 LOWEST     62           500 PM
 AVERAGE    75

..........................................................


THE SOUTH BEND CLIMATE NORMALS FOR TODAY
                         NORMAL    RECORD    YEAR
 MAXIMUM TEMPERATURE (F)   74        97      2012
 MINIMUM TEMPERATURE (F)   52        30      1961


SUNRISE AND SUNSET
MAY 27 2022...........SUNRISE   616 AM EDT   SUNSET   909 PM EDT
MAY 28 2022...........SUNRISE   615 AM EDT   SUNSET   910 PM EDT


-  INDICATES NEGATIVE NUMBERS.
R  INDICATES RECORD WAS SET OR TIED.
MM INDICATES DATA IS MISSING.
T  INDICATES TRACE AMOUNT.




$$
