000
CDUS43 KIWX 270036
CLISBN


CLIMATE REPORT
NATIONAL WEATHER SERVICE NORTHERN INDIANA
834 PM EDT WED JUN 26 2019


...................................

...THE SOUTH BEND CLIMATE SUMMARY FOR JUNE 26 2019...
VALID AS OF 0800 PM LOCAL TIME.

CLIMATE NORMAL PERIOD 1981 TO 2010
CLIMATE RECORD PERIOD 1893 TO 2019


WEATHER ITEM   OBSERVED TIME   RECORD YEAR NORMAL DEPARTURE LAST
                VALUE   (LST)  VALUE       VALUE  FROM      YEAR
                                                  NORMAL
..................................................................
TEMPERATURE (F)
 TODAY
  MAXIMUM         87    643 PM  96    1983  82      5       78
                                      1933
  MINIMUM         64    517 AM  46    1902  62      2       62
  AVERAGE         76                        72      4       70

PRECIPITATION (IN)
  TODAY            0.00          1.87 1994   0.12  -0.12      T
  MONTH TO DATE    4.55                      3.34   1.21     4.02
  SINCE JUN 1      4.55                      3.34   1.21     4.02
  SINCE JAN 1     23.48                     17.06   6.42    27.14

SNOWFALL (IN)
  TODAY            0.0           0.0  2002   0.0    0.0      0.0
                                      2001
                                      2000
  MONTH TO DATE    0.0                       0.0    0.0      0.0
  SINCE JUN 1      0.0                       0.0    0.0      0.0
  SINCE JUL 1     45.7                      66.6  -20.9     93.1
  SNOW DEPTH       0

DEGREE DAYS
 HEATING
  TODAY            0                         1     -1        0
  MONTH TO DATE   40                        43     -3        9
  SINCE JUN 1     40                        43     -3        9
  SINCE JUL 1   6623                      6297    326     6478

 COOLING
  TODAY           11                         7      4        5
  MONTH TO DATE   77                       133    -56      126
  SINCE JUN 1     77                       133    -56      126
  SINCE JAN 1     94                       189    -95      236
..................................................................


WIND (MPH)
  RESULTANT WIND SPEED   4   RESULTANT WIND DIRECTION  SW (210)
  HIGHEST WIND SPEED    10   HIGHEST WIND DIRECTION    SW (220)
  HIGHEST GUST SPEED    17   HIGHEST GUST DIRECTION    SW (220)
  AVERAGE WIND SPEED     4.7


SKY COVER
  POSSIBLE SUNSHINE  MM
  AVERAGE SKY COVER 0.0


WEATHER CONDITIONS
 THE FOLLOWING WEATHER WAS RECORDED TODAY.
  NO SIGNIFICANT WEATHER WAS OBSERVED.


RELATIVE HUMIDITY (PERCENT)
 HIGHEST    93           500 AM
 LOWEST     44           200 PM
 AVERAGE    69

..........................................................


THE SOUTH BEND CLIMATE NORMALS FOR TOMORROW
                         NORMAL    RECORD    YEAR
 MAXIMUM TEMPERATURE (F)   82       102      1933
 MINIMUM TEMPERATURE (F)   62        41      1905


SUNRISE AND SUNSET
JUNE 26 2019..........SUNRISE   612 AM EDT   SUNSET   924 PM EDT
JUNE 27 2019..........SUNRISE   613 AM EDT   SUNSET   924 PM EDT


-  INDICATES NEGATIVE NUMBERS.
R  INDICATES RECORD WAS SET OR TIED.
MM INDICATES DATA IS MISSING.
T  INDICATES TRACE AMOUNT.




$$
