000
CDUS43 KIWX 230524
CLISBN


CLIMATE REPORT
NATIONAL WEATHER SERVICE NORTHERN INDIANA
124 AM EDT MON APR 23 2018


...................................

...THE SOUTH BEND CLIMATE SUMMARY FOR APRIL 22 2018...

CLIMATE NORMAL PERIOD 1981 TO 2010
CLIMATE RECORD PERIOD 1893 TO 2018


WEATHER ITEM   OBSERVED TIME   RECORD YEAR NORMAL DEPARTURE LAST
                VALUE   (LST)  VALUE       VALUE  FROM      YEAR
                                                  NORMAL
..................................................................
TEMPERATURE (F)
 YESTERDAY
  MAXIMUM         64    417 PM  89    1980  62      2       62
  MINIMUM         37    216 AM  20    1936  41     -4       35
  AVERAGE         51                        52     -1       49

PRECIPITATION (IN)
  YESTERDAY        0.00          1.75 1999   0.10  -0.10     0.00
  MONTH TO DATE    2.92                      2.33   0.59     2.02
  SINCE MAR 1      4.70                      4.75  -0.05     6.25
  SINCE JAN 1     14.71                      8.99   5.72    13.24

SNOWFALL (IN)
  YESTERDAY        0.0           0.5  1927   0.0    0.0      0.0
  MONTH TO DATE    1.5                       1.3    0.2      0.6
  SINCE MAR 1      9.1                       8.4    0.7      8.5
  SINCE JUL 1     93.1                      66.5   26.6     42.2
  SNOW DEPTH       0

DEGREE DAYS
 HEATING
  YESTERDAY       14                        14      0       16
  MONTH TO DATE  609                       389    220      312
  SINCE MAR 1   1556                      1244    312     1174
  SINCE JUL 1   6249                      5933    316     5151

 COOLING
  YESTERDAY        0                         0      0        0
  MONTH TO DATE    0                         0      0        4
  SINCE MAR 1      0                         1     -1        4
  SINCE JAN 1      0                         1     -1        4
..................................................................


WIND (MPH)
  HIGHEST WIND SPEED    21   HIGHEST WIND DIRECTION    SE (120)
  HIGHEST GUST SPEED    24   HIGHEST GUST DIRECTION     E (110)
  AVERAGE WIND SPEED     9.2


SKY COVER
  AVERAGE SKY COVER 0.2


WEATHER CONDITIONS
 THE FOLLOWING WEATHER WAS RECORDED YESTERDAY.
  NO SIGNIFICANT WEATHER WAS OBSERVED.


RELATIVE HUMIDITY (PERCENT)
 HIGHEST    64           200 AM
 LOWEST     19           300 PM
 AVERAGE    42

..........................................................


THE SOUTH BEND CLIMATE NORMALS FOR TODAY
                         NORMAL    RECORD    YEAR
 MAXIMUM TEMPERATURE (F)   63        86      1960
                                             1925
 MINIMUM TEMPERATURE (F)   41        20      1936


SUNRISE AND SUNSET
APRIL 23 2018.........SUNRISE   653 AM EDT   SUNSET   835 PM EDT
APRIL 24 2018.........SUNRISE   652 AM EDT   SUNSET   836 PM EDT


-  INDICATES NEGATIVE NUMBERS.
R  INDICATES RECORD WAS SET OR TIED.
MM INDICATES DATA IS MISSING.
T  INDICATES TRACE AMOUNT.




$$
