000
CDUS43 KIWX 180025
CLISBN


CLIMATE REPORT
NATIONAL WEATHER SERVICE NORTHERN INDIANA
724 PM EST SUN FEB 17 2019


...................................

...THE SOUTH BEND CLIMATE SUMMARY FOR FEBRUARY 17 2019...
VALID AS OF 0700 PM LOCAL TIME.

CLIMATE NORMAL PERIOD 1981 TO 2010
CLIMATE RECORD PERIOD 1893 TO 2019


WEATHER ITEM   OBSERVED TIME   RECORD YEAR NORMAL DEPARTURE LAST
                VALUE   (LST)  VALUE       VALUE  FROM      YEAR
                                                  NORMAL
..................................................................
TEMPERATURE (F)
 TODAY
  MAXIMUM         28    141 PM  64    2017  36     -8       33
  MINIMUM         23    630 AM  -8    1903  21      2       14
  AVERAGE         26                        28     -2       24

PRECIPITATION (IN)
  TODAY            0.04          0.60 2008   0.07  -0.03     0.10
  MONTH TO DATE    1.82                      1.11   0.71     2.34
  SINCE DEC 1      6.35                      6.01   0.34     5.63
  SINCE JAN 1      3.60                      3.40   0.20     4.27

SNOWFALL (IN)
  TODAY            0.6           4.4  2014   0.6    0.0      1.8
  MONTH TO DATE    6.2                       9.9   -3.7     29.6
  SINCE DEC 1     30.9                      47.8  -16.9     84.0
  SINCE JUL 1     43.0                      53.0  -10.0     84.0
  SNOW DEPTH       T

DEGREE DAYS
 HEATING
  TODAY           39                        37      2       41
  MONTH TO DATE  639                       658    -19      754
  SINCE DEC 1   2988                      3037    -49     3246
  SINCE JUL 1   4436                      4306    130     4429

 COOLING
  TODAY            0                         0      0        0
  MONTH TO DATE    0                         0      0        0
  SINCE DEC 1      0                         0      0        0
  SINCE JAN 1      0                         0      0        0
..................................................................


WIND (MPH)
  RESULTANT WIND SPEED  11   RESULTANT WIND DIRECTION   E (100)
  HIGHEST WIND SPEED    20   HIGHEST WIND DIRECTION     E (110)
  HIGHEST GUST SPEED    27   HIGHEST GUST DIRECTION     E (110)
  AVERAGE WIND SPEED    11.5


SKY COVER
  POSSIBLE SUNSHINE  MM
  AVERAGE SKY COVER 1.0


WEATHER CONDITIONS
 THE FOLLOWING WEATHER WAS RECORDED TODAY.
  SNOW
  LIGHT SNOW
  FOG
  FOG W/VISIBILITY <= 1/4 MILE
  HAZE


RELATIVE HUMIDITY (PERCENT)
 HIGHEST    88           300 PM
 LOWEST     74          1200 AM
 AVERAGE    81

..........................................................


THE SOUTH BEND CLIMATE NORMALS FOR TOMORROW
                         NORMAL    RECORD    YEAR
 MAXIMUM TEMPERATURE (F)   36        66      2017
 MINIMUM TEMPERATURE (F)   21       -15      1936


SUNRISE AND SUNSET
FEBRUARY 17 2019......SUNRISE   738 AM EST   SUNSET   621 PM EST
FEBRUARY 18 2019......SUNRISE   737 AM EST   SUNSET   622 PM EST


-  INDICATES NEGATIVE NUMBERS.
R  INDICATES RECORD WAS SET OR TIED.
MM INDICATES DATA IS MISSING.
T  INDICATES TRACE AMOUNT.




$$
