000
CDUS43 KIWX 232029
CLISBN


CLIMATE REPORT
NATIONAL WEATHER SERVICE NORTHERN INDIANA
428 PM EDT SUN SEP 23 2018


...................................

...THE SOUTH BEND CLIMATE SUMMARY FOR SEPTEMBER 23 2018...
VALID TODAY AS OF 0400 PM LOCAL TIME.

CLIMATE NORMAL PERIOD 1981 TO 2010
CLIMATE RECORD PERIOD 1893 TO 2018


WEATHER ITEM   OBSERVED TIME   RECORD YEAR NORMAL DEPARTURE LAST
                VALUE   (LST)  VALUE       VALUE  FROM      YEAR
                                                  NORMAL
..................................................................
TEMPERATURE (F)
 TODAY
  MAXIMUM         71    259 PM  95    1922  71      0       91
  MINIMUM         45    444 AM  30    1896  51     -6       64
  AVERAGE         58                        61     -3       78

PRECIPITATION (IN)
  TODAY            0.00          1.27 1946   0.12  -0.12     0.00
  MONTH TO DATE    2.30                      2.72  -0.42     1.99
  SINCE SEP 1      2.30                      2.72  -0.42     1.99
  SINCE JAN 1     38.96                     27.99  10.97    29.58

DEGREE DAYS
 HEATING
  TODAY            7                         6      1        0
  MONTH TO DATE   30                        66    -36       67
  SINCE SEP 1     30                        66    -36       67
  SINCE JUL 1     32                        84    -52       88

 COOLING
  TODAY            0                         1     -1       13
  MONTH TO DATE  142                        73     69       84
  SINCE SEP 1    142                        73     69       84
  SINCE JAN 1    912                       755    157      636
..................................................................


WIND (MPH)
  HIGHEST WIND SPEED    13   HIGHEST WIND DIRECTION     E (110)
  HIGHEST GUST SPEED    16   HIGHEST GUST DIRECTION    SE (130)
  AVERAGE WIND SPEED     4.5


SKY COVER
  POSSIBLE SUNSHINE  MM
  AVERAGE SKY COVER 0.0


WEATHER CONDITIONS
 THE FOLLOWING WEATHER WAS RECORDED TODAY.
  FOG


RELATIVE HUMIDITY (PERCENT)
 HIGHEST   100           400 AM
 LOWEST     49           200 PM
 AVERAGE    75

..........................................................


THE SOUTH BEND CLIMATE NORMALS FOR TOMORROW
                         NORMAL    RECORD    YEAR
 MAXIMUM TEMPERATURE (F)   71        94      1922
 MINIMUM TEMPERATURE (F)   50        30      1928


SUNRISE AND SUNSET
SEPTEMBER 23 2018.....SUNRISE   734 AM EDT   SUNSET   741 PM EDT
SEPTEMBER 24 2018.....SUNRISE   735 AM EDT   SUNSET   739 PM EDT


-  INDICATES NEGATIVE NUMBERS.
R  INDICATES RECORD WAS SET OR TIED.
MM INDICATES DATA IS MISSING.
T  INDICATES TRACE AMOUNT.




$$
