000
CXUS53 KIWX 011614
CLMSBN

CLIMATE REPORT
NATIONAL WEATHER SERVICE NORTHERN INDIANA
1147 AM EDT SAT SEP 1 2018

...................................

...THE SOUTH BEND CLIMATE SUMMARY FOR THE MONTH OF AUGUST 2018...

CLIMATE NORMAL PERIOD 1981 TO 2010
CLIMATE RECORD PERIOD 1893 TO 2018

WEATHER         OBSERVED          NORMAL  DEPART  LAST YEAR`S
                 VALUE   DATE(S)  VALUE   FROM    VALUE  DATE(S)
                                          NORMAL
................................................................
TEMPERATURE (F)
RECORD
 HIGH             105   08/09/1934
 LOW               40   08/29/1965
                        08/02/1927
                        08/31/1911
HIGHEST            91   08/05        MM      MM       88  08/16
LOWEST             51   08/30        MM      MM       45  08/25
AVG. MAXIMUM     82.0              80.9     1.1     78.6
AVG. MINIMUM     63.7              61.7     2.0     57.4
MEAN             72.8              71.3     1.5
DAYS MAX >= 90      2               2.1    -0.1        0
DAYS MAX <= 32      0               0.0     0.0        0
DAYS MIN <= 32      0               0.0     0.0        0
DAYS MIN <= 0       0               0.0     0.0        0

PRECIPITATION (INCHES)
RECORD
 MAXIMUM        12.81   2016
 MINIMUM         0.32   1950
TOTALS           5.44              3.76    1.68     2.19
DAILY AVG.       0.18              0.12    0.06     0.07
DAYS >= .01        14               9.9     4.1        7
DAYS >= .10         9               6.3     2.7        5
DAYS >= .50         4               2.8     1.2        2
DAYS >= 1.00        1               1.0     0.0        0
GREATEST
 24 HR. TOTAL    1.94   08/06 TO 08/06

SNOWFALL (INCHES)
RECORDS
 TOTAL            0.0   MM
TOTALS            0.0               0.0     0.0      0.0
SINCE 7/1         0.0               0.0     0.0      0.0
SNOWDEPTH AVG.      0                MM      MM        0
DAYS >= 1.0         0               0.0     0.0        0
GREATEST
 SNOW DEPTH         0   MM
 24 HR TOTAL      0.0   08/31 TO 08/31

DEGREE_DAYS
HEATING TOTAL       2                13     -11       20
 SINCE 7/1          2                18     -16       21
COOLING TOTAL     250               208      42      119
 SINCE 1/1        770               682      88      552
.................................................................

WIND (MPH)
AVERAGE WIND SPEED              6.9
HIGHEST WIND SPEED/DIRECTION    37/040    DATE  08/06
HIGHEST GUST SPEED/DIRECTION    60/030    DATE  08/06

SKY COVER
POSSIBLE SUNSHINE (PERCENT)   MM
AVERAGE SKY COVER           0.30
NUMBER OF DAYS FAIR           19
NUMBER OF DAYS PC             10
NUMBER OF DAYS CLOUDY          2

AVERAGE RH (PERCENT)     77

WEATHER CONDITIONS. NUMBER OF DAYS WITH
  0
 10
  0
  0
  0
  0
  3
HAZE                      5

-  INDICATES NEGATIVE NUMBERS.
R  INDICATES RECORD WAS SET OR TIED.
MM INDICATES DATA IS MISSING.
T  INDICATES TRACE AMOUNT.

&&

...ABOVE NORMAL TEMPERATURES AND ABOVE NORMAL PRECIPITATION FOR THE
MONTH...

THE AVERAGE TEMPERATURE WAS ABOVE NORMAL FOR THE MONTH. MUCH OF THE
FIRST HALF OF THE MONTH FEATURED ABOVE NORMAL TEMPERATURES WITH HIGH
HUMIDITY. A PERIOD OF BELOW NORMAL TEMPERATURES WAS EXPERIENCED
DURING THE MIDDLE PORTIONS OF THE MONTH HOWEVER. PRECIPITATION WAS
ABOVE NORMAL FOR MUCH OF NORTHERN INDIANA INCLUDING THE SOUTH BEND
INTERNATIONAL AIRPORT, ALTHOUGH SLIGHTLY BELOW NORMAL PRECIPITATION
WAS OBSERVED JUST TO THE NORTH ACROSS PORTIONS OF SOUTH CENTRAL
LOWER MICHIGAN.

THE AVERAGE MONTHLY TEMPERATURE WAS 72.8, OR 1.5 DEGREES ABOVE
NORMAL. THIS RANKED AS THE 35TH WARMEST AUGUST ON RECORD.
HIGH TEMPERATURES REACHED 90 OR ABOVE FOR ONLY 2 DAYS ON THE 4TH
AND 5TH. THE HIGHEST TEMPERATURE WAS 91 ON THE 5TH. DESPITE THE
ABOVE NORMAL TEMPERATURES FOR THE MONTH, A RELATIVELY COOL PERIOD
WAS EXPERIENCED FROM THE 20TH TO 25TH WITH HIGH TEMPERATURES IN THE
MIDDLE AND UPPER 70S.

PRECIPITATION FOR THE MONTH WAS 5.44 INCHES, 1.68 INCHES ABOVE
NORMAL. THIS RANKED AS THE 20TH WETTEST AUGUST ON RECORD.
MEASUREABLE PRECIPITATION FELL ON 14 DAYS AND OVER HALF OF THE
MONTHLY PRECIPITATION FELL WITHIN THE FIRST 7 DAYS OF THE MONTH. THE
GREATEST DAILY PRECIPITATION TOTAL OF 1.94 OCCURRED ON THE 6TH.

$$
