000
CXUS53 KLMK 210800
CF6BWG
PRELIMINARY LOCAL CLIMATOLOGICAL DATA (WS FORM: F-6)

                                          STATION:   BOWLING GREEN KY
                                          MONTH:     SEPTEMBER
                                          YEAR:      2019
                                          LATITUDE:   36 58 N
                                          LONGITUDE:  86 26 W

  TEMPERATURE IN F:       :PCPN:    SNOW:  WIND      :SUNSHINE: SKY     :PK WND
================================================================================
1   2   3   4   5  6A  6B    7    8   9   10  11  12  13   14  15   16   17  18
                                     12Z  AVG MX 2MIN
DY MAX MIN AVG DEP HDD CDD  WTR  SNW DPTH SPD SPD DIR MIN PSBL S-S WX    SPD DR
================================================================================

 1  91  66  79   4   0  14 0.00  0.0    0  4.5 16 200   M    M   1 1      23 240
 2  91  67  79   4   0  14 0.00  0.0    0  2.4  9 320   M    M   1 1      14 350
 3  92  66  79   4   0  14 0.00  0.0    0  2.3  9 150   M    M   0 1      13 150
 4  94  68  81   7   0  16 0.00  0.0    0  4.0 12 280   M    M   1        19 270
 5  86  65  76   2   0  11 0.00  0.0    0  3.9 12  30   M    M   0        18  20
 6  91  62  77   3   0  12 0.00  0.0    0  4.1 14 270   M    M   2        19 230
 7  84  65  75   2   0  10 0.00  0.0    0  3.1  9 340   M    M   2        14 330
 8  86  60  73   0   0   8 0.00  0.0    0  1.8  9 290   M    M   0 1      14 310
 9  93  62  78   5   0  13 0.00  0.0    0  1.5  9 130   M    M   0        13 120
10  98  65  82  10   0  17    T  0.0    0  5.4 18 190   M    M   1 3      25 200
11  95  71  83  11   0  18 0.00  0.0    0  4.1 13 190   M    M   0        17 200
12  96  69  83  11   0  18 0.00  0.0    0  1.7  9 230   M    M   1 18     14 210
13  97  72  85  14   0  20 0.00  0.0    0  3.6 13 260   M    M   0 18     19 230
14  93  65  79   8   0  14 0.00  0.0    0  2.4  9  40   M    M   0        14  50
15  95  62  79   9   0  14 0.00  0.0    0  1.2  9 280   M    M   0        13 270
16  97  67  82  12   0  17 0.00  0.0    0  1.5 12 260   M    M   1 1      19 260
17  94  70  82  12   0  17 0.00  0.0    0  3.4 12  40   M    M   2 1      15  30
18  92  64  78   9   0  13 0.00  0.0    0  2.0 10  60   M    M   0        14 280
19  90  63  77   8   0  12 0.00  0.0    0  5.8 18 190   M    M   2        27 200
20  89  69  79  11   0  14 0.00  0.0    0  6.9 17 210   M    M   2        24 190
================================================================================
SM 1844 1318         0 286    T      0.0  65.6          M       16
================================================================================
AV 92.2 65.9                               3.3 FASTST   M    M   1    MAX(MPH)
                                 MISC ---->  # 18 190               # 27  200
================================================================================
NOTES:
# LAST OF SEVERAL OCCURRENCES

COLUMN 17 PEAK WIND IN M.P.H.

PRELIMINARY LOCAL CLIMATOLOGICAL DATA (WS FORM: F-6) , PAGE 2

                                          STATION:  BOWLING GREEN KY
                                          MONTH:    SEPTEMBER
                                          YEAR:     2019
                                          LATITUDE:   36 58 N
                                          LONGITUDE:  86 26 W

[TEMPERATURE DATA]      [PRECIPITATION DATA]       SYMBOLS USED IN COLUMN 16

AVERAGE MONTHLY: 79.1   TOTAL FOR MONTH:      T    1 = FOG OR MIST
DPTR FM NORMAL:   7.1   DPTR FM NORMAL:   -2.61    2 = FOG REDUCING VISIBILITY
HIGHEST:    98 ON 10    GRTST 24HR    T  ON 10-10      TO 1/4 MILE OR LESS
LOWEST:     60 ON  8                               3 = THUNDER
                        SNOW, ICE PELLETS, HAIL    4 = ICE PELLETS
                        TOTAL MONTH:   0.0 INCH    5 = HAIL
                        GRTST 24HR     0.0         6 = FREEZING RAIN OR DRIZZLE
                        GRTST DEPTH:   0           7 = DUSTSTORM OR SANDSTORM:
                                                       VSBY 1/2 MILE OR LESS
                                                   8 = SMOKE OR HAZE
[NO. OF DAYS WITH]      [WEATHER - DAYS WITH]      9 = BLOWING SNOW
                                                   X = TORNADO
MAX 32 OR BELOW:   0    0.01 INCH OR MORE:   0
MAX 90 OR ABOVE:  16    0.10 INCH OR MORE:   0
MIN 32 OR BELOW:   0    0.50 INCH OR MORE:   0
MIN  0 OR BELOW:   0    1.00 INCH OR MORE:   0

[HDD (BASE 65) ]
TOTAL THIS MO.     0    CLEAR  (SCALE 0-3)  20
DPTR FM NORMAL    -7    PTCLDY (SCALE 4-7)   0
TOTAL FM JUL 1     0    CLOUDY (SCALE 8-10)  0
DPTR FM NORMAL    -8

[CDD (BASE 65) ]
TOTAL THIS MO.   286
DPTR FM NORMAL   136    [PRESSURE DATA]
TOTAL FM JAN 1  1762    HIGHEST SLP M ON M
DPTR FM NORMAL   343    LOWEST  SLP 29.85 ON  6

[REMARKS]
