000
CXUS53 KLMK 010800
CF6LEX
PRELIMINARY LOCAL CLIMATOLOGICAL DATA (WS FORM: F-6)

                                          STATION:   LEXINGTON KY
                                          MONTH:     MAY
                                          YEAR:      2020
                                          LATITUDE:   38  1 N
                                          LONGITUDE:  84 36 W

  TEMPERATURE IN F:       :PCPN:    SNOW:  WIND      :SUNSHINE: SKY     :PK WND
================================================================================
1   2   3   4   5  6A  6B    7    8   9   10  11  12  13   14  15   16   17  18
                                     12Z  AVG MX 2MIN
DY MAX MIN AVG DEP HDD CDD  WTR  SNW DPTH SPD SPD DIR MIN PSBL S-S WX    SPD DR
================================================================================

 1  66  42  54  -6  11   0 0.00  0.0    0  6.5 14 270   M    M   5        19 280
 2  79  49  64   4   1   0 0.01    M    0 11.6 23 210   M    M   1        30 200
 3  77  57  67   7   0   2 0.12  0.0    0 10.0 21 320   M    M   7 13     32 320
 4  73  46  60  -1   5   0 0.00  0.0    0  6.3 18  90   M    M   2 18     25  90
 5  58  46  52  -9  13   0 0.43  0.0    0  8.4 20 110   M    M   9 13     27  90
 6  58  41  50 -11  15   0    T  0.0    0  8.1 17 310   M    M   7        26 320
 7  65  33  49 -13  16   0 0.00  0.0    0  8.9 21 260   M    M   2        29 270
 8  52  35  44 -18  21   0 0.68  0.0    0 10.7 23 310   M    M   7 1      34 230
 9  54  29  42 -20  23   0 0.00  0.0    0  4.6 17 280   M    M   0        28 330
10  66  38  52 -10  13   0    T  0.0    0 12.6 37 270   M    M   2 3      55 270
11  51  35  43 -20  22   0 0.00  0.0    0  5.9 17 280   M    M   7        24 280
12  60  35  48 -15  17   0 0.00  0.0    0  3.8 12 250   M    M   4        21 250
13  53  48  51 -12  14   0 0.13  0.0    0  7.2 17 120   M    M  10 1      24 120
14  80  53  67   3   0   2 0.00  0.0    0 11.9 24 230   M    M   3 8      34 200
15  77  62  70   6   0   5    T  0.0    0  9.6 25 210   M    M   7        33 210
16  82  63  73   9   0   8 0.20  0.0    0  4.1 12 110   M    M   7 1      16 120
17  81  64  73   9   0   8    T  0.0    0  9.0 17 180   M    M   4        23 170
18  75  58  67   2   0   2 1.82  0.0    0  8.1 24 230   M    M   8 13     36 230
19  65  56  61  -4   4   0 0.78  0.0    0  5.8 16  90   M    M  10 1      24  90
20  61  53  57  -8   8   0    T  0.0    0 14.5 21  70   M    M   9        28  80
21  69  52  61  -5   4   0    T  0.0    0  7.3 16  90   M    M   8        22  90
22  76  57  67   1   0   2 0.00  0.0    0  4.0  9 250   M    M   7        12 210
23  81  64  73   7   0   8 0.67  0.0    0  6.2 28 300   M    M   5 13     42 310
24  83  63  73   7   0   8 0.13  0.0    0  6.0 14  50   M    M   1 1      18 220
25  85  64  75   8   0  10 0.00  0.0    0  6.1 25 320   M    M   1 3      36 320
26  85  65  75   8   0  10 0.00  0.0    0  4.9 21 190   M    M   2        26 190
27  78  67  73   6   0   8    T  0.0    0  6.0 14 190   M    M   8        19 170
28  81  65  73   5   0   8 0.02  0.0    0  9.2 24 240   M    M   5 18     36 250
29  79  62  71   3   0   6 0.13  0.0    0  8.2 20 240   M    M   5 1      28 240
30  76  57  67  -1   0   2 0.00  0.0    0  6.5 16 340   M    M   3 12     22 350
31  72  52  62  -6   3   0 0.00  0.0    0  8.5 18  10   M    M   0        23 360
================================================================================
SM 2198 1611       190  89  5.12     0.0 240.5          M      156
================================================================================
AV 70.9 52.0                               7.8 FASTST   M    M   5    MAX(MPH)
                                 MISC ---->  # 37 270               # 55  270
================================================================================
NOTES:
# LAST OF SEVERAL OCCURRENCES

COLUMN 17 PEAK WIND IN M.P.H.

PRELIMINARY LOCAL CLIMATOLOGICAL DATA (WS FORM: F-6) , PAGE 2

                                          STATION:  LEXINGTON KY
                                          MONTH:    MAY
                                          YEAR:     2020
                                          LATITUDE:   38  1 N
                                          LONGITUDE:  84 36 W

[TEMPERATURE DATA]      [PRECIPITATION DATA]       SYMBOLS USED IN COLUMN 16

AVERAGE MONTHLY: 61.4   TOTAL FOR MONTH:   5.12    1 = FOG OR MIST
DPTR FM NORMAL:  -2.8   DPTR FM NORMAL:   -0.14    2 = FOG REDUCING VISIBILITY
HIGHEST:    85 ON 26,25 GRTST 24HR  1.82 ON 18-18      TO 1/4 MILE OR LESS
LOWEST:     29 ON  9                               3 = THUNDER
                        SNOW, ICE PELLETS, HAIL    4 = ICE PELLETS
                        TOTAL MONTH:   0.0 INCH    5 = HAIL
                        GRTST 24HR     0.0         6 = FREEZING RAIN OR DRIZZLE
                        GRTST DEPTH:   0           7 = DUSTSTORM OR SANDSTORM:
                                                       VSBY 1/2 MILE OR LESS
                                                   8 = SMOKE OR HAZE
[NO. OF DAYS WITH]      [WEATHER - DAYS WITH]      9 = BLOWING SNOW
                                                   X = TORNADO
MAX 32 OR BELOW:   0    0.01 INCH OR MORE:  12
MAX 90 OR ABOVE:   0    0.10 INCH OR MORE:  10
MIN 32 OR BELOW:   1    0.50 INCH OR MORE:   4
MIN  0 OR BELOW:   0    1.00 INCH OR MORE:   1

[HDD (BASE 65) ]
TOTAL THIS MO.   190    CLEAR  (SCALE 0-3)  11
DPTR FM NORMAL    79    PTCLDY (SCALE 4-7)  16
TOTAL FM JUL 1  4115    CLOUDY (SCALE 8-10)  4
DPTR FM NORMAL  -485

[CDD (BASE 65) ]
TOTAL THIS MO.    89
DPTR FM NORMAL     4    [PRESSURE DATA]
TOTAL FM JAN 1    98    HIGHEST SLP 30.33 ON 13
DPTR FM NORMAL    -9    LOWEST  SLP 29.70 ON 19

[REMARKS]
#FINAL-05-20#
