000
CXUS53 KLMK 240800
CF6LOU
PRELIMINARY LOCAL CLIMATOLOGICAL DATA (WS FORM: F-6)

                                          STATION:   LOUISVILLE BOWMAN KY
                                          MONTH:     FEBRUARY
                                          YEAR:      2020
                                          LATITUDE:   38 13 N
                                          LONGITUDE:  85 40 W

  TEMPERATURE IN F:       :PCPN:    SNOW:  WIND      :SUNSHINE: SKY     :PK WND
================================================================================
1   2   3   4   5  6A  6B    7    8   9   10  11  12  13   14  15   16   17  18
                                     12Z  AVG MX 2MIN
DY MAX MIN AVG DEP HDD CDD  WTR  SNW DPTH SPD SPD DIR MIN PSBL S-S WX    SPD DR
================================================================================

 1  47  37  42   7  23   0 0.01    M    M  6.1 18 280   M    M   8 18     27 290
 2  65  33  49  14  16   0 0.00    M    M 10.0 23 230   M    M   0        31 240
 3  72  44  58  22   7   0    T    M    M 10.9 22 210   M    M   2        32 200
 4  65  39  52  16  13   0 0.41    M    M  9.0 24 220   M    M  10 1      36 220
 5  39  36  38   2  27   0 0.17    M    M  9.3 18  70   M    M  10 1      26  60
 6  38  32  35  -1  30   0    T    M    M  5.2 13 310   M    M  10 18     19 310
 7  36  29  33  -3  32   0 0.06    M    M  9.0 17 280   M    M   9 18     23 280
 8  41  28  35  -1  30   0 0.02    M    M  7.6 18 290   M    M   8 18     23 300
 9  58  25  42   5  23   0 0.07    M    M  8.5 25 190   M    M   6 18     35 200
10  53  39  46   9  19   0 0.24    M    M  8.0 17 190   M    M  10 1      23 180
11  45  35  40   3  25   0 0.23    M    M  5.5 13 300   M    M   8 18     19 340
12  41  32  37   0  28   0 1.06    M    M  5.6 16  70   M    M   4 18     21  60
13  41  21  31  -7  34   0 0.06    M    M  9.4 23 290   M    M  10 1      31 300
14  27  16  22 -16  43   0 0.00    M    M  5.7 15 310   M    M   5        21 300
15  50  16  33  -5  32   0 0.00    M    M  7.0 18 180   M    M   1        23 160
16  55  36  46   8  19   0 0.00    M    M  3.8  9  40   M    M   7        13  20
17  59  29  44   5  21   0 0.00    M    M  6.4 20 200   M    M   2        26 200
18  58  36  47   8  18   0 0.28    M    M  8.1 18 200   M    M   8 1      27 190
19  49  29  39   0  26   0 0.00    M    M  6.0 12  20   M    M   0 18     17  20
20  41  25  33  -6  32   0 0.00    M    M  8.6 17  10   M    M   0        24 350
21  40  20  30 -10  35   0 0.00    M    M  3.3 10  10   M    M   0        15  10
22  52  21  37  -3  28   0 0.00    M    M  5.6 14 210   M    M   0        21 200
23  60  29  45   5  20   0 0.00    M    M  7.1 18 220   M    M   4        24 240
================================================================================
SM 1132  687       581   0  2.61    M    165.7          M      122
================================================================================
AV 49.2 29.9                               7.2 FASTST   M    M   5    MAX(MPH)
                                 MISC ---->  # 25 190               # 36  220
================================================================================
NOTES:
# LAST OF SEVERAL OCCURRENCES

COLUMN 17 PEAK WIND IN M.P.H.

PRELIMINARY LOCAL CLIMATOLOGICAL DATA (WS FORM: F-6) , PAGE 2

                                          STATION:  LOUISVILLE BOWMAN KY
                                          MONTH:    FEBRUARY
                                          YEAR:     2020
                                          LATITUDE:   38 13 N
                                          LONGITUDE:  85 40 W

[TEMPERATURE DATA]      [PRECIPITATION DATA]       SYMBOLS USED IN COLUMN 16

AVERAGE MONTHLY: 39.5   TOTAL FOR MONTH:   2.61    1 = FOG OR MIST
DPTR FM NORMAL:   2.1   DPTR FM NORMAL:   -0.02    2 = FOG REDUCING VISIBILITY
HIGHEST:    72 ON  3    GRTST 24HR  1.06 ON 12-12      TO 1/4 MILE OR LESS
LOWEST:     16 ON 15,14                            3 = THUNDER
                        SNOW, ICE PELLETS, HAIL    4 = ICE PELLETS
                        TOTAL MONTH:    M          5 = HAIL
                        GRTST 24HR    M  ON   M    6 = FREEZING RAIN OR DRIZZLE
                        GRTST DEPTH:  M  ON   M    7 = DUSTSTORM OR SANDSTORM:
                                                       VSBY 1/2 MILE OR LESS
                                                   8 = SMOKE OR HAZE
[NO. OF DAYS WITH]      [WEATHER - DAYS WITH]      9 = BLOWING SNOW
                                                   X = TORNADO
MAX 32 OR BELOW:   1    0.01 INCH OR MORE:  11
MAX 90 OR ABOVE:   0    0.10 INCH OR MORE:   6
MIN 32 OR BELOW:  14    0.50 INCH OR MORE:   1
MIN  0 OR BELOW:   0    1.00 INCH OR MORE:   1

[HDD (BASE 65) ]
TOTAL THIS MO.   581    CLEAR  (SCALE 0-3)   8
DPTR FM NORMAL   -52    PTCLDY (SCALE 4-7)   6
TOTAL FM JUL 1  2866    CLOUDY (SCALE 8-10)  9
DPTR FM NORMAL  -376

[CDD (BASE 65) ]
TOTAL THIS MO.     0
DPTR FM NORMAL     0    [PRESSURE DATA]
TOTAL FM JAN 1     0    HIGHEST SLP M ON M
DPTR FM NORMAL     0    LOWEST  SLP 29.39 ON  7

[REMARKS]
