000
CXUS53 KLMK 180800
CF6SDF
PRELIMINARY LOCAL CLIMATOLOGICAL DATA (WS FORM: F-6)

                                          STATION:   LOUISVILLE KY
                                          MONTH:     FEBRUARY
                                          YEAR:      2020
                                          LATITUDE:   38 10 N
                                          LONGITUDE:  85 44 W

  TEMPERATURE IN F:       :PCPN:    SNOW:  WIND      :SUNSHINE: SKY     :PK WND
================================================================================
1   2   3   4   5  6A  6B    7    8   9   10  11  12  13   14  15   16   17  18
                                     12Z  AVG MX 2MIN
DY MAX MIN AVG DEP HDD CDD  WTR  SNW DPTH SPD SPD DIR MIN PSBL S-S WX    SPD DR
================================================================================

 1  48  38  43   7  22   0    T  0.0    0  7.4 23 270   M    M   9 18     28 270
 2  66  33  50  14  15   0 0.00  0.0    0 10.5 23 250   M    M   4        32 260
 3  74  46  60  24   5   0    T  0.0    0 10.9 23 220   M    M   9        31 220
 4  67  40  54  18  11   0 0.36  0.0    0 10.6 25 220   M    M  10 1      38 210
 5  40  36  38   1  27   0 0.13  0.0    0 10.3 18  50   M    M  10 1      28  50
 6  38  33  36  -1  29   0    T  0.1    0  7.9 15 290   M    M  10 1      19 290
 7  38  29  34  -3  31   0 0.11  1.1    1 10.4 20 270   M    M   9 1      26 280
 8  42  29  36  -1  29   0 0.02  0.4    T  8.3 20 290   M    M   8 1      26 300
 9  58  26  42   5  23   0 0.07    T    0 10.3 26 190   M    M   7        42 180
10  53  39  46   8  19   0 0.20  0.0    0 10.1 22 200   M    M  10 1      32 190
11  45  36  41   3  24   0 0.23  0.0    0  8.0 20 360   M    M   9 18     24 360
12  41  36  39   1  26   0 1.13  0.0    0  6.6 13  70   M    M  10 18     22  50
13  41  21  31  -7  34   0 0.07    T    0 11.6 23 280   M    M   9 1      31 300
14  29  16  23 -15  42   0    T    T    0  5.9 16 320   M    M   6        20 300
15  50  18  34  -5  31   0 0.00  0.0    0  7.4 17 190   M    M   5        24 180
16  56  39  48   9  17   0 0.00  0.0    0  4.4 10  10   M    M   8        13  40
17  59  32  46   7  19   0 0.00  0.0    0  6.6 20 200   M    M   7        30 180
================================================================================
SM  845  547       404   0  2.32     1.6 147.2          M      140
================================================================================
AV 49.7 32.2                               8.7 FASTST   M    M   8    MAX(MPH)
                                 MISC ---->  # 26 190               # 42  180
================================================================================
NOTES:
# LAST OF SEVERAL OCCURRENCES

COLUMN 17 PEAK WIND IN M.P.H.

PRELIMINARY LOCAL CLIMATOLOGICAL DATA (WS FORM: F-6) , PAGE 2

                                          STATION:  LOUISVILLE KY
                                          MONTH:    FEBRUARY
                                          YEAR:     2020
                                          LATITUDE:   38 10 N
                                          LONGITUDE:  85 44 W

[TEMPERATURE DATA]      [PRECIPITATION DATA]       SYMBOLS USED IN COLUMN 16

AVERAGE MONTHLY: 40.9   TOTAL FOR MONTH:   2.32    1 = FOG OR MIST
DPTR FM NORMAL:   3.5   DPTR FM NORMAL:    0.40    2 = FOG REDUCING VISIBILITY
HIGHEST:    74 ON  3    GRTST 24HR  1.13 ON 12-12      TO 1/4 MILE OR LESS
LOWEST:     16 ON 14                               3 = THUNDER
                        SNOW, ICE PELLETS, HAIL    4 = ICE PELLETS
                        TOTAL MONTH:   1.6 INCHES  5 = HAIL
                        GRTST 24HR   1.1 ON  7- 7  6 = FREEZING RAIN OR DRIZZLE
                        GRTST DEPTH:   1 ON  7     7 = DUSTSTORM OR SANDSTORM:
                                                       VSBY 1/2 MILE OR LESS
                                                   8 = SMOKE OR HAZE
[NO. OF DAYS WITH]      [WEATHER - DAYS WITH]      9 = BLOWING SNOW
                                                   X = TORNADO
MAX 32 OR BELOW:   1    0.01 INCH OR MORE:   9
MAX 90 OR ABOVE:   0    0.10 INCH OR MORE:   6
MIN 32 OR BELOW:   7    0.50 INCH OR MORE:   1
MIN  0 OR BELOW:   0    1.00 INCH OR MORE:   1

[HDD (BASE 65) ]
TOTAL THIS MO.   404    CLEAR  (SCALE 0-3)   0
DPTR FM NORMAL   -64    PTCLDY (SCALE 4-7)   7
TOTAL FM JUL 1  2581    CLOUDY (SCALE 8-10) 10
DPTR FM NORMAL  -396

[CDD (BASE 65) ]
TOTAL THIS MO.     0
DPTR FM NORMAL     0    [PRESSURE DATA]
TOTAL FM JAN 1     0    HIGHEST SLP M ON M
DPTR FM NORMAL     0    LOWEST  SLP 29.39 ON  7

[REMARKS]
