000
CDUS43 KLMK 132033
CLIBWG

CLIMATE REPORT
NATIONAL WEATHER SERVICE LOUISVILLE KY
433 PM EDT THU MAY 13 2021

...................................

...THE BOWLING GREEN KY CLIMATE SUMMARY FOR MAY 13 2021...
VALID TODAY AS OF 0425 PM LOCAL TIME.

CLIMATE NORMAL PERIOD 1991 TO 2020
CLIMATE RECORD PERIOD 1870 TO 2021


WEATHER ITEM   OBSERVED TIME   RECORD YEAR NORMAL DEPARTURE LAST
                VALUE   (LST)  VALUE       VALUE  FROM      YEAR
                                                  NORMAL
...................................................................
TEMPERATURE (F)
 TODAY
  MAXIMUM         69    144 PM  96    1916  78     -9       61
  MINIMUM         42    510 AM  35    1895  56    -14       51
  AVERAGE         56                        67    -11       56

PRECIPITATION (IN)
  TODAY            0.00          2.40 1922   0.17  -0.17     0.54
  MONTH TO DATE    4.38                      2.29   2.09     1.52
  SINCE MAR 1     12.55                     11.64   0.91    14.09
  SINCE JAN 1     24.58                     19.35   5.23    24.97

SNOWFALL (IN)
  TODAY            0.0           0.0    MM                   0.0
  MONTH TO DATE    0.0                                       0.0
  SINCE MAR 1      0.2                                        T
  SINCE JUL 1      9.0                                       3.6
  SNOW DEPTH       0

DEGREE DAYS
 HEATING
  TODAY            9                         2      7        9
  MONTH TO DATE   78                        37     41      109
  SINCE MAR 1    705                       754    -49      746
  SINCE JUL 1   3752                      3772    -20     3523

 COOLING
  TODAY            0                         4     -4        0
  MONTH TO DATE   13                        42    -29       14
  SINCE MAR 1     35                        89    -54       47
  SINCE JAN 1     35                        90    -55       47
...................................................................


WIND (MPH)
  HIGHEST WIND SPEED    15   HIGHEST WIND DIRECTION     E (70)
  HIGHEST GUST SPEED    21   HIGHEST GUST DIRECTION     E (80)
  AVERAGE WIND SPEED     4.2


SKY COVER
  POSSIBLE SUNSHINE  MM
  AVERAGE SKY COVER 0.2


WEATHER CONDITIONS
THE FOLLOWING WEATHER WAS RECORDED TODAY.
  NO SIGNIFICANT WEATHER WAS OBSERVED.


RELATIVE HUMIDITY (PERCENT)
 HIGHEST    76           500 AM
 LOWEST     30           200 PM
 AVERAGE    53

..........................................................


THE BOWLING GREEN KY CLIMATE NORMALS FOR TOMORROW
                         NORMAL    RECORD    YEAR
 MAXIMUM TEMPERATURE (F)   78        96      1916
 MINIMUM TEMPERATURE (F)   57        37      1910


SUNRISE AND SUNSET
MAY 13 2021...........SUNRISE   539 AM CDT   SUNSET   745 PM CDT
MAY 14 2021...........SUNRISE   538 AM CDT   SUNSET   746 PM CDT


-  INDICATES NEGATIVE NUMBERS.
R  INDICATES RECORD WAS SET OR TIED.
MM INDICATES DATA IS MISSING.
T  INDICATES TRACE AMOUNT.




$$
