000
CDUS43 KLMK 242029
CLIBWG


CLIMATE REPORT
NATIONAL WEATHER SERVICE LOUISVILLE KY
428 PM EDT SAT AUG 24 2019


...................................

...THE BOWLING GREEN CLIMATE SUMMARY FOR AUGUST 24 2019...
VALID TODAY AS OF 0400 PM LOCAL TIME.

CLIMATE NORMAL PERIOD 1981 TO 2010
CLIMATE RECORD PERIOD 1870 TO 2019


WEATHER ITEM   OBSERVED TIME   RECORD YEAR NORMAL DEPARTURE LAST
                VALUE   (LST)  VALUE       VALUE  FROM      YEAR
                                                  NORMAL
..................................................................
TEMPERATURE (F)
 TODAY
  MAXIMUM         84    200 PM 103    2007  88     -4       81
                                      1943
  MINIMUM         67    553 AM  50    1923  65      2       56
  AVERAGE         76                        77     -1       69

PRECIPITATION (IN)
  TODAY            0.00          3.28 1922   0.12  -0.12     0.00
  MONTH TO DATE    2.93                      2.52   0.41     3.29
  SINCE JUN 1     15.08                     10.82   4.26     9.26
  SINCE JAN 1     39.97                     32.75   7.22    32.60

SNOWFALL (IN)
  TODAY            0.0           0.0    MM   0.0    0.0      0.0
  MONTH TO DATE    0.0                       0.0    0.0      0.0
  SINCE JUN 1      0.0                       0.0    0.0      0.0
  SINCE JUL 1      0.0                       0.0    0.0      0.0
  SNOW DEPTH       0

DEGREE DAYS
 HEATING
  TODAY            0                         0      0        0
  MONTH TO DATE    0                         0      0        0
  SINCE JUN 1      0                         5     -5        0
  SINCE JUL 1      0                         0      0        0

 COOLING
  TODAY           11                        12     -1        4
  MONTH TO DATE  369                       308     61      323
  SINCE JUN 1   1138                      1036    102     1242
  SINCE JAN 1   1404                      1189    215     1575
..................................................................


WIND (MPH)
  HIGHEST WIND SPEED    16   HIGHEST WIND DIRECTION    NE (40)
  HIGHEST GUST SPEED    22   HIGHEST GUST DIRECTION    NE (40)
  AVERAGE WIND SPEED     9.1


SKY COVER
  POSSIBLE SUNSHINE  MM
  AVERAGE SKY COVER 0.1


WEATHER CONDITIONS
 THE FOLLOWING WEATHER WAS RECORDED TODAY.
  NO SIGNIFICANT WEATHER WAS OBSERVED.


RELATIVE HUMIDITY (PERCENT)
 HIGHEST    81           500 AM
 LOWEST     48           200 PM
 AVERAGE    65

..........................................................


THE BOWLING GREEN CLIMATE NORMALS FOR TOMORROW
                         NORMAL    RECORD    YEAR
 MAXIMUM TEMPERATURE (F)   88       102      1943
 MINIMUM TEMPERATURE (F)   65        47      1887


SUNRISE AND SUNSET
AUGUST 24 2019........SUNRISE   610 AM CDT   SUNSET   726 PM CDT
AUGUST 25 2019........SUNRISE   611 AM CDT   SUNSET   724 PM CDT


-  INDICATES NEGATIVE NUMBERS.
R  INDICATES RECORD WAS SET OR TIED.
MM INDICATES DATA IS MISSING.
T  INDICATES TRACE AMOUNT.




$$
