000
CDUS43 KLMK 110627
CLIBWG


CLIMATE REPORT
NATIONAL WEATHER SERVICE LOUISVILLE KY
127 AM EST WED DEC 11 2019


...................................

...THE BOWLING GREEN KY CLIMATE SUMMARY FOR DECEMBER 10 2019...

CLIMATE NORMAL PERIOD 1981 TO 2010
CLIMATE RECORD PERIOD 1870 TO 2019


WEATHER ITEM   OBSERVED TIME   RECORD YEAR NORMAL DEPARTURE LAST
                VALUE   (LST)  VALUE       VALUE  FROM      YEAR
                                                  NORMAL
..................................................................
TEMPERATURE (F)
 YESTERDAY
  MAXIMUM         56   1204 AM  74    1971  49      7       45
  MINIMUM         28   1146 PM  -7    1917  30     -2       24
  AVERAGE         42                        40      2       35

PRECIPITATION (IN)
  YESTERDAY        0.05          1.79 2007   0.17  -0.12     0.00
  MONTH TO DATE    0.24                      1.63  -1.39     1.46
  SINCE DEC 1      0.24                      1.63  -1.39     1.46
  SINCE JAN 1     56.88                     46.72  10.16    51.26

SNOWFALL (IN)
  YESTERDAY        0.0           0.1  2013   0.1   -0.1      0.0
                                      1950
  MONTH TO DATE    T                         0.2   -0.2      1.2
  SINCE DEC 1      T                         0.2   -0.2      1.2
  SINCE JUL 1      1.3                       0.2    1.1      1.4
  SNOW DEPTH       0

DEGREE DAYS
 HEATING
  YESTERDAY       23                        25     -2       30
  MONTH TO DATE  185                       238    -53      244
  SINCE DEC 1    185                       238    -53      244
  SINCE JUL 1   1016                      1001     15     1118

 COOLING
  YESTERDAY        0                         0      0        0
  MONTH TO DATE    0                         0      0        0
  SINCE DEC 1      0                         0      0        0
  SINCE JAN 1   1959                      1491    468     2143
..................................................................


WIND (MPH)
  HIGHEST WIND SPEED    15   HIGHEST WIND DIRECTION    NW (330)
  HIGHEST GUST SPEED    24   HIGHEST GUST DIRECTION     N (360)
  AVERAGE WIND SPEED     5.3


SKY COVER
  POSSIBLE SUNSHINE  MM
  AVERAGE SKY COVER 0.6


WEATHER CONDITIONS
 THE FOLLOWING WEATHER WAS RECORDED YESTERDAY.
  LIGHT RAIN


RELATIVE HUMIDITY (PERCENT)
 HIGHEST    89           200 AM
 LOWEST     45           500 PM
 AVERAGE    67

..........................................................


THE BOWLING GREEN KY CLIMATE NORMALS FOR TODAY
                         NORMAL    RECORD    YEAR
 MAXIMUM TEMPERATURE (F)   49        75      2007
 MINIMUM TEMPERATURE (F)   30         0      1962


SUNRISE AND SUNSET
DECEMBER 11 2019......SUNRISE   649 AM CST   SUNSET   429 PM CST
DECEMBER 12 2019......SUNRISE   649 AM CST   SUNSET   429 PM CST


-  INDICATES NEGATIVE NUMBERS.
R  INDICATES RECORD WAS SET OR TIED.
MM INDICATES DATA IS MISSING.
T  INDICATES TRACE AMOUNT.




$$
