000
CDUS43 KLMK 280627
CLIBWG


CLIMATE REPORT
NATIONAL WEATHER SERVICE LOUISVILLE KY
227 AM EDT THU MAY 28 2020


...................................

...THE BOWLING GREEN KY CLIMATE SUMMARY FOR MAY 27 2020...

CLIMATE NORMAL PERIOD 1981 TO 2010
CLIMATE RECORD PERIOD 1870 TO 2020


WEATHER ITEM   OBSERVED TIME   RECORD YEAR NORMAL DEPARTURE LAST
                VALUE   (LST)  VALUE       VALUE  FROM      YEAR
                                                  NORMAL
..................................................................
TEMPERATURE (F)
 YESTERDAY
  MAXIMUM         73    305 PM  98    1911  81     -8       89
  MINIMUM         66    640 AM  35    1961  58      8       68
  AVERAGE         70                        70      0       79

PRECIPITATION (IN)
  YESTERDAY        0.63          2.41 1991   0.18   0.45     0.00
  MONTH TO DATE    3.19                      4.91  -1.72     2.12
  SINCE MAR 1     15.76                     13.66   2.10     9.51
  SINCE JAN 1     26.64                     21.23   5.41    23.94

SNOWFALL (IN)
  YESTERDAY        0.0           0.0    MM   0.0    0.0      0.0
  MONTH TO DATE    0.0                       0.0    0.0      0.0
  SINCE MAR 1      T                         1.3   -1.3       T
  SINCE JUL 1      3.6                       9.1   -5.5      5.1
  SNOW DEPTH       0

DEGREE DAYS
 HEATING
  YESTERDAY        0                         1     -1        0
  MONTH TO DATE  114                        70     44       36
  SINCE MAR 1    751                       841    -90      804
  SINCE JUL 1   3528                      4039   -511     3752

 COOLING
  YESTERDAY        5                         6     -1       14
  MONTH TO DATE  101                        93      8      183
  SINCE MAR 1    134                       129      5      217
  SINCE JAN 1    134                       129      5      217
..................................................................


WIND (MPH)
  HIGHEST WIND SPEED    15   HIGHEST WIND DIRECTION    SE (150)
  HIGHEST GUST SPEED    21   HIGHEST GUST DIRECTION     S (180)
  AVERAGE WIND SPEED     5.7


SKY COVER
  POSSIBLE SUNSHINE  MM
  AVERAGE SKY COVER 0.8


WEATHER CONDITIONS
 THE FOLLOWING WEATHER WAS RECORDED YESTERDAY.
  HEAVY RAIN
  RAIN
  LIGHT RAIN
  FOG


RELATIVE HUMIDITY (PERCENT)
 HIGHEST    97           700 PM
 LOWEST     78           400 AM
 AVERAGE    88

..........................................................


THE BOWLING GREEN KY CLIMATE NORMALS FOR TODAY
                         NORMAL    RECORD    YEAR
 MAXIMUM TEMPERATURE (F)   81       100      1911
 MINIMUM TEMPERATURE (F)   59        38      1907


SUNRISE AND SUNSET
MAY 28 2020...........SUNRISE   529 AM CDT   SUNSET   757 PM CDT
MAY 29 2020...........SUNRISE   529 AM CDT   SUNSET   758 PM CDT


-  INDICATES NEGATIVE NUMBERS.
R  INDICATES RECORD WAS SET OR TIED.
MM INDICATES DATA IS MISSING.
T  INDICATES TRACE AMOUNT.




$$
