000
CDUS41 KPBZ 270533
CLIPIT

CLIMATE REPORT
NATIONAL WEATHER SERVICE PITTSBURGH PA
133 AM EDT WED OCT 27 2021

...................................

...THE PITTSBURGH PA CLIMATE SUMMARY FOR OCTOBER 26 2021...

CLIMATE NORMAL PERIOD 1991 TO 2020
CLIMATE RECORD PERIOD 1871 TO 2021


WEATHER ITEM   OBSERVED TIME   RECORD YEAR NORMAL DEPARTURE LAST
                VALUE   (LST)  VALUE       VALUE  FROM      YEAR
                                                  NORMAL
...................................................................
TEMPERATURE (F)
 YESTERDAY
  MAXIMUM         56    236 AM  82    1991  59     -3       55
  MINIMUM         44   1159 PM  25    1962  40      4       40
  AVERAGE         50                        50      0       48

PRECIPITATION (IN)
  YESTERDAY        0.01          0.90 1978   0.09  -0.08     0.02
  MONTH TO DATE    2.29                      2.36  -0.07     1.80
  SINCE SEP 1      6.22                      5.66   0.56     2.72
  SINCE JAN 1     34.65                     33.44   1.21    32.29

SNOWFALL (IN)
  YESTERDAY        0.0           0.2  1962   0.0    0.0      0.0
  MONTH TO DATE    0.0                       0.2   -0.2      0.0
  SINCE SEP 1      0.0                       0.2   -0.2      0.0
  SINCE JUL 1      0.0                       0.2   -0.2      0.0
  SNOW DEPTH       0

DEGREE DAYS
 HEATING
  YESTERDAY       15                        15      0       17
  MONTH TO DATE  134                       290   -156      239
  SINCE SEP 1    181                       376   -195      331
  SINCE JUL 1    182                       386   -204      331

 COOLING
  YESTERDAY        0                         0      0        0
  MONTH TO DATE   34                         9     25        8
  SINCE SEP 1    131                        94     37       93
  SINCE JAN 1    964                       795    169      984
...................................................................


WIND (MPH)
  HIGHEST WIND SPEED    26   HIGHEST WIND DIRECTION    NW (320)
  HIGHEST GUST SPEED    34   HIGHEST GUST DIRECTION    NW (310)
  AVERAGE WIND SPEED    17.0


SKY COVER
  POSSIBLE SUNSHINE  MM
  AVERAGE SKY COVER 1.0


WEATHER CONDITIONS
THE FOLLOWING WEATHER WAS RECORDED YESTERDAY.
  LIGHT RAIN
  FOG


RELATIVE HUMIDITY (PERCENT)
 HIGHEST   100           100 AM
 LOWEST     71           300 PM
 AVERAGE    86

..........................................................


THE PITTSBURGH PA CLIMATE NORMALS FOR TODAY
                         NORMAL    RECORD    YEAR
 MAXIMUM TEMPERATURE (F)   59        80      1947
                                             1963
 MINIMUM TEMPERATURE (F)   40        22      1979


SUNRISE AND SUNSET
OCTOBER 27 2021.......SUNRISE   745 AM EDT   SUNSET   623 PM EDT
OCTOBER 28 2021.......SUNRISE   747 AM EDT   SUNSET   622 PM EDT


-  INDICATES NEGATIVE NUMBERS.
R  INDICATES RECORD WAS SET OR TIED.
MM INDICATES DATA IS MISSING.
T  INDICATES TRACE AMOUNT.




$$
