000
CXUS55 KPUB 032052
CLSALS

CLIMATE REPORT
NATIONAL WEATHER SERVICE
252 PM MDT SAT SEP 03 2022

...................................

...THE ALAMOSA CO CLIMATE SUMMARY FOR THE SEASON, FROM
6/1/2022 TO 8/31/2022...

CLIMATE NORMAL PERIOD 1991 TO 2020
CLIMATE RECORD PERIOD 1932 TO 2022

WEATHER         OBSERVED          NORMAL  DEPART   LAST YEAR`S
                VALUE   DATE(S)   VALUE   FROM     VALUE DATE(S)
                                          NORMAL
................................................................
TEMPERATURE (F)
RECORD
 HIGH             96   07/05/1989
 LOW              23   06/03/1936

HIGHEST           92   06/11                          94  07/10
                                                          06/16
LOWEST            32   06/02                          33  08/25

AVG. MAXIMUM    81.7               81.4     0.3     84.0
AVG. MINIMUM    47.4               44.7     2.7     46.3
MEAN            64.5               63.0     1.5     65.1

DAYS MAX >= 90     9                3.8     5.2
DAYS MAX <= 32     0                0.0     0.0
DAYS MIN <= 32     1                2.3    -1.3
DAYS MIN <= 0      0                0.0     0.0

PRECIPITATION (INCHES)
RECORD
 MAXIMUM        6.69   2022
 MINIMUM        0.75   1980

TOTALS          6.69R              2.76    3.93     2.13

DAILY AVG.      0.07               0.03    0.04
DAYS >= .01       27               22.4     4.6
DAYS >= .10       16                7.9     8.1
DAYS >= .50        3                1.1     1.9
DAYS >= 1.00       1                0.2     0.8

GREATEST
 24 HR. TOTAL   1.60   08/22 TO 08/22

SNOWFALL (INCHES)
RECORDS
 MAXIMUM           1.2   1950

TOTALS           0.0                 MM      MM      0.0
SINCE 7/1        0.0                 MM      MM       MM

SNOWDEPTH AVG.     0
DAYS >= 1.0        0                 MM      MM

GREATEST
 SNOW DEPTH        0                                   0
 24 HR TOTAL     0.0                                 0.0

DEGREE DAYS
HEATING TOTAL    151                252    -101      118
 SINCE 7/1        57                107     -50       32
COOLING TOTAL    128                 70      58      155
 SINCE 1/1       128                 70      58      155
................................................................

WIND (MPH)
AVERAGE WIND SPEED              6.6
HIGHEST WIND SPEED/DIRECTION    37/310    DATE  08/28
HIGHEST GUST SPEED/DIRECTION    51/320    DATE  08/28

SKY COVER
POSSIBLE SUNSHINE (PERCENT)   MM
AVERAGE SKY COVER           0.25
NUMBER OF DAYS FAIR           65
NUMBER OF DAYS PC             23
NUMBER OF DAYS CLOUDY          4

AVERAGE RH (PERCENT)     58

WEATHER CONDITIONS. NUMBER OF DAYS WITH
THUNDERSTORM             33     MIXED PRECIP               0
HEAVY RAIN               14     RAIN                      22
LIGHT RAIN               44     FREEZING RAIN              0
LT FREEZING RAIN          0     HAIL                       0
HEAVY SNOW                0     SNOW                       0
LIGHT SNOW                0     SLEET                      0
FOG                      25     FOG W/VIS <= 1/4 MILE      7
HAZE                      1

-  INDICATES NEGATIVE NUMBERS.
R  INDICATES RECORD WAS SET OR TIED.
MM INDICATES DATA IS MISSING.
T  INDICATES TRACE AMOUNT.

$$
