000
CXUS55 KPUB 032052 RRA
CLSCOS

CLIMATE REPORT
NATIONAL WEATHER SERVICE
252 PM MDT SAT SEP 03 2022

...................................

...THE COLORADO SPRINGS CO CLIMATE SUMMARY FOR THE SEASON, FROM
6/1/2022 TO 8/31/2022...

CLIMATE NORMAL PERIOD 1991 TO 2020
CLIMATE RECORD PERIOD 1872 TO 2022

WEATHER         OBSERVED          NORMAL  DEPART   LAST YEAR`S
                VALUE   DATE(S)   VALUE   FROM     VALUE DATE(S)
                                          NORMAL
................................................................
TEMPERATURE (F)
RECORD
 HIGH            101   06/21/2016
                       06/26/2012

 LOW              27   06/01/1903

HIGHEST          100   07/23                         100  06/16
LOWEST            42   06/01                          40  06/01

AVG. MAXIMUM    85.6               83.9     1.7     86.3
AVG. MINIMUM    57.6               55.9     1.7     57.8
MEAN            71.6               69.9     1.7     72.0

DAYS MAX >= 90    31               21.6     9.4
DAYS MAX <= 32     0                0.0     0.0
DAYS MIN <= 32     0                0.0     0.0
DAYS MIN <= 0      0                0.0     0.0

PRECIPITATION (INCHES)
RECORD
 MAXIMUM       16.85   1965
 MINIMUM        2.47   1939

TOTALS          8.54               8.35    0.19     5.61

DAILY AVG.      0.09               0.09   -0.00
DAYS >= .01       35               34.3     0.7
DAYS >= .10       14               17.2    -3.2
DAYS >= .50        6                4.5     1.5
DAYS >= 1.00       3                1.6     1.4

GREATEST
 24 HR. TOTAL   1.67   07/26 TO 07/27

SNOWFALL (INCHES)
RECORDS
 MAXIMUM         2.0   1917

TOTALS           0.0                0.0     0.0        T
SINCE 7/1        0.0                0.0     0.0       MM

SNOWDEPTH AVG.     0
DAYS >= 1.0        0                0.0     0.0
GREATEST
 SNOW DEPTH        0                                   0
 24 HR TOTAL     0.0                                 0.0

DEGREE DAYS
HEATING TOTAL     48                 74     -26       36
 SINCE 7/1         0                 16     -16        0
COOLING TOTAL    683                525     158      708
 SINCE 1/1       729                543     186      711
................................................................

WIND (MPH)
AVERAGE WIND SPEED              9.0
HIGHEST WIND SPEED/DIRECTION    45/300    DATE  07/10
HIGHEST GUST SPEED/DIRECTION    70/270    DATE  07/19

SKY COVER
POSSIBLE SUNSHINE (PERCENT)   MM
AVERAGE SKY COVER           0.54
NUMBER OF DAYS FAIR           18
NUMBER OF DAYS PC             61
NUMBER OF DAYS CLOUDY         13

AVERAGE RH (PERCENT)     51

WEATHER CONDITIONS. NUMBER OF DAYS WITH
THUNDERSTORM             39     MIXED PRECIP               0
HEAVY RAIN                9     RAIN                      23
LIGHT RAIN               50     FREEZING RAIN              0
LT FREEZING RAIN          0     HAIL                       0
HEAVY SNOW                0     SNOW                       0
LIGHT SNOW                0     SLEET                      0
FOG                      17     FOG W/VIS <= 1/4 MILE      0
HAZE                      0

-  INDICATES NEGATIVE NUMBERS.
R  INDICATES RECORD WAS SET OR TIED.
MM INDICATES DATA IS MISSING.
T  INDICATES TRACE AMOUNT.

$$
