000
CXUS55 KPUB 032052 RRB
CLSPUB

CLIMATE REPORT
NATIONAL WEATHER SERVICE
252 PM MDT SAT SEP 03 2022

...................................

...THE PUEBLO CO CLIMATE SUMMARY FOR THE SEASON, FROM
6/1/2022 TO 8/31/2022...

CLIMATE NORMAL PERIOD 1991 TO 2020
CLIMATE RECORD PERIOD 1888 TO 2022

WEATHER         OBSERVED          NORMAL  DEPART   LAST YEAR`S
                VALUE   DATE(S)   VALUE   FROM     VALUE DATE(S)
                                          NORMAL
................................................................
TEMPERATURE (F)
RECORD
 HIGH            109   07/13/2003
 LOW              32   06/02/1919

HIGHEST          108   07/23                         103  06/17
                                                          07/09
LOWEST            45   06/01                          45  06/02

AVG. MAXIMUM    93.0               90.7     2.3     92.1
AVG. MINIMUM    60.1               58.5     1.6     59.4
MEAN            76.5               74.6     1.9     75.7

DAYS MAX >= 90    67
DAYS MAX <= 32     0
DAYS MIN <= 32     0
DAYS MIN <= 0      0

PRECIPITATION (INCHES)
RECORD
 MAXIMUM       14.64   1921
 MINIMUM        0.86   1939

TOTALS          3.07               5.28   -2.21     6.88

DAILY AVG.      0.03               0.06   -0.03
DAYS >= .01       19
DAYS >= .10        8
DAYS >= .50        1
DAYS >= 1.00       1

GREATEST
 24 HR. TOTAL   1.21   07/24 TO 07/25
                       07/25 TO 07/26

SNOWFALL (INCHES)
RECORDS
 MAXIMUM         1.0   1950

TOTALS           0.0                0.0     0.0        T
SINCE 7/1        0.0                0.0     0.0

SNOWDEPTH AVG.     0
DAYS >= TRACE      0                0.0     0.0
DAYS >= 1.0        0                0.0     0.0

GREATEST
 SNOW DEPTH        0                                   0
 24 HR TOTAL     0.0                                 0.0

DEGREE DAYS
HEATING TOTAL     20                 19       1       12
 SINCE 7/1         0                  1      -1        0
COOLING TOTAL   1107                905     202     1026
 SINCE 1/1      1175                955     220     1062
................................................................

WIND (MPH)
AVERAGE WIND SPEED              8.1
HIGHEST WIND SPEED/DIRECTION    44/020    DATE  08/19
HIGHEST GUST SPEED/DIRECTION    63/230    DATE  06/11

SKY COVER
POSSIBLE SUNSHINE (PERCENT)   MM
AVERAGE SKY COVER           0.14
NUMBER OF DAYS FAIR           84
NUMBER OF DAYS PC              6
NUMBER OF DAYS CLOUDY          2

AVERAGE RH (PERCENT)     48

WEATHER CONDITIONS. NUMBER OF DAYS WITH
THUNDERSTORM             27     MIXED PRECIP               0
HEAVY RAIN                8     RAIN                      11
LIGHT RAIN               39     FREEZING RAIN              0
LT FREEZING RAIN          0     HAIL                       0
HEAVY SNOW                0     SNOW                       0
LIGHT SNOW                0     SLEET                      0
FOG                       9     FOG W/VIS <= 1/4 MILE      1
HAZE                      0

-  INDICATES NEGATIVE NUMBERS.
R  INDICATES RECORD WAS SET OR TIED.
MM INDICATES DATA IS MISSING.
T  INDICATES TRACE AMOUNT.

$$
