000
CXUS55 KBOU 010900
CF620V
PRELIMINARY LOCAL CLIMATOLOGICAL DATA (WS FORM: F-6)
STATION: KREMMLING
MONTH: OCTOBER
YEAR: 2022
LATITUDE: 40 3 N
LONGITUDE: 106 22 W
TEMPERATURE IN F: :PCPN: SNOW: WIND :SUNSHINE: SKY :PK WND
================================================================================
1 2 3 4 5 6A 6B 7 8 9 10 11 12 13 14 15 16 17 18
12Z AVG MX 2MIN
DY MAX MIN AVG DEP HDD CDD WTR SNW DPTH SPD SPD DIR MIN PSBL S-S WX SPD DR
================================================================================
1 55 34 45 M 20 0 0.00 M M 2.0 8 100 M M 5 12 27 0
2 63 39 51 M 14 0 0.01 M M 3.7 15 330 M M 7 23 330
3 59 36 48 M 17 0 0.00 M M 2.8 17 340 M M 6 1 25 340
4 59 36 48 M 17 0 0.00 M M 1.5 7 100 M M 6 12 26 230
5 64 30 47 M 18 0 0.00 M M 1.2 8 320 M M 1 1 M M
6 68 30 49 M 16 0 0.00 M M 1.2 8 330 M M 0 1 M M
7 63 30 47 M 18 0 0.00 M M 2.1 12 350 M M 2 21 20
8 68 27 48 M 17 0 0.00 M M 1.3 8 10 M M 2 24 40
9 68 25 47 M 18 0 0.00 M M 0.8 6 360 M M 0 M M
10 68 25 47 M 18 0 0.00 M M 2.4 12 230 M M 3 20 230
11 64 25 45 M 20 0 0.00 M M 6.2 22 240 M M 2 30 240
12 64 27 46 M 19 0 0.00 M M 5.6 14 320 M M 0 21 310
13 61 27 44 M 21 0 0.00 M M 3.0 16 350 M M 0 23 350
14 68 21 45 M 20 0 0.00 M M 2.0 10 280 M M 0 20 280
15 68 19 44 M 21 0 0.00 M M 3.8 12 350 M M 0 21 330
16 63 25 44 M 21 0 0.00 M M 4.1 14 340 M M 0 20 320
17 63 21 42 M 23 0 0.00 M M 1.8 8 360 M M 0 M M
18 64 19 42 M 23 0 0.00 M M 1.0 9 310 M M 0 M M
19 68 19 44 M 21 0 0.00 M M 1.4 10 330 M M 0 M M
20 68 19 44 M 21 0 0.00 M M 0.6 7 260 M M 0 20 0
21 64 19 42 M 23 0 0.00 M M 6.4 20 240 M M 0 29 230
22 64 25 45 M 20 0 0.00 M M 8.5 23 220 M M 2 36 210
23 50 30 40 M 25 0 0.01 M M 8.9 18 240 M M 9 30 300
24 34 27 31 M 34 0 0.00 M M 6.7 10 310 M M 9 21 330
25 37 28 33 M 32 0 0.18 M M 5.8 16 250 M M 9 22 250
26 43 30 37 M 28 0 0.05 M M 4.0 21 260 M M 6 27 260
27 37 23 30 M 35 0 0.11 M M 5.1 10 250 M M 9 21 330
28 45 18 32 M 33 0 0.00 M M 0.7 6 220 M M 0 M M
29 48 14 31 M 34 0 0.00 M M 1.0 9 260 M M 0 M M
30 50 23 37 M 28 0 0.00 M M 0.8 5 300 M M 3 M M
31 54 18 36 M 29 0 0.00 M M 1.2 10 230 M M 0 9 230
================================================================================
SM 1812 789 704 0 0.36 M 97.6 M 81
================================================================================
AV 58.5 25.5 3.1 FASTST M M 3 MAX(MPH)
MISC ----> 23 220 36 210
================================================================================
NOTES:
# LAST OF SEVERAL OCCURRENCES
COLUMN 17 PEAK WIND IN M.P.H.
PRELIMINARY LOCAL CLIMATOLOGICAL DATA (WS FORM: F-6) , PAGE 2
STATION: KREMMLING
MONTH: OCTOBER
YEAR: 2022
LATITUDE: 40 3 N
LONGITUDE: 106 22 W
[TEMPERATURE DATA] [PRECIPITATION DATA] SYMBOLS USED IN COLUMN 16
AVERAGE MONTHLY: 42.0 TOTAL FOR MONTH: 0.36 1 = FOG OR MIST
DPTR FM NORMAL: 0.0 DPTR FM NORMAL: M 2 = FOG REDUCING VISIBILITY
HIGHEST: 68 ON 20,19 GRTST 24HR 0.18 ON 25-25 TO 1/4 MILE OR LESS
LOWEST: 14 ON 29 3 = THUNDER
SNOW, ICE PELLETS, HAIL 4 = ICE PELLETS
TOTAL MONTH: M 5 = HAIL
GRTST 24HR M ON M 6 = FREEZING RAIN OR DRIZZLE
GRTST DEPTH: M ON M 7 = DUSTSTORM OR SANDSTORM:
VSBY 1/2 MILE OR LESS
8 = SMOKE OR HAZE
[NO. OF DAYS WITH] [WEATHER - DAYS WITH] 9 = BLOWING SNOW
X = TORNADO
MAX 32 OR BELOW: 0 0.01 INCH OR MORE: 5
MAX 90 OR ABOVE: 0 0.10 INCH OR MORE: 2
MIN 32 OR BELOW: 27 0.50 INCH OR MORE: 0
MIN 0 OR BELOW: 0 1.00 INCH OR MORE: 0
[HDD (BASE 65) ]
TOTAL THIS MO. 704 CLEAR (SCALE 0-3) 20
DPTR FM NORMAL M PTCLDY (SCALE 4-7) 7
TOTAL FM JUL 1 1052 CLOUDY (SCALE 8-10) 4
DPTR FM NORMAL M
[CDD (BASE 65) ]
TOTAL THIS MO. 0
DPTR FM NORMAL M [PRESSURE DATA]
TOTAL FM JAN 1 67 HIGHEST SLP M ON M
DPTR FM NORMAL M LOWEST SLP M ON M
[REMARKS]
#FINAL-10-22#