000
CXUS53 KGRB 230719
CF6ATW
PRELIMINARY LOCAL CLIMATOLOGICAL DATA (WS FORM: F-6)
STATION: APPLETON WI
MONTH: FEBRUARY
YEAR: 2023
LATITUDE: 44 16 N
LONGITUDE: 88 31 W
TEMPERATURE IN F: :PCPN: SNOW: WIND :SUNSHINE: SKY :PK WND
================================================================================
1 2 3 4 5 6A 6B 7 8 9 10 11 12 13 14 15 16 17 18
12Z AVG MX 2MIN
DY MAX MIN AVG DEP HDD CDD WTR SNW DPTH SPD SPD DIR MIN PSBL S-S WX SPD DR
================================================================================
1 21 0 11 -7 54 0 M M M 8.4 13 250 M M 4 M M
2 21 1 11 -7 54 0 M M M 13.6 20 330 M M 2 26 320
3 5 -8 -1 -19 66 0 M M M 9.7 15 310 M M 5 18 310
4 27 5 16 -2 49 0 M M M 10.5 21 210 M M 4 26 210
5 32 18 25 7 40 0 M M M 6.1 9 330 M M 2 1 M M
6 37 14 26 7 39 0 0.05 M M 8.8 17 150 M M 6 12 25 160
7 39 28 34 15 31 0 M M M 13.9 18 280 M M 7 26 280
8 43 23 33 14 32 0 M M M 7.2 12 210 M M 3 M M
9 36 30 33 14 32 0 M M M 9.7 20 310 M M 7 1 28 330
10 34 19 27 8 38 0 M M M 12.1 17 300 M M 2 25 310
11 46 19 33 13 32 0 M M M 11.7 23 220 M M 0 29 220
12 45 23 34 14 31 0 M M M 6.9 10 250 M M 0 M M
13 45 28 37 17 28 0 M M M 10.4 15 290 M M 1 24 270
14 46 27 37 17 28 0 M M M 15.8132 160 M M 5 31 130
15 45 28 37 16 28 0 M M M 16.2 26 250 M M 9 1 35 250
16 28 19 24 3 41 0 M M M 17.0144 50 M M 9 23 30
17 23 5 14 -7 51 0 M M M 10.5 18 210 M M 2 23 360
18 36 18 27 6 38 0 M M M 9.6 15 220 M M 0 21 220
19 45 27 36 14 29 0 M M M 12.7 22 300 M M 2 22 210
20 36 19 28 6 37 0 M M M 7.7 13 230 M M 5 20 250
21 32 18 25 3 40 0 0.02 M M 14.0 25 270 M M 7 36 270
22 28 21 25 2 40 0 0.02 M M 15.7 22 50 M M 10 33 50
================================================================================
SM 750 382 858 0 0.09 M 248.0 M 92
================================================================================
AV 34.1 17.4 11.3 FASTST M M 4 MAX(MPH)
MISC ----> 144 50 36 270
================================================================================
NOTES:
# LAST OF SEVERAL OCCURRENCES
COLUMN 17 PEAK WIND IN M.P.H.
PRELIMINARY LOCAL CLIMATOLOGICAL DATA (WS FORM: F-6) , PAGE 2
STATION: APPLETON WI
MONTH: FEBRUARY
YEAR: 2023
LATITUDE: 44 16 N
LONGITUDE: 88 31 W
[TEMPERATURE DATA] [PRECIPITATION DATA] SYMBOLS USED IN COLUMN 16
AVERAGE MONTHLY: 25.7 TOTAL FOR MONTH: 0.09 1 = FOG OR MIST
DPTR FM NORMAL: 5.8 DPTR FM NORMAL: -0.70 2 = FOG REDUCING VISIBILITY
HIGHEST: 46 ON 14,11 GRTST 24HR 0.05 ON 6- 6 TO 1/4 MILE OR LESS
LOWEST: -8 ON 3 3 = THUNDER
SNOW, ICE PELLETS, HAIL 4 = ICE PELLETS
TOTAL MONTH: M 5 = HAIL
GRTST 24HR M ON M 6 = FREEZING RAIN OR DRIZZLE
GRTST DEPTH: M ON M 7 = DUSTSTORM OR SANDSTORM:
VSBY 1/2 MILE OR LESS
8 = SMOKE OR HAZE
[NO. OF DAYS WITH] [WEATHER - DAYS WITH] 9 = BLOWING SNOW
X = TORNADO
MAX 32 OR BELOW: 9 0.01 INCH OR MORE: 3
MAX 90 OR ABOVE: 0 0.10 INCH OR MORE: 0
MIN 32 OR BELOW: 22 0.50 INCH OR MORE: 0
MIN 0 OR BELOW: 2 1.00 INCH OR MORE: 0
[HDD (BASE 65) ]
TOTAL THIS MO. 858 CLEAR (SCALE 0-3) 10
DPTR FM NORMAL -134 PTCLDY (SCALE 4-7) 9
TOTAL FM JUL 1 4858 CLOUDY (SCALE 8-10) 3
DPTR FM NORMAL -558
[CDD (BASE 65) ]
TOTAL THIS MO. 0
DPTR FM NORMAL 0 [PRESSURE DATA]
TOTAL FM JAN 1 0 HIGHEST SLP M ON M
DPTR FM NORMAL 0 LOWEST SLP M ON M
[REMARKS]