000
CXUS53 KARX 041457
CF6FKA
PRELIMINARY LOCAL CLIMATOLOGICAL DATA (WS FORM: F-6)
STATION: PRESTON MN
MONTH: NOVEMBER
YEAR: 2021
LATITUDE: 43 40 N
LONGITUDE: 92 11 W
TEMPERATURE IN F: :PCPN: SNOW: WIND :SUNSHINE: SKY :PK WND
================================================================================
1 2 3 4 5 6A 6B 7 8 9 10 11 12 13 14 15 16 17 18
12Z AVG MX 2MIN
DY MAX MIN AVG DEP HDD CDD WTR SNW DPTH SPD SPD DIR MIN PSBL S-S WX SPD DR
================================================================================
1 43 27 35 M 30 0 0.00 0.0 0 10.5 17 300 M M 5 27 300
2 41 27 34 M 31 0 0.00 0.0 0 8.7 15 310 M M 3 18 310
3 42 23 33 M 32 0 0.00 0.0 0 3.5 8 190 M M 5 M M
4 51 32 42 M 23 0 0.00 0.0 0 7.0 10 210 M M 5 17 210
5 53 32 43 M 22 0 0.00 0.0 0 16.4 28 180 M M 2 8 35 180
6 65 38 52 M 13 0 0.00 0.0 0 10.8 17 200 M M 0 24 210
7 62 42 52 M 13 0 0.00 0.0 0 11.4 17 190 M M 0 23 180
8 60 41 51 M 14 0 0.00 0.0 0 8.5 16 350 M M 1 1 22 10
9 54 32 43 M 22 0 0.00 0.0 0 4.9 9 10 M M 0 M M
10 52 33 43 M 22 0 1.04 0.0 0 8.3 17 130 M M 5 1 24 130
11 50 32 41 M 24 0 0.30 T 0 16.3 24 310 M M 10 1 32 290
12 37 31 34 M 31 0 0.09 M M 13.6 22 310 M M 10 1 29 310
13 32 29 31 M 34 0 M M 0 11.0 16 210 M M 10 1 23 210
14 33 26 30 M 35 0 0.01 M M 14.5 29 300 M M 9 1 37 340
15 35 26 31 M 34 0 0.00 0.0 0 4.2 8 120 M M 2 M M
16 45 26 36 M 29 0 0.00 0.0 0 12.2 20 140 M M 0 29 140
17 44 27 36 M 29 0 0.00 0.0 0 16.6 28 280 M M 3 1 33 280
18 29 21 25 M 40 0 T T 0 16.8 25 300 M M 6 33 300
19 38 17 28 M 37 0 0.00 0.0 0 11.3 18 190 M M 0 27 170
20 47 31 39 M 26 0 0.00 0.0 0 8.2 14 180 M M 0 8 20 180
21 39 18 29 M 36 0 0.00 0.0 0 15.1 29 310 M M 2 39 300
22 31 14 23 M 42 0 0.00 0.0 0 7.1 12 290 M M 1 16 280
23 48 22 35 M 30 0 0.00 0.0 0 14.4 21 190 M M 0 29 180
24 52 31 42 M 23 0 0.00 0.0 0 15.2 22 190 M M 2 8 28 350
25 31 11 21 M 44 0 M M 0 13.0 21 310 M M 4 8 27 350
26 32 12 22 M 43 0 0.00 0.0 0 9.6 14 160 M M 1 21 170
27 43 25 34 M 31 0 0.00 0.0 0 9.5 16 310 M M 1 22 340
28 37 22 30 M 35 0 0.00 0.0 0 11.4 18 310 M M 0 24 310
29 53 29 41 M 24 0 0.00 0.0 0 10.6 16 280 M M 1 22 190
30 43 30 37 M 28 0 0.00 0.0 0 7.4 15 310 M M 1 8 18 310
================================================================================
SM 1322 807 877 0 1.44 T 328.0 M 89
================================================================================
AV 44.1 26.9 10.9 FASTST M M 3 MAX(MPH)
MISC ----> # 29 300 39 300
================================================================================
NOTES:
# LAST OF SEVERAL OCCURRENCES
COLUMN 17 PEAK WIND IN M.P.H.
PRELIMINARY LOCAL CLIMATOLOGICAL DATA (WS FORM: F-6) , PAGE 2
STATION: PRESTON MN
MONTH: NOVEMBER
YEAR: 2021
LATITUDE: 43 40 N
LONGITUDE: 92 11 W
[TEMPERATURE DATA] [PRECIPITATION DATA] SYMBOLS USED IN COLUMN 16
AVERAGE MONTHLY: 35.5 TOTAL FOR MONTH: 1.44 1 = FOG OR MIST
DPTR FM NORMAL: 0.0 DPTR FM NORMAL: M 2 = FOG REDUCING VISIBILITY
HIGHEST: 65 ON 6 GRTST 24HR 1.04 ON 10-10 TO 1/4 MILE OR LESS
LOWEST: 11 ON 25 3 = THUNDER
SNOW, ICE PELLETS, HAIL 4 = ICE PELLETS
TOTAL MONTH: T 5 = HAIL
GRTST 24HR T ON 11-11 6 = FREEZING RAIN OR DRIZZLE
GRTST DEPTH: 0 7 = DUSTSTORM OR SANDSTORM:
VSBY 1/2 MILE OR LESS
8 = SMOKE OR HAZE
[NO. OF DAYS WITH] [WEATHER - DAYS WITH] 9 = BLOWING SNOW
X = TORNADO
MAX 32 OR BELOW: 5 0.01 INCH OR MORE: 4
MAX 90 OR ABOVE: 0 0.10 INCH OR MORE: 2
MIN 32 OR BELOW: 26 0.50 INCH OR MORE: 1
MIN 0 OR BELOW: 0 1.00 INCH OR MORE: 1
[HDD (BASE 65) ]
TOTAL THIS MO. 877 CLEAR (SCALE 0-3) 20
DPTR FM NORMAL M PTCLDY (SCALE 4-7) 6
TOTAL FM JUL 1 1338 CLOUDY (SCALE 8-10) 4
DPTR FM NORMAL M
[CDD (BASE 65) ]
TOTAL THIS MO. 0
DPTR FM NORMAL M [PRESSURE DATA]
TOTAL FM JAN 1 499 HIGHEST SLP M ON M
DPTR FM NORMAL M LOWEST SLP M ON M
[REMARKS]
#FINAL-11-21#