000
CXHW50 PHFO 011250
CF6HNL
PRELIMINARY LOCAL CLIMATOLOGICAL DATA (WS FORM: F-6)
STATION: HONOLULU HI
MONTH: JUNE
YEAR: 2020
LATITUDE: 21 21 N
LONGITUDE: 157 56 W
TEMPERATURE IN F: :PCPN: SNOW: WIND :SUNSHINE: SKY :PK WND
================================================================================
1 2 3 4 5 6A 6B 7 8 9 10 11 12 13 14 15 16 17 18
12Z AVG MX 2MIN
DY MAX MIN AVG DEP HDD CDD WTR SNW DPTH SPD SPD DIR MIN PSBL S-S WX SPD DR
================================================================================
1 89 75 82 3 0 17 T 0.0 M 7.8 17 60 M M M 22 30
2 89 75 82 3 0 17 T 0.0 M 8.7 18 40 M M M 23 50
3 89 75 82 3 0 17 0.00 0.0 M 12.4 21 40 M M M 27 50
4 88 77 83 3 0 18 0.00 0.0 M 13.3 22 50 M M M 28 50
5 88 74 81 1 0 16 T 0.0 M 13.7 26 60 M M M 32 60
6 88 75 82 2 0 17 0.00 0.0 M 11.5 21 60 M M M 31 80
7 88 73 81 1 0 16 0.00 0.0 M 10.3 22 70 M M M 29 60
8 88 76 82 2 0 17 0.00 0.0 M 9.4 22 80 M M M 27 80
9 87 74 81 1 0 16 T 0.0 M 11.4 23 70 M M M 30 70
10 88 75 82 2 0 17 T 0.0 M 15.2 26 60 M M M 35 80
11 87 77 82 2 0 17 T 0.0 M 18.3 30 70 M M M 40 70
12 87 77 82 2 0 17 T 0.0 M 18.3 30 60 M M M 38 70
13 88 76 82 2 0 17 0.00 0.0 M 15.6 26 60 M M M 33 70
14 86 76 81 1 0 16 0.00 0.0 M 14.3 24 60 M M M 30 70
15 87 75 81 1 0 16 T 0.0 M 14.3 23 60 M M M 29 50
16 86 73 80 0 0 15 0.10 0.0 M 10.4 24 70 M M M 1 30 60
17 87 73 80 0 0 15 0.00 0.0 M 10.4 21 60 M M M 28 70
18 88 75 82 2 0 17 T 0.0 M 14.4 26 70 M M M 1 36 50
19 86 74 80 -1 0 15 T 0.0 M 14.6 24 70 M M M 33 70
20 88 73 81 0 0 16 T 0.0 M 11.5 23 60 M M M 28 70
21 86 73 80 -1 0 15 T 0.0 M 10.4 18 90 M M M 25 50
22 88 75 82 1 0 17 0.00 0.0 M 11.0 20 80 M M M 24 80
23 87 72 80 -1 0 15 0.00 0.0 M 9.9 17 90 M M M 24 70
24 90 75 83 2 0 18 T 0.0 M 9.6 21 60 M M M 26 40
25 89 75 82 1 0 17 T 0.0 M 11.6 21 60 M M M 28 70
26 89 76 83 2 0 18 0.00 0.0 M 14.1 22 60 M M M 27 70
27 87 75 81 0 0 16 T 0.0 M 8.6 18 30 M M M 24 30
28 89 73 81 0 0 16 0.00 0.0 M 8.3 18 80 M M M 24 80
29 89 74 82 1 0 17 T 0.0 M 8.7 18 80 M M M 25 60
30 89 76 83 2 0 18 0.00 0.0 M 12.4 22 70 M M M 26 70
================================================================================
SM 2635 2242 0 496 0.10 0.0 360.4 M M
================================================================================
AV 87.8 74.7 12.0 FASTST M M 0 MAX(MPH)
MISC ----> # 30 70 # 40 70
================================================================================
NOTES:
# LAST OF SEVERAL OCCURRENCES
COLUMN 17 PEAK WIND IN M.P.H.
PRELIMINARY LOCAL CLIMATOLOGICAL DATA (WS FORM: F-6) , PAGE 2
STATION: HONOLULU HI
MONTH: JUNE
YEAR: 2020
LATITUDE: 21 21 N
LONGITUDE: 157 56 W
[TEMPERATURE DATA] [PRECIPITATION DATA] SYMBOLS USED IN COLUMN 16
AVERAGE MONTHLY: 81.3 TOTAL FOR MONTH: 0.10 1 = FOG OR MIST
DPTR FM NORMAL: 1.1 DPTR FM NORMAL: -0.16 2 = FOG REDUCING VISIBILITY
HIGHEST: 90 ON 24 GRTST 24HR 0.10 ON 16-16 TO 1/4 MILE OR LESS
LOWEST: 72 ON 23 3 = THUNDER
SNOW, ICE PELLETS, HAIL 4 = ICE PELLETS
TOTAL MONTH: 0.0 INCH 5 = HAIL
GRTST 24HR 0.0 6 = FREEZING RAIN OR DRIZZLE
GRTST DEPTH: M ON M 7 = DUSTSTORM OR SANDSTORM:
VSBY 1/2 MILE OR LESS
8 = SMOKE OR HAZE
[NO. OF DAYS WITH] [WEATHER - DAYS WITH] 9 = BLOWING SNOW
X = TORNADO
MAX 32 OR BELOW: 0 0.01 INCH OR MORE: 1
MAX 90 OR ABOVE: 1 0.10 INCH OR MORE: 1
MIN 32 OR BELOW: 0 0.50 INCH OR MORE: 0
MIN 0 OR BELOW: 0 1.00 INCH OR MORE: 0
[HDD (BASE 65) ]
TOTAL THIS MO. 0 CLEAR (SCALE 0-3) 0
DPTR FM NORMAL 0 PTCLDY (SCALE 4-7) 0
TOTAL FM JUL 1 0 CLOUDY (SCALE 8-10) 0
DPTR FM NORMAL 0
[CDD (BASE 65) ]
TOTAL THIS MO. 496
DPTR FM NORMAL 40 [PRESSURE DATA]
TOTAL FM JAN 1 2244 HIGHEST SLP 30.15 ON 12
DPTR FM NORMAL 286 LOWEST SLP 29.91 ON 28
[REMARKS]
#FINAL-06-20#