000
CXUS51 KAKQ 010833
CF6SBY
PRELIMINARY LOCAL CLIMATOLOGICAL DATA (WS FORM: F-6)
STATION: SALISBURY MD
MONTH: APRIL
YEAR: 2020
LATITUDE: 38 20 N
LONGITUDE: 75 30 W
TEMPERATURE IN F: :PCPN: SNOW: WIND :SUNSHINE: SKY :PK WND
================================================================================
1 2 3 4 5 6A 6B 7 8 9 10 11 12 13 14 15 16 17 18
12Z AVG MX 2MIN
DY MAX MIN AVG DEP HDD CDD WTR SNW DPTH SPD SPD DIR MIN PSBL S-S WX SPD DR
================================================================================
1 56 37 47 -3 18 0 0.18 0.0 0 10.2 24 50 M M 7 1 31 50
2 60 40 50 0 15 0 0.00 0.0 0 14.5 32 330 M M 1 44 300
3 61 49 55 5 10 0 0.00 0.0 0 16.5 29 330 M M 5 37 320
4 55 39 47 -4 18 0 T 0.0 0 7.0 18 50 M M 8 18 21 50
5 65 40 53 2 12 0 0.00 0.0 0 5.2 14 260 M M 2 20 240
6 71 43 57 6 8 0 T 0.0 0 5.2 14 310 M M 3 20 120
7 75 41 58 6 7 0 0.11 0.0 0 5.4 18 250 M M 5 13 22 240
8 78 52 65 13 0 0 0.02 0.0 0 9.2 29 320 M M 1 13 40 320
9 79 49 64 12 1 0 0.00 0.0 0 15.6 33 320 M M 3 45 340
10 54 44 49 -3 16 0 0.00 0.0 0 17.2 36 270 M M 2 51 260
11 61 34 48 -5 17 0 0.00 0.0 0 8.3 22 240 M M 0 31 240
12 74 40 57 4 8 0 0.11 0.0 0 10.5 25 180 M M 4 1 32 160
13 78 59 69 16 0 4 0.66 0.0 0 17.4 39 180 M M 8 138 54 180
14 62 45 54 0 11 0 0.00 0.0 0 7.1 21 330 M M 3 25 330
15 54 34 44 -10 21 0 0.10 0.0 0 9.3 24 330 M M 5 1 32 340
16 54 33 44 -10 21 0 T 0.0 0 9.1 22 300 M M 0 31 310
17 61 31 46 -8 19 0 0.00 0.0 0 6.8 22 200 M M 1 29 210
18 62 33 48 -7 17 0 0.26 0.0 0 10.2 30 330 M M 5 1 38 310
19 64 30 47 -8 18 0 0.00 0.0 0 7.3 20 210 M M 0 25 200
20 57 44 51 -4 14 0 0.16 0.0 0 5.5 16 30 M M 6 1 20 20
21 71 43 57 1 8 0 0.08 0.0 0 13.2 39 290 M M 2 13 49 290
22 60 32 46 -10 19 0 0.00 0.0 0 8.4 28 280 M M 0 38 270
23 65 40 53 -3 12 0 0.22 0.0 0 6.3 17 110 M M 6 1 21 100
24 68 50 59 3 6 0 0.11 0.0 0 9.6 17 190 M M 10 1 24 190
25 65 47 56 -1 9 0 0.27 0.0 0 7.1 17 60 M M 8 1 21 70
26 66 50 58 1 7 0 0.14 0.0 0 7.0 17 260 M M 9 1 22 270
27 56 44 50 -7 15 0 0.06 0.0 0 10.9 21 310 M M 9 1 31 320
28 63 39 51 -7 14 0 T 0.0 0 5.5 17 240 M M 5 20 240
29 77 50 64 6 1 0 0.00 0.0 0 9.4 18 170 M M 2 27 150
30 72 57 65 7 0 0 0.63 0.0 0 15.9 33 150 M M 7 1 52 130
================================================================================
SM 1944 1269 342 4 3.11 0.0 290.8 M 127
================================================================================
AV 64.8 42.3 9.7 FASTST M M 4 MAX(MPH)
MISC ----> # 39 180 # 54 180
================================================================================
NOTES:
# LAST OF SEVERAL OCCURRENCES
COLUMN 17 PEAK WIND IN M.P.H.
PRELIMINARY LOCAL CLIMATOLOGICAL DATA (WS FORM: F-6) , PAGE 2
STATION: SALISBURY MD
MONTH: APRIL
YEAR: 2020
LATITUDE: 38 20 N
LONGITUDE: 75 30 W
[TEMPERATURE DATA] [PRECIPITATION DATA] SYMBOLS USED IN COLUMN 16
AVERAGE MONTHLY: 53.6 TOTAL FOR MONTH: 3.11 1 = FOG OR MIST
DPTR FM NORMAL: -0.4 DPTR FM NORMAL: -0.44 2 = FOG REDUCING VISIBILITY
HIGHEST: 79 ON 9 GRTST 24HR 0.66 ON 13-13 TO 1/4 MILE OR LESS
LOWEST: 30 ON 19 3 = THUNDER
SNOW, ICE PELLETS, HAIL 4 = ICE PELLETS
TOTAL MONTH: 0.0 INCH 5 = HAIL
GRTST 24HR 0.0 6 = FREEZING RAIN OR DRIZZLE
GRTST DEPTH: 0 7 = DUSTSTORM OR SANDSTORM:
VSBY 1/2 MILE OR LESS
8 = SMOKE OR HAZE
[NO. OF DAYS WITH] [WEATHER - DAYS WITH] 9 = BLOWING SNOW
X = TORNADO
MAX 32 OR BELOW: 0 0.01 INCH OR MORE: 15
MAX 90 OR ABOVE: 0 0.10 INCH OR MORE: 12
MIN 32 OR BELOW: 3 0.50 INCH OR MORE: 2
MIN 0 OR BELOW: 0 1.00 INCH OR MORE: 0
[HDD (BASE 65) ]
TOTAL THIS MO. 342 CLEAR (SCALE 0-3) 13
DPTR FM NORMAL -3 PTCLDY (SCALE 4-7) 14
TOTAL FM JUL 1 3536 CLOUDY (SCALE 8-10) 3
DPTR FM NORMAL -744
[CDD (BASE 65) ]
TOTAL THIS MO. 4
DPTR FM NORMAL -11 [PRESSURE DATA]
TOTAL FM JAN 1 9 HIGHEST SLP 30.37 ON 17
DPTR FM NORMAL -8 LOWEST SLP 29.25 ON 9
[REMARKS]
#FINAL-04-20#