000
CXUS54 KOUN 230700
CF6OKC
PRELIMINARY LOCAL CLIMATOLOGICAL DATA (WS FORM: F-6)

                                          STATION:   OKLAHOMA CITY
                                          MONTH:     APRIL
                                          YEAR:      2017
                                          LATITUDE:   35 24 N
                                          LONGITUDE:  97 36 W

  TEMPERATURE IN F:       :PCPN:    SNOW:  WIND      :SUNSHINE: SKY     :PK WND
================================================================================
1   2   3   4   5  6A  6B    7    8   9   10  11  12  13   14  15   16   17  18
                                     12Z  AVG MX 2MIN
DY MAX MIN AVG DEP HDD CDD  WTR  SNW DPTH SPD SPD DIR MIN PSBL S-S WX    SPD DR
================================================================================

 1  75  46  61   4   4   0 0.13  0.0    0 12.1 22 150   M    M   7 13     27  50
 2  58  52  55  -2  10   0 0.69  0.0    0  9.1 17 310   M    M  10 123    21  30
 3  76  51  64   7   1   0 0.01  0.0    0  8.1 18 270   M    M   3 18     23 290
 4  68  46  57  -1   8   0    T  0.0    0 17.3 29 310   M    M   8 13     36 310
 5  66  45  56  -2   9   0    T  0.0    0 20.6 37 330   M    M   6 1      45 330
 6  71  37  54  -4  11   0 0.00  0.0    0  6.6 14  50   M    M   1        18 340
 7  76  42  59   1   6   0 0.00  0.0    0 13.4 25 190   M    M   4        30 180
 8  82  57  70  11   0   5 0.00  0.0    0 20.7 32 190   M    M   7        39 190
 9  84  63  74  15   0   9 0.00  0.0    0 21.1 33 190   M    M   7        43 190
10  73  55  64   5   1   0 0.00  0.0    0 14.5 29 360   M    M   5        34 360
11  75  47  61   1   4   0 0.00  0.0    0 10.1 16  30   M    M   4        20  50
12  75  52  64   4   1   0 0.00  0.0    0 10.6 20 160   M    M   8 128    26 180
13  74  54  64   4   1   0 1.20  0.0    0  9.1 20 220   M    M   9 138    24 180
14  79  60  70  10   0   5 0.00  0.0    0 15.7 28 180   M    M   6        35 180
15  81  63  72  11   0   7 0.00  0.0    0 17.8 25 200   M    M   8        32 170
16  73  61  67   6   0   2 0.03  0.0    0 11.7 24 190   M    M   8 1      32 180
17  71  55  63   2   2   0 0.00  0.0    0  9.3 24  90   M    M   8 1      32 100
18  79  52  66   4   0   1 0.00  0.0    0 10.2 21 180   M    M   5 12     26 180
19  78  61  70   8   0   5 0.00  0.0    0 17.3 26 170   M    M   5        33 160
20  71  62  67   5   0   2    T  0.0    0 11.3 23  30   M    M   8 13     30  50
21  62  48  55  -8  10   0 1.43  0.0    0 15.7 46 330   M    M   8 123    58 330
22  59  46  53 -10  12   0 0.00  0.0    0 16.6 26 360   M    M   8        33 350
================================================================================
SM 1606 1155        80  36  3.49     0.0 298.9          M      143
================================================================================
AV 73.0 52.5                              13.6 FASTST   M    M   7    MAX(MPH)
                                 MISC ---->  # 46 330               # 58  330
================================================================================
NOTES:
# LAST OF SEVERAL OCCURRENCES

COLUMN 17 PEAK WIND IN M.P.H.

PRELIMINARY LOCAL CLIMATOLOGICAL DATA (WS FORM: F-6) , PAGE 2

                                          STATION:  OKLAHOMA CITY
                                          MONTH:    APRIL
                                          YEAR:     2017
                                          LATITUDE:   35 24 N
                                          LONGITUDE:  97 36 W

[TEMPERATURE DATA]      [PRECIPITATION DATA]       SYMBOLS USED IN COLUMN 16

AVERAGE MONTHLY: 62.8   TOTAL FOR MONTH:   3.49    1 = FOG OR MIST
DPTR FM NORMAL:   3.0   DPTR FM NORMAL:    1.44    2 = FOG REDUCING VISIBILITY
HIGHEST:    84 ON  9    GRTST 24HR  1.43 ON 21-21      TO 1/4 MILE OR LESS
LOWEST:     37 ON  6                               3 = THUNDER
                        SNOW, ICE PELLETS, HAIL    4 = ICE PELLETS
                        TOTAL MONTH:   0.0 INCH    5 = HAIL
                        GRTST 24HR     0.0         6 = FREEZING RAIN OR DRIZZLE
                        GRTST DEPTH:   0           7 = DUSTSTORM OR SANDSTORM:
                                                       VSBY 1/2 MILE OR LESS
                                                   8 = SMOKE OR HAZE
[NO. OF DAYS WITH]      [WEATHER - DAYS WITH]      9 = BLOWING SNOW
                                                   X = TORNADO
MAX 32 OR BELOW:   0    0.01 INCH OR MORE:   6
MAX 90 OR ABOVE:   0    0.10 INCH OR MORE:   4
MIN 32 OR BELOW:   0    0.50 INCH OR MORE:   3
MIN  0 OR BELOW:   0    1.00 INCH OR MORE:   2

[HDD (BASE 65) ]
TOTAL THIS MO.    80    CLEAR  (SCALE 0-3)   1
DPTR FM NORMAL   -66    PTCLDY (SCALE 4-7)  17
TOTAL FM JUL 1  2584    CLOUDY (SCALE 8-10)  4
DPTR FM NORMAL  -721

[CDD (BASE 65) ]
TOTAL THIS MO.    36
DPTR FM NORMAL     4    [PRESSURE DATA]
TOTAL FM JAN 1    93    HIGHEST SLP M ON M
DPTR FM NORMAL    48    LOWEST  SLP 29.49 ON  4

[REMARKS]
