000
CXUS54 KFWD 010730
CF60F2
PRELIMINARY LOCAL CLIMATOLOGICAL DATA (WS FORM: F-6)
STATION: BOWIE
MONTH: SEPTEMBER
YEAR: 2021
LATITUDE: 33 36 N
LONGITUDE: 97 47 W
TEMPERATURE IN F: :PCPN: SNOW: WIND :SUNSHINE: SKY :PK WND
================================================================================
1 2 3 4 5 6A 6B 7 8 9 10 11 12 13 14 15 16 17 18
12Z AVG MX 2MIN
DY MAX MIN AVG DEP HDD CDD WTR SNW DPTH SPD SPD DIR MIN PSBL S-S WX SPD DR
================================================================================
1 96 72 84 4 0 19 0.00 M M 3.5 8 160 M M 1 M M
2 95 72 84 5 0 19 0.00 M M 5.3 14 180 M M 1 1 21 180
3 94 75 85 6 0 20 0.00 M M 6.7 14 160 M M 0 20 190
4 97 73 85 6 0 20 0.00 M M 5.5 10 180 M M 0 16 210
5 84 71 78 0 0 13 0.00 M M 3.4 8 40 M M 6 1 M M
6 92 68 80 2 0 15 0.00 M M 2.7 8 140 M M 1 M M
7 93 61 77 -1 0 12 0.00 M M 4.3 12 170 M M 1 17 170
8 94 64 79 2 0 14 0.00 M M 3.7 12 40 M M 2 18 40
9 91 58 75 -2 0 10 0.00 M M 3.4 9 170 M M 0 18 160
10 91 62 77 1 0 12 0.00 M M 8.1 15 170 M M 0 23 190
11 91 63 77 1 0 12 0.00 M M 7.1 14 180 M M 0 20 170
12 89 57 73 -3 0 8 0.00 M M 4.6 12 180 M M 0 20 170
13 91 62 77 2 0 12 0.00 M M 5.7 15 160 M M 1 20 160
14 90 65 78 3 0 13 0.00 M M 4.6 13 150 M M 2 20 150
15 90 63 77 3 0 12 0.00 M M 2.1 7 70 M M 2 M M
16 90 65 78 4 0 13 0.00 M M 2.4 8 150 M M 2 M M
17 92 65 79 5 0 14 0.00 M M 2.7 8 90 M M 0 M M
18 94 64 79 6 0 14 0.00 M M 1.5 6 20 M M 1 M M
19 94 66 80 7 0 15 0.00 M M 2.9 9 160 M M 1 M M
20 98 69 84 12 0 19 0.00 M M 8.2 15 170 M M 0 22 170
21 83 58 71 -1 0 6 0.00 M M 10.9 21 360 M M 1 29 360
22 81 47 64 -8 1 0 0.00 M M 3.4 9 350 M M 0 8 20 70
23 84 47 66 -5 0 1 0.00 M M 2.7 8 150 M M 0 16 190
24 87 50 69 -2 0 4 0.00 M M 3.2 13 190 M M 0 16 190
25 90 52 71 1 0 6 0.00 M M 1.9 7 120 M M 0 M M
26 90 58 74 4 0 9 0.00 M M 6.7 16 190 M M 0 22 170
27 89 60 75 5 0 10 0.00 M M 5.9 14 190 M M 0 20 190
28 96 64 80 11 0 15 0.00 M M 6.3 16 250 M M 4 30 250
29 87 75 81 12 0 16 0.00 M M M M M M M 1 M M
30 85 65 75 6 0 10 0.69 M M M M M M M 3 M M
================================================================================
SM 2718 1891 1 363 0.69 M 129.1 M 30
================================================================================
AV 90.6 63.0 4.6 FASTST M M 1 MAX(MPH)
MISC ----> 21 360 30 250
================================================================================
NOTES:
# LAST OF SEVERAL OCCURRENCES
COLUMN 17 PEAK WIND IN M.P.H.
PRELIMINARY LOCAL CLIMATOLOGICAL DATA (WS FORM: F-6) , PAGE 2
STATION: BOWIE
MONTH: SEPTEMBER
YEAR: 2021
LATITUDE: 33 36 N
LONGITUDE: 97 47 W
[TEMPERATURE DATA] [PRECIPITATION DATA] SYMBOLS USED IN COLUMN 16
AVERAGE MONTHLY: 76.8 TOTAL FOR MONTH: 0.69 1 = FOG OR MIST
DPTR FM NORMAL: 2.6 DPTR FM NORMAL: -2.72 2 = FOG REDUCING VISIBILITY
HIGHEST: 98 ON 20 GRTST 24HR 0.69 ON 30-30 TO 1/4 MILE OR LESS
LOWEST: 47 ON 23,22 3 = THUNDER
SNOW, ICE PELLETS, HAIL 4 = ICE PELLETS
TOTAL MONTH: M 5 = HAIL
GRTST 24HR M ON M 6 = FREEZING RAIN OR DRIZZLE
GRTST DEPTH: M ON M 7 = DUSTSTORM OR SANDSTORM:
VSBY 1/2 MILE OR LESS
8 = SMOKE OR HAZE
[NO. OF DAYS WITH] [WEATHER - DAYS WITH] 9 = BLOWING SNOW
X = TORNADO
MAX 32 OR BELOW: 0 0.01 INCH OR MORE: 1
MAX 90 OR ABOVE: 21 0.10 INCH OR MORE: 1
MIN 32 OR BELOW: 0 0.50 INCH OR MORE: 1
MIN 0 OR BELOW: 0 1.00 INCH OR MORE: 0
[HDD (BASE 65) ]
TOTAL THIS MO. 1 CLEAR (SCALE 0-3) 28
DPTR FM NORMAL -15 PTCLDY (SCALE 4-7) 2
TOTAL FM JUL 1 1 CLOUDY (SCALE 8-10) 0
DPTR FM NORMAL -14
[CDD (BASE 65) ]
TOTAL THIS MO. 363
DPTR FM NORMAL 71 [PRESSURE DATA]
TOTAL FM JAN 1 1977 HIGHEST SLP M ON M
DPTR FM NORMAL -6 LOWEST SLP M ON M
[REMARKS]
#FINAL-09-21#