402
CXUS55 KSEW 010930
CF6BLI
PRELIMINARY LOCAL CLIMATOLOGICAL DATA (WS FORM: F-6)
STATION: BELLINGHAM WA AIRPORT
MONTH: MARCH
YEAR: 2021
LATITUDE: 48 47 N
LONGITUDE: 122 32 W
TEMPERATURE IN F: :PCPN: SNOW: WIND :SUNSHINE: SKY :PK WND
================================================================================
1 2 3 4 5 6A 6B 7 8 9 10 11 12 13 14 15 16 17 18
12Z AVG MX 2MIN
DY MAX MIN AVG DEP HDD CDD WTR SNW DPTH SPD SPD DIR MIN PSBL S-S WX SPD DR
================================================================================
1 51 39 45 3 20 0 0.00 M M 4.7 12 170 M M 4 14 210
2 47 36 42 0 23 0 0.06 M M 4.0 13 190 M M 8 12 18 200
3 56 33 45 3 20 0 0.00 M M 2.1 13 40 M M 6 16 40
4 58 33 46 4 19 0 0.06 M M 10.4 30 170 M M 4 46 150
5 54 45 50 7 15 0 T M M 12.1 30 170 M M 7 44 180
6 50 45 48 5 17 0 T M M 13.6 24 170 M M 6 32 160
7 50 41 46 3 19 0 0.04 M M 13.0 25 180 M M 9 1 37 180
8 57 33 45 2 20 0 0.00 M M 5.4 12 20 M M 2 16 20
9 54 34 44 1 21 0 0.00 M M 4.2 12 200 M M 4 16 210
10 52 32 42 -1 23 0 0.00 M M 4.9 16 60 M M 4 1 22 70
11 53 28 41 -3 24 0 0.00 M M 3.1 9 300 M M 0 13 10
12 56 32 44 0 21 0 0.00 M M 0.8 9 170 M M 3 12 180
13 58 32 45 1 20 0 0.00 M M 1.5 9 230 M M 1 13 230
14 55 35 45 1 20 0 0.14 M M 9.4 30 160 M M 6 1 42 150
15 49 29 39 -5 26 0 0.00 M M 2.9 13 290 M M 3 18 300
16 50 27 39 -5 26 0 0.00 M M 1.5 8 330 M M 0 12 330
17 59 29 44 0 21 0 0.00 M M 1.0 8 300 M M 1 18 9 300
18 62 37 50 5 15 0 0.31 M M 10.0 23 170 M M 6 1 33 180
19 58 47 53 8 12 0 T M M 15.7 28 170 M M 7 37 160
20 50 44 47 2 18 0 0.04 M M 8.5 28 170 M M 10 1 38 170
21 45 41 43 -2 22 0 0.14 M M 13.8 28 160 M M 10 35 170
22 52 37 45 0 20 0 0.05 M M 6.8 21 170 M M 4 28 180
23 51 34 43 -2 22 0 0.01 M M 5.7 15 190 M M 7 1 19 190
24 48 43 46 0 19 0 0.35 M M 8.1 24 170 M M 10 1 34 190
25 53 38 46 0 19 0 0.01 M M 4.1 12 310 M M 6 1 19 320
26 53 41 47 1 18 0 0.00 M M 8.0 15 180 M M 8 21 200
27 52 45 49 3 16 0 0.00 M M 8.2 15 180 M M 7 21 190
28 50 42 46 0 19 0 0.25 M M 14.7 35 170 M M 9 1 45 170
29 51 35 43 -3 22 0 0.00 M M 4.6 13 320 M M 1 18 240
30 52 35 44 -2 21 0 0.00 M M 4.5 10 200 M M 5 16 250
31 60 31 46 0 19 0 0.00 M M 2.9 10 280 M M 0 15 60
================================================================================
SM 1646 1133 617 0 1.46 M 210.2 M 158
================================================================================
AV 53.1 36.5 6.8 FASTST M M 5 MAX(MPH)
MISC ----> 35 170 46 150
================================================================================
NOTES:
# LAST OF SEVERAL OCCURRENCES
COLUMN 17 PEAK WIND IN M.P.H.
PRELIMINARY LOCAL CLIMATOLOGICAL DATA (WS FORM: F-6) , PAGE 2
STATION: BELLINGHAM WA AIRPORT
MONTH: MARCH
YEAR: 2021
LATITUDE: 48 47 N
LONGITUDE: 122 32 W
[TEMPERATURE DATA] [PRECIPITATION DATA] SYMBOLS USED IN COLUMN 16
AVERAGE MONTHLY: 44.8 TOTAL FOR MONTH: 1.46 1 = FOG OR MIST
DPTR FM NORMAL: 0.6 DPTR FM NORMAL: -1.76 2 = FOG REDUCING VISIBILITY
HIGHEST: 62 ON 18 GRTST 24HR 0.36 ON 23-24 TO 1/4 MILE OR LESS
LOWEST: 27 ON 16 3 = THUNDER
SNOW, ICE PELLETS, HAIL 4 = ICE PELLETS
TOTAL MONTH: M 5 = HAIL
GRTST 24HR M ON M 6 = FREEZING RAIN OR DRIZZLE
GRTST DEPTH: M ON M 7 = DUSTSTORM OR SANDSTORM:
VSBY 1/2 MILE OR LESS
8 = SMOKE OR HAZE
[NO. OF DAYS WITH] [WEATHER - DAYS WITH] 9 = BLOWING SNOW
X = TORNADO
MAX 32 OR BELOW: 0 0.01 INCH OR MORE: 12
MAX 90 OR ABOVE: 0 0.10 INCH OR MORE: 5
MIN 32 OR BELOW: 8 0.50 INCH OR MORE: 0
MIN 0 OR BELOW: 0 1.00 INCH OR MORE: 0
[HDD (BASE 65) ]
TOTAL THIS MO. 617 CLEAR (SCALE 0-3) 9
DPTR FM NORMAL -26 PTCLDY (SCALE 4-7) 17
TOTAL FM JUL 1 3977 CLOUDY (SCALE 8-10) 5
DPTR FM NORMAL -537
[CDD (BASE 65) ]
TOTAL THIS MO. 0
DPTR FM NORMAL 0 [PRESSURE DATA]
TOTAL FM JAN 1 0 HIGHEST SLP M ON M
DPTR FM NORMAL 0 LOWEST SLP 29.71 ON 28
[REMARKS]
#FINAL-03-21#