000
CXUS54 KFWD 010830
CF6PSN
PRELIMINARY LOCAL CLIMATOLOGICAL DATA (WS FORM: F-6)
STATION: PALESTINE
MONTH: DECEMBER
YEAR: 2022
LATITUDE: 31 46 N
LONGITUDE: 95 42 W
TEMPERATURE IN F: :PCPN: SNOW: WIND :SUNSHINE: SKY :PK WND
================================================================================
1 2 3 4 5 6A 6B 7 8 9 10 11 12 13 14 15 16 17 18
12Z AVG MX 2MIN
DY MAX MIN AVG DEP HDD CDD WTR SNW DPTH SPD SPD DIR MIN PSBL S-S WX SPD DR
================================================================================
1 59 37 48 -2 17 0 0.00 M M 6.1 13 120 M M 6 21 90
2 68 50 59 9 6 0 0.03 M M 5.5 10 190 M M 10 12 15 180
3 70 54 62 12 3 0 0.00 M M 7.6 13 340 M M 10 1 18 330
4 63 50 57 7 8 0 0.04 M M 3.6 10 340 M M 10 1 13 340
5 77 55 66 17 0 1 M M M 6.9 14 180 M M 7 1 25 200
6 77 68 73 24 0 8 0.00 M M 9.2 18 200 M M 8 22 200
7 81 68 75 26 0 10 0.00 M M 7.5 15 220 M M 7 23 200
8 79 68 74 25 0 9 0.00 M M 7.9 13 190 M M 9 1 17 190
9 77 63 70 22 0 5 0.00 M M 4.0 9 220 M M 8 18 14 180
10 77 63 70 22 0 5 0.01 M M 6.7 14 10 M M 8 1 20 10
11 63 57 60 12 5 0 M M M 6.3 12 360 M M 10 1 16 340
12 66 57 62 14 3 0 T M M 8.1 14 120 M M 10 1 22 120
13 75 55 65 17 0 0 0.11 M M 8.6 16 210 M M 10 1 27 210
14 63 36 50 3 15 0 0.09 M M 4.2 17 300 M M 5 138 24 280
15 57 30 44 -3 21 0 0.00 M M 2.7 8 310 M M 2 15 280
16 46 32 39 -8 26 0 0.02 M M 5.7 12 360 M M 7 15 50
17 54 27 41 -6 24 0 0.00 M M 4.9 13 340 M M 3 20 330
18 57 25 41 -6 24 0 0.00 M M 6.1 10 110 M M 3 18 110
19 48 39 44 -3 21 0 0.91 M M 7.7 14 110 M M 10 1 25 40
20 46 32 39 -7 26 0 0.03 M M 7.9 10 10 M M 8 12 16 30
21 52 30 41 -5 24 0 0.00 M M 3.8 8 170 M M 5 12 M M
22 48 12 30 -16 35 0 0.00 M M 12.0 21 330 M M 9 1 33 330
23 27 10 19 -27 46 0 0.00 M M 12.5 21 340 M M 2 32 340
24 39 18 29 -17 36 0 0.00 M M 5.8 9 350 M M 1 15 M
25 48 18 33 -13 32 0 0.00 M M 4.1 8 200 M M 2 12 99
26 54 27 41 -5 24 0 0.00 M M 6.8 9 220 M M 1 15 210
27 50 23 37 -9 28 0 0.00 M M 5.1 10 M M M 1 14 350
28 73 39 56 10 9 0 0.00 M M 10.4 22 190 M M 3 30 190
29 73 59 66 20 0 1 0.65 M M 9.6 16 180 M M 9 138 22 180
30 64 52 58 12 7 0 0.02 M M 3.5 9 10 M M 8 12 13 60
31 73 50 62 16 3 0 0.01 M M 5.5 13 180 M M 5 12 21 180
================================================================================
SM 1904 1304 443 39 1.92 M 206.4 M 197
================================================================================
AV 61.4 42.1 6.7 FASTST M M 6 MAX(MPH)
MISC ----> 22 190 33 330
================================================================================
NOTES:
# LAST OF SEVERAL OCCURRENCES
COLUMN 17 PEAK WIND IN M.P.H.
PRELIMINARY LOCAL CLIMATOLOGICAL DATA (WS FORM: F-6) , PAGE 2
STATION: PALESTINE
MONTH: DECEMBER
YEAR: 2022
LATITUDE: 31 46 N
LONGITUDE: 95 42 W
[TEMPERATURE DATA] [PRECIPITATION DATA] SYMBOLS USED IN COLUMN 16
AVERAGE MONTHLY: 51.7 TOTAL FOR MONTH: 1.92 1 = FOG OR MIST
DPTR FM NORMAL: 4.3 DPTR FM NORMAL: -2.28 2 = FOG REDUCING VISIBILITY
HIGHEST: 81 ON 7 GRTST 24HR 0.91 ON 19-19 TO 1/4 MILE OR LESS
LOWEST: 10 ON 23 3 = THUNDER
SNOW, ICE PELLETS, HAIL 4 = ICE PELLETS
TOTAL MONTH: M 5 = HAIL
GRTST 24HR M ON M 6 = FREEZING RAIN OR DRIZZLE
GRTST DEPTH: M ON M 7 = DUSTSTORM OR SANDSTORM:
VSBY 1/2 MILE OR LESS
8 = SMOKE OR HAZE
[NO. OF DAYS WITH] [WEATHER - DAYS WITH] 9 = BLOWING SNOW
X = TORNADO
MAX 32 OR BELOW: 1 0.01 INCH OR MORE: 11
MAX 90 OR ABOVE: 0 0.10 INCH OR MORE: 3
MIN 32 OR BELOW: 12 0.50 INCH OR MORE: 2
MIN 0 OR BELOW: 0 1.00 INCH OR MORE: 0
[HDD (BASE 65) ]
TOTAL THIS MO. 443 CLEAR (SCALE 0-3) 9
DPTR FM NORMAL -108 PTCLDY (SCALE 4-7) 10
TOTAL FM JUL 1 827 CLOUDY (SCALE 8-10) 12
DPTR FM NORMAL -107
[CDD (BASE 65) ]
TOTAL THIS MO. 39
DPTR FM NORMAL 33 [PRESSURE DATA]
TOTAL FM JAN 1 3156 HIGHEST SLP M ON M
DPTR FM NORMAL 834 LOWEST SLP M ON M
[REMARKS]
#FINAL-12-22#