827
CXUS54 KFWD 010730
CF6PSN
PRELIMINARY LOCAL CLIMATOLOGICAL DATA (WS FORM: F-6)
STATION: PALESTINE
MONTH: SEPTEMBER
YEAR: 2020
LATITUDE: 31 46 N
LONGITUDE: 95 42 W
TEMPERATURE IN F: :PCPN: SNOW: WIND :SUNSHINE: SKY :PK WND
================================================================================
1 2 3 4 5 6A 6B 7 8 9 10 11 12 13 14 15 16 17 18
12Z AVG MX 2MIN
DY MAX MIN AVG DEP HDD CDD WTR SNW DPTH SPD SPD DIR MIN PSBL S-S WX SPD DR
================================================================================
1 96 79 88 8 0 23 0.00 0.0 M 9.1 16 180 M M 4 24 180
2 79 72 76 -4 0 11 1.46 0.0 0 2.7 12 250 M M 6 M M
3 76 70 73 -7 0 8 1.51 0.0 0 3.7 14 310 M M 6 20 30
4 83 69 76 -3 0 11 0.51 0.0 0 4.0 22 230 M M 2 29 230
5 83 71 77 -2 0 12 0.13 0.0 0 3.2 7 10 M M 2 1 M M
6 90 68 79 0 0 14 0.00 0.0 0 1.4 5 100 M M 0 1 M M
7 91 71 81 2 0 16 0.00 0.0 0 4.6 10 190 M M 1 M M
8 86 73 80 2 0 15 0.03 0.0 0 4.9 16 120 M M 1 1 25 120
9 88 74 81 3 0 16 0.43 0.0 0 3.7 9 140 M M 2 1 M M
10 75 62 69 -9 0 4 0.01 0.0 0 6.5 9 300 M M 9 1 M M
11 84 64 74 -3 0 9 0.00 0.0 0 5.3 9 300 M M 2 M M
12 89 68 79 2 0 14 0.00 0.0 0 3.7 9 340 M M 1 1 M M
13 89 72 81 4 0 16 0.00 0.0 0 5.5 10 30 M M 2 M M
14 87 72 80 4 0 15 0.00 0.0 0 6.5 10 10 M M 4 18 10
15 88 73 81 5 0 16 0.00 0.0 0 5.0 9 40 M M 4 M M
16 89 71 80 4 0 15 0.00 0.0 0 4.6 9 350 M M 1 M M
17 88 71 80 4 0 15 M 0.0 0 3.8 8 40 M M 1 1 M M
18 85 69 77 2 0 12 0.00 0.0 0 6.6 13 30 M M 1 18 40
19 80 64 72 -3 0 7 0.00 0.0 0 7.7 10 30 M M 0 22 20
20 83 59 71 -4 0 6 0.00 0.0 0 7.7 13 20 M M 4 17 30
21 73 66 70 -4 0 5 0.31 0.0 0 8.3 12 30 M M 10 1 16 30
22 71 67 69 -5 0 4 0.10 0.0 0 7.4 10 40 M M 10 1 17 50
23 73 66 70 -4 0 5 0.00 0.0 0 8.3 13 350 M M 10 1 17 340
24 71 65 68 -5 0 3 0.00 0.0 0 4.7 10 320 M M 10 1 M M
25 81 64 73 0 0 8 0.00 0.0 0 1.2 5 110 M M 5 1 M M
26 83 64 74 1 0 9 0.00 0.0 0 4.9 7 160 M M 4 1 M M
27 88 70 79 7 0 14 0.00 0.0 0 7.6 13 180 M M 5 20 180
28 76 53 65 -7 0 0 0.03 0.0 0 11.1 21 350 M M 3 29 340
29 79 46 63 -9 2 0 0.00 0.0 0 3.4 13 310 M M 0 8 16 310
30 85 48 67 -4 0 2 0.00 0.0 0 2.5 9 190 M M 0 M M
================================================================================
SM 2489 2001 2 305 4.52 0.0 159.6 M 110
================================================================================
AV 83.0 66.7 5.3 FASTST M M 4 MAX(MPH)
MISC ----> # 22 230 # 29 230
================================================================================
NOTES:
# LAST OF SEVERAL OCCURRENCES
COLUMN 17 PEAK WIND IN M.P.H.
PRELIMINARY LOCAL CLIMATOLOGICAL DATA (WS FORM: F-6) , PAGE 2
STATION: PALESTINE
MONTH: SEPTEMBER
YEAR: 2020
LATITUDE: 31 46 N
LONGITUDE: 95 42 W
[TEMPERATURE DATA] [PRECIPITATION DATA] SYMBOLS USED IN COLUMN 16
AVERAGE MONTHLY: 74.8 TOTAL FOR MONTH: 4.52 1 = FOG OR MIST
DPTR FM NORMAL: -1.1 DPTR FM NORMAL: 1.31 2 = FOG REDUCING VISIBILITY
HIGHEST: 96 ON 1 GRTST 24HR 1.51 ON 3- 3 TO 1/4 MILE OR LESS
LOWEST: 46 ON 29 3 = THUNDER
SNOW, ICE PELLETS, HAIL 4 = ICE PELLETS
TOTAL MONTH: 0.0 INCH 5 = HAIL
GRTST 24HR 0.0 6 = FREEZING RAIN OR DRIZZLE
GRTST DEPTH: 0 7 = DUSTSTORM OR SANDSTORM:
VSBY 1/2 MILE OR LESS
8 = SMOKE OR HAZE
[NO. OF DAYS WITH] [WEATHER - DAYS WITH] 9 = BLOWING SNOW
X = TORNADO
MAX 32 OR BELOW: 0 0.01 INCH OR MORE: 10
MAX 90 OR ABOVE: 3 0.10 INCH OR MORE: 7
MIN 32 OR BELOW: 0 0.50 INCH OR MORE: 3
MIN 0 OR BELOW: 0 1.00 INCH OR MORE: 2
[HDD (BASE 65) ]
TOTAL THIS MO. 2 CLEAR (SCALE 0-3) 16
DPTR FM NORMAL -4 PTCLDY (SCALE 4-7) 9
TOTAL FM JUL 1 2 CLOUDY (SCALE 8-10) 5
DPTR FM NORMAL -4
[CDD (BASE 65) ]
TOTAL THIS MO. 305
DPTR FM NORMAL -30 [PRESSURE DATA]
TOTAL FM JAN 1 2231 HIGHEST SLP M ON M
DPTR FM NORMAL 62 LOWEST SLP M ON M
[REMARKS]
#FINAL-09-20#