000
CXUS54 KTSA 200840
CF6FSM
PRELIMINARY LOCAL CLIMATOLOGICAL DATA (WS FORM: F-6)

                                          STATION:   FORT SMITH ARKANSAS
                                          MONTH:     JULY
                                          YEAR:      2017
                                          LATITUDE:   35 19 N
                                          LONGITUDE:  94 22 W

  TEMPERATURE IN F:       :PCPN:    SNOW:  WIND      :SUNSHINE: SKY     :PK WND
================================================================================
1   2   3   4   5  6A  6B    7    8   9   10  11  12  13   14  15   16   17  18
                                     12Z  AVG MX 2MIN
DY MAX MIN AVG DEP HDD CDD  WTR  SNW DPTH SPD SPD DIR MIN PSBL S-S WX    SPD DR
================================================================================

 1  89  70  80  -1   0  15 0.05  0.0    0  3.8 12 250   M    M   2 3      16 270
 2  91  69  80  -1   0  15 1.28  0.0    0  5.4 24 310   M    M   4 123    37 220
 3  89  70  80  -1   0  15 0.05  0.0    0  2.7 12 180   M    M   7 3      15 200
 4  87  69  78  -3   0  13 0.76  0.0    0  6.5 28 280   M    M   5 13     34 280
 5  88  73  81  -1   0  16 0.00  0.0    0  6.4 17 290   M    M   4 13     23 270
 6  93  73  83   1   0  18 0.00  0.0    0  7.2 15 290   M    M   1        26 300
 7  96  72  84   2   0  19 0.00  0.0    0  4.6 13 260   M    M   1        17 290
 8  85  70  78  -4   0  13 1.92  0.0    0  6.3 24 360   M    M   4 13     44 360
 9  92  72  82   0   0  17 0.00  0.0    0  4.0  9 150   M    M   4 12     12 170
10  92  72  82   0   0  17 0.00  0.0    0  4.8 14 220   M    M   1        17 220
11  95  73  84   2   0  19 0.00  0.0    0  5.8 13 210   M    M   1        16 200
12  95  75  85   3   0  20 0.00  0.0    0  5.3 14 190   M    M   2 3      17 190
13  97  76  87   5   0  22 0.00  0.0    0  3.8 12 160   M    M   1 1      17 270
14  89  77  83   1   0  18    T  0.0    0  4.5 10  50   M    M   2        14 330
15  94  77  86   4   0  21    T  0.0    0  3.0 13  40   M    M   5        17  60
16  93  76  85   3   0  20 0.00  0.0    0  4.4  9  70   M    M   0        12  80
17  94  73  84   2   0  19 0.00  0.0    0  4.1 12  90   M    M   1 18     16  70
18  95  72  84   1   0  19 0.00  0.0    0  3.7 12  70   M    M   1 1      14  70
19  96  75  86   3   0  21 0.00  0.0    0  3.9 12 300   M    M   1        17 300
================================================================================
SM 1750 1384         0 337  4.06     0.0  90.2          M       47
================================================================================
AV 92.1 72.8                               4.7 FASTST   M    M   2    MAX(MPH)
                                 MISC ---->  # 28 280               # 44  360
================================================================================
NOTES:
# LAST OF SEVERAL OCCURRENCES

COLUMN 17 PEAK WIND IN M.P.H.

PRELIMINARY LOCAL CLIMATOLOGICAL DATA (WS FORM: F-6) , PAGE 2

                                          STATION:  FORT SMITH ARKANSAS
                                          MONTH:    JULY
                                          YEAR:     2017
                                          LATITUDE:   35 19 N
                                          LONGITUDE:  94 22 W

[TEMPERATURE DATA]      [PRECIPITATION DATA]       SYMBOLS USED IN COLUMN 16

AVERAGE MONTHLY: 82.5   TOTAL FOR MONTH:   4.06    1 = FOG OR MIST
DPTR FM NORMAL:   0.6   DPTR FM NORMAL:    1.98    2 = FOG REDUCING VISIBILITY
HIGHEST:    97 ON 13    GRTST 24HR  2.75 ON 30- 1      TO 1/4 MILE OR LESS
LOWEST:     69 ON  4, 2                            3 = THUNDER
                        SNOW, ICE PELLETS, HAIL    4 = ICE PELLETS
                        TOTAL MONTH:   0.0 INCH    5 = HAIL
                        GRTST 24HR     0.0         6 = FREEZING RAIN OR DRIZZLE
                        GRTST DEPTH:   0           7 = DUSTSTORM OR SANDSTORM:
                                                       VSBY 1/2 MILE OR LESS
                                                   8 = SMOKE OR HAZE
[NO. OF DAYS WITH]      [WEATHER - DAYS WITH]      9 = BLOWING SNOW
                                                   X = TORNADO
MAX 32 OR BELOW:   0    0.01 INCH OR MORE:   5
MAX 90 OR ABOVE:  13    0.10 INCH OR MORE:   3
MIN 32 OR BELOW:   0    0.50 INCH OR MORE:   3
MIN  0 OR BELOW:   0    1.00 INCH OR MORE:   2

[HDD (BASE 65) ]
TOTAL THIS MO.     0    CLEAR  (SCALE 0-3)  12
DPTR FM NORMAL     0    PTCLDY (SCALE 4-7)   7
TOTAL FM JUL 1     0    CLOUDY (SCALE 8-10)  0
DPTR FM NORMAL     0

[CDD (BASE 65) ]
TOTAL THIS MO.   337
DPTR FM NORMAL    15    [PRESSURE DATA]
TOTAL FM JAN 1  1055    HIGHEST SLP M ON M
DPTR FM NORMAL   104    LOWEST  SLP 29.90 ON  4

[REMARKS]
