965
CXUS56 KLOX 011255
CF6CQT
PRELIMINARY LOCAL CLIMATOLOGICAL DATA (WS FORM: F-6)
STATION: DOWNTOWN LOS ANGELES (USC) CA
MONTH: JANUARY
YEAR: 2021
LATITUDE: 34 1 N
LONGITUDE: 118 17 W
TEMPERATURE IN F: :PCPN: SNOW: WIND :SUNSHINE: SKY :PK WND
================================================================================
1 2 3 4 5 6A 6B 7 8 9 10 11 12 13 14 15 16 17 18
12Z AVG MX 2MIN
DY MAX MIN AVG DEP HDD CDD WTR SNW DPTH SPD SPD DIR MIN PSBL S-S WX SPD DR
================================================================================
1 70 45 58 0 7 0 0.00 M M 0.3 6 250 M M 0 8 11 260
2 66 47 57 -1 8 0 0.00 M M 0.4 7 270 M M 1 18 10 270
3 64 50 57 -1 8 0 0.00 M M 1.1 7 270 M M 4 18 12 260
4 62 48 55 -3 10 0 0.00 M M 0.8 9 260 M M 2 18 14 270
5 63 48 56 -2 9 0 0.00 M M 0.7 8 260 M M 3 128 11 270
6 72 48 60 2 5 0 0.00 M M 0.3 7 270 M M 0 18 10 270
7 75 45 60 2 5 0 0.00 M M 0.8 7 270 M M 0 18 11 270
8 68 46 57 -1 8 0 0.00 M M 1.0 7 20 M M 0 18 12 360
9 74 49 62 4 3 0 0.00 M M 1.4 7 100 M M 0 8 10 100
10 72 47 60 2 5 0 0.00 M M 1.2 7 260 M M 0 11 260
11 74 46 60 2 5 0 0.00 M M 0.6 8 260 M M 0 14 280
12 72 48 60 2 5 0 0.00 M M 1.1 7 60 M M 0 8 10 90
13 75 48 62 4 3 0 0.00 M M 0.8 7 270 M M 0 8 11 270
14 83 50 67 9 0 2 0.00 M M 0.4 6 260 M M 0 8 9 270
15 88 52 70 12 0 5 0.00 M M 0.0 5 120 M M 0 7 270
16 88 54 71 13 0 6 0.00 M M 0.1 7 100 M M 0 10 100
17 86 54 70 12 0 5 0.00 M M 0.5 8 270 M M 0 11 270
18 79 53 66 8 0 1 0.00 M M 0.7 7 260 M M 2 8 12 270
19 71 56 64 6 1 0 T M M 3.0 16 70 M M 6 8 32 110
20 77 53 65 7 0 0 0.00 M M 0.8 8 130 M M 0 13 130
21 71 53 62 4 3 0 0.00 M M 1.2 8 260 M M 0 8 14 260
22 64 51 58 0 7 0 0.00 M M 2.6 9 270 M M 6 16 280
23 56 48 52 -6 13 0 0.38 M M 1.6 7 330 M M 8 1 13 330
24 60 43 52 -6 13 0 0.07 M M 2.2 9 260 M M 3 1 17 270
25 56 43 50 -8 15 0 0.29 M M 2.6 15 270 M M 4 1 30 270
26 58 40 49 -9 16 0 0.00 M M 1.7 6 100 M M 1 11 260
27 61 50 56 -2 9 0 0.00 M M 4.3 13 140 M M 6 18 120
28 65 46 56 -2 9 0 0.98 M M 3.2 10 130 M M 4 1 20 130
29 54 46 50 -8 15 0 0.72 M M 0.7 9 100 M M 8 1 13 110
30 64 44 54 -4 11 0 0.00 M M 0.8 7 270 M M 0 10 270
31 71 48 60 2 5 0 0.00 M M 1.0 7 80 M M 0 9 100
================================================================================
SM 2159 1499 198 19 2.44 M 37.9 M 58
================================================================================
AV 69.6 48.4 1.2 FASTST M M 2 MAX(MPH)
MISC ----> 16 70 32 110
================================================================================
NOTES:
# LAST OF SEVERAL OCCURRENCES
COLUMN 17 PEAK WIND IN M.P.H.
PRELIMINARY LOCAL CLIMATOLOGICAL DATA (WS FORM: F-6) , PAGE 2
STATION: DOWNTOWN LOS ANGELES (USC) CA
MONTH: JANUARY
YEAR: 2021
LATITUDE: 34 1 N
LONGITUDE: 118 17 W
[TEMPERATURE DATA] [PRECIPITATION DATA] SYMBOLS USED IN COLUMN 16
AVERAGE MONTHLY: 59.0 TOTAL FOR MONTH: 2.44 1 = FOG OR MIST
DPTR FM NORMAL: 1.0 DPTR FM NORMAL: -0.68 2 = FOG REDUCING VISIBILITY
HIGHEST: 88 ON 16,15 GRTST 24HR 2.32 ON 28-29 TO 1/4 MILE OR LESS
LOWEST: 40 ON 26 3 = THUNDER
SNOW, ICE PELLETS, HAIL 4 = ICE PELLETS
TOTAL MONTH: M 5 = HAIL
GRTST 24HR M ON M 6 = FREEZING RAIN OR DRIZZLE
GRTST DEPTH: M ON M 7 = DUSTSTORM OR SANDSTORM:
VSBY 1/2 MILE OR LESS
8 = SMOKE OR HAZE
[NO. OF DAYS WITH] [WEATHER - DAYS WITH] 9 = BLOWING SNOW
X = TORNADO
MAX 32 OR BELOW: 0 0.01 INCH OR MORE: 5
MAX 90 OR ABOVE: 0 0.10 INCH OR MORE: 4
MIN 32 OR BELOW: 0 0.50 INCH OR MORE: 2
MIN 0 OR BELOW: 0 1.00 INCH OR MORE: 0
[HDD (BASE 65) ]
TOTAL THIS MO. 198 CLEAR (SCALE 0-3) 23
DPTR FM NORMAL -28 PTCLDY (SCALE 4-7) 8
TOTAL FM JUL 1 455 CLOUDY (SCALE 8-10) 0
DPTR FM NORMAL -133
[CDD (BASE 65) ]
TOTAL THIS MO. 19
DPTR FM NORMAL 10 [PRESSURE DATA]
TOTAL FM JAN 1 19 HIGHEST SLP M ON M
DPTR FM NORMAL 10 LOWEST SLP 29.68 ON 25
[REMARKS]
#FINAL-01-21#