000
CXUS54 KOUN 010810
CF6FDR
PRELIMINARY LOCAL CLIMATOLOGICAL DATA (WS FORM: F-6)
STATION: FREDERICK MUNICIPAL
MONTH: MARCH
YEAR: 2021
LATITUDE: 34 21 N
LONGITUDE: 98 59 W
TEMPERATURE IN F: :PCPN: SNOW: WIND :SUNSHINE: SKY :PK WND
================================================================================
1 2 3 4 5 6A 6B 7 8 9 10 11 12 13 14 15 16 17 18
12Z AVG MX 2MIN
DY MAX MIN AVG DEP HDD CDD WTR SNW DPTH SPD SPD DIR MIN PSBL S-S WX SPD DR
================================================================================
1 54 36 45 -4 20 0 0.00 M M 10.5 24 20 M M 4 30 20
2 64 28 46 -3 19 0 0.00 M M 8.5 17 190 M M 0 21 210
3 74 32 53 4 12 0 0.00 0.0 0 9.8 21 220 M M 0 28 200
4 75 37 56 6 9 0 0.00 M M 13.8 27 160 M M 0 39 150
5 60 42 51 1 14 0 0.00 M M 16.1 31 360 M M 2 39 360
6 65 35 50 0 15 0 0.00 M M 8.1 15 140 M M 0 19 140
7 68 37 53 2 12 0 0.00 M M 12.1 22 160 M M 0 28 170
8 73 41 57 6 8 0 M M M 14.4 26 180 M M 1 34 170
9 78 50 64 13 1 0 0.00 M M 16.4 30 170 M M 1 37 180
10 88 58 73 21 0 8 0.00 M M 20.2 30 180 M M 0 38 170
11 71 54 63 11 2 0 0.00 M M 9.5 18 360 M M 3 21 360
12 73 54 64 12 1 0 0.00 M M 10.5 16 120 M M 6 21 110
13 78 60 69 16 0 4 0.35 M M 15.6 32 140 M M 7 13 40 140
14 69 51 60 7 5 0 0.09 M M 14.0 32 210 M M 5 1 37 220
15 70 43 57 4 8 0 0.00 M M 11.6 24 300 M M 1 28 290
16 80 46 63 9 2 0 0.00 M M 11.6 22 140 M M 1 27 140
17 66 38 52 -2 13 0 T M M 21.9 38 330 M M 4 46 330
18 57 36 47 -7 18 0 M 0.0 0 15.8 28 330 M M 0 34 350
19 64 35 50 -5 15 0 0.00 M M 6.5 13 90 M M 0 16 360
20 70 39 55 0 10 0 0.00 M M 10.9 18 140 M M 0 23 160
21 72 42 57 2 8 0 0.00 M M 15.2 28 160 M M 0 32 160
22 59 46 53 -3 12 0 0.44 M M 14.8 36 140 M M 6 13 45 140
23 68 42 55 -1 10 0 0.00 0.0 M 13.7 25 280 M M 2 31 270
24 60 44 52 -4 13 0 T 0.0 M 10.8 22 350 M M 4 26 350
25 63 43 53 -4 12 0 0.00 M M 11.5 21 300 M M 3 24 330
26 80 42 61 4 4 0 0.00 M M 11.5 30 190 M M 0 36 190
27 75 47 61 4 4 0 0.00 M M 13.5 26 20 M M 0 34 20
28 72 39 56 -2 9 0 0.00 M M 7.9 15 360 M M 0 17 360
29 83 44 64 6 1 0 0.00 M M 18.0 35 200 M M 0 42 210
30 70 49 60 2 5 0 0.00 M M 14.9 25 350 M M 0 33 350
31 67 44 56 -2 9 0 0.00 M M 11.5 28 40 M M 3 35 30
================================================================================
SM 2166 1334 271 12 0.88 0.0 401.1 M 53
================================================================================
AV 69.9 43.0 12.9 FASTST M M 2 MAX(MPH)
MISC ----> 38 330 46 330
================================================================================
NOTES:
# LAST OF SEVERAL OCCURRENCES
COLUMN 17 PEAK WIND IN M.P.H.
PRELIMINARY LOCAL CLIMATOLOGICAL DATA (WS FORM: F-6) , PAGE 2
STATION: FREDERICK MUNICIPAL
MONTH: MARCH
YEAR: 2021
LATITUDE: 34 21 N
LONGITUDE: 98 59 W
[TEMPERATURE DATA] [PRECIPITATION DATA] SYMBOLS USED IN COLUMN 16
AVERAGE MONTHLY: 56.5 TOTAL FOR MONTH: 0.88 1 = FOG OR MIST
DPTR FM NORMAL: 2.8 DPTR FM NORMAL: -1.48 2 = FOG REDUCING VISIBILITY
HIGHEST: 88 ON 10 GRTST 24HR 0.44 ON 13-14 TO 1/4 MILE OR LESS
LOWEST: 28 ON 2 3 = THUNDER
SNOW, ICE PELLETS, HAIL 4 = ICE PELLETS
TOTAL MONTH: 0.0 INCH 5 = HAIL
GRTST 24HR 0.0 6 = FREEZING RAIN OR DRIZZLE
GRTST DEPTH: 0 7 = DUSTSTORM OR SANDSTORM:
VSBY 1/2 MILE OR LESS
8 = SMOKE OR HAZE
[NO. OF DAYS WITH] [WEATHER - DAYS WITH] 9 = BLOWING SNOW
X = TORNADO
MAX 32 OR BELOW: 0 0.01 INCH OR MORE: 3
MAX 90 OR ABOVE: 0 0.10 INCH OR MORE: 2
MIN 32 OR BELOW: 2 0.50 INCH OR MORE: 0
MIN 0 OR BELOW: 0 1.00 INCH OR MORE: 0
[HDD (BASE 65) ]
TOTAL THIS MO. 271 CLEAR (SCALE 0-3) 22
DPTR FM NORMAL -97 PTCLDY (SCALE 4-7) 9
TOTAL FM JUL 1 2621 CLOUDY (SCALE 8-10) 0
DPTR FM NORMAL -273
[CDD (BASE 65) ]
TOTAL THIS MO. 12
DPTR FM NORMAL -5 [PRESSURE DATA]
TOTAL FM JAN 1 12 HIGHEST SLP M ON M
DPTR FM NORMAL -6 LOWEST SLP 29.46 ON 16
[REMARKS]
#FINAL-03-21#