000
CXUS55 KALY 010810
CF6POU
PRELIMINARY LOCAL CLIMATOLOGICAL DATA (WS FORM: F-6)
STATION: POUGHKEEPSIE NY
MONTH: NOVEMBER
YEAR: 2022
LATITUDE: 41 37 N
LONGITUDE: 73 53 W
TEMPERATURE IN F: :PCPN: SNOW: WIND :SUNSHINE: SKY :PK WND
================================================================================
1 2 3 4 5 6A 6B 7 8 9 10 11 12 13 14 15 16 17 18
12Z AVG MX 2MIN
DY MAX MIN AVG DEP HDD CDD WTR SNW DPTH SPD SPD DIR MIN PSBL S-S WX SPD DR
================================================================================
1 67 48 58 12 7 0 0.12 M M 0.7 8 10 M M 8 12 9 20
2 70 39 55 9 10 0 0.00 M M 2.1 13 20 M M 2 12 16 20
3 69 34 52 6 13 0 0.00 M M 1.1 9 240 M M 0 13 240
4 72 37 55 9 10 0 0.00 M M 3.8 14 240 M M 0 19 240
5 77 52 65 20 0 0 0.00 M M 5.1 16 170 M M 5 1 22 160
6 71 67 69 24 0 4 0.05 M M 6.1 14 170 M M 9 18 20 170
7 75 M M M M M 0.04 M M 7.2 16 260 M M 4 1 27 260
8 M M M M M M 0.00 M M M M M M M 0 M M
9 54 27 41 -3 24 0 0.00 M M 1.8 9 230 M M 0 12 240
10 68 31 50 7 15 0 0.00 M M 4.3 20 230 M M 0 28 230
11 71 45 58 15 7 0 0.59 M M 2.6 16 180 M M 9 1 26 170
12 72 53 63 20 2 0 0.06 M M 8.7 20 260 M M 8 1 32 160
13 53 37 45 3 20 0 0.11 M M 7.3 18 280 M M 7 1 26 270
14 44 26 35 -7 30 0 0.00 M M 6.4 15 340 M M 3 22 340
15 42 21 32 -10 33 0 0.26 M M 3.1 10 10 M M 5 1 13 10
16 48 33 41 0 24 0 0.35 M M 7.7 16 230 M M 9 1 22 250
17 45 34 40 -1 25 0 0.00 M M 11.1 22 270 M M 6 32 250
18 43 29 36 -5 29 0 0.00 M M 7.5 21 240 M M 4 26 240
19 39 22 31 -9 34 0 0.00 M M 4.6 15 230 M M 0 23 240
20 36 22 29 -11 36 0 T M M 11.7 25 260 M M 2 35 250
21 40 18 29 -11 36 0 0.00 M M 6.3 16 230 M M 0 20 240
22 48 23 36 -3 29 0 0.00 M M 3.1 15 230 M M 0 8 22 230
23 53 24 39 0 26 0 0.00 M M 3.2 12 340 M M 0 8 15 330
24 52 21 37 -1 28 0 0.00 M M 1.5 10 230 M M 0 1 14 230
25 54 31 43 5 22 0 0.07 M M 6.5 21 320 M M 6 1 26 310
26 56 29 43 5 22 0 0.00 M M 5.5 16 330 M M 1 24 310
27 52 33 43 5 22 0 0.53 M M 2.8 12 270 M M 5 18 16 180
28 53 27 40 3 25 0 0.00 M M 7.5 20 320 M M 6 26 320
29 40 23 32 -5 33 0 0.00 M M 1.3 9 250 M M 5 11 240
30 58 25 42 6 23 0 0.40 M M 7.1 25 300 M M 9 1 37 300
================================================================================
SM 1622 911 585 4 2.58 M 147.7 M 113
================================================================================
AV 55.9 32.5 5.1 FASTST M M 4 MAX(MPH)
MISC ----> # 25 260 37 300
================================================================================
NOTES:
# LAST OF SEVERAL OCCURRENCES
COLUMN 17 PEAK WIND IN M.P.H.
PRELIMINARY LOCAL CLIMATOLOGICAL DATA (WS FORM: F-6) , PAGE 2
STATION: POUGHKEEPSIE NY
MONTH: NOVEMBER
YEAR: 2022
LATITUDE: 41 37 N
LONGITUDE: 73 53 W
[TEMPERATURE DATA] [PRECIPITATION DATA] SYMBOLS USED IN COLUMN 16
AVERAGE MONTHLY: 44.2 TOTAL FOR MONTH: 2.58 1 = FOG OR MIST
DPTR FM NORMAL: 2.7 DPTR FM NORMAL: -0.69 2 = FOG REDUCING VISIBILITY
HIGHEST: 77 ON 5 GRTST 24HR 0.65 ON 11-12 TO 1/4 MILE OR LESS
LOWEST: 18 ON 21 3 = THUNDER
SNOW, ICE PELLETS, HAIL 4 = ICE PELLETS
TOTAL MONTH: M 5 = HAIL
GRTST 24HR M ON M 6 = FREEZING RAIN OR DRIZZLE
GRTST DEPTH: M ON M 7 = DUSTSTORM OR SANDSTORM:
VSBY 1/2 MILE OR LESS
8 = SMOKE OR HAZE
[NO. OF DAYS WITH] [WEATHER - DAYS WITH] 9 = BLOWING SNOW
X = TORNADO
MAX 32 OR BELOW: 0 0.01 INCH OR MORE: 11
MAX 90 OR ABOVE: 0 0.10 INCH OR MORE: 7
MIN 32 OR BELOW: 16 0.50 INCH OR MORE: 2
MIN 0 OR BELOW: 0 1.00 INCH OR MORE: 0
[HDD (BASE 65) ]
TOTAL THIS MO. 585 CLEAR (SCALE 0-3) 14
DPTR FM NORMAL -120 PTCLDY (SCALE 4-7) 12
TOTAL FM JUL 1 1058 CLOUDY (SCALE 8-10) 4
DPTR FM NORMAL -167
[CDD (BASE 65) ]
TOTAL THIS MO. 4
DPTR FM NORMAL 4 [PRESSURE DATA]
TOTAL FM JAN 1 1001 HIGHEST SLP 30.68 ON 9
DPTR FM NORMAL 257 LOWEST SLP 29.32 ON 27
[REMARKS]
#FINAL-11-22#