000
CXUS52 KJAX 250800
CF6GNV
PRELIMINARY LOCAL CLIMATOLOGICAL DATA (WS FORM: F-6)

                                          STATION:   GAINESVILLE FL
                                          MONTH:     MAY
                                          YEAR:      2016
                                          LATITUDE:   29 40 N
                                          LONGITUDE:  82 16 W

  TEMPERATURE IN F:       :PCPN:    SNOW:  WIND      :SUNSHINE: SKY     :PK WND
================================================================================
1   2   3   4   5  6A  6B    7    8   9   10  11  12  13   14  15   16   17  18
                                     12Z  AVG MX 2MIN
DY MAX MIN AVG DEP HDD CDD  WTR  SNW DPTH SPD SPD DIR MIN PSBL S-S WX    SPD DR
================================================================================

 1  90  70  80   9   0  15 0.00  0.0    0  6.6 15 150   M    M   1        20 130
 2  90  69  80   9   0  15 0.00  0.0    0  6.5 15 250   M    M   2        18 260
 3  88  69  79   7   0  14 0.00  0.0    0  9.1 23 240   M    M   2        29 240
 4  76  63  70  -2   0   5 1.24  0.0    0  5.5 26 250   M    M   5 13     33 250
 5  78  50  64  -8   1   0 0.00  0.0    0 11.0 24 270   M    M   0        37 280
 6  76  47  62 -10   3   0 0.00  0.0    0  6.8 15 300   M    M   1        21 270
 7  81  48  65  -7   0   0 0.00  0.0    0  6.0 17 360   M    M   0        23 360
 8  87  59  73   0   0   8 0.00  0.0    0  6.1 13 170   M    M   0        17 210
 9  87  55  71  -2   0   6 0.00  0.0    0  4.4 16 140   M    M   0        19 140
10  85  65  75   2   0  10 0.00  0.0    0  5.5 13  90   M    M   1        16 150
11  88  65  77   3   0  12 0.00  0.0    0  4.2 14 140   M    M   3        17 140
12  91  63  77   3   0  12 0.00  0.0    0  4.6 18 240   M    M   1        24 250
13  91  62  77   3   0  12 0.30  0.0    0  4.9 37 320   M    M   1 13     54 310
14  88  64  76   2   0  11 0.00  0.0    0  5.6 21 250   M    M   2 12     26 250
15  86  61  74   0   0   9 0.00  0.0    0  4.7 10 330   M    M   0        14 300
16  90  59  75   0   0  10 0.43  0.0    0  5.9 26 170   M    M   2 1      37 180
17  88  69  79   4   0  14 1.51  0.0    0  7.5 23 170   M    M   6 13     34 160
18  88  69  79   4   0  14 0.05  0.0    0  7.1 15 120   M    M   6 1      21 110
19  89  69  79   3   0  14 0.05  0.0    0  6.3 22  10   M    M   5 13     29  10
20  84  66  75  -1   0  10 0.45  0.0    0  3.9 33 280   M    M   4 13     44 270
21  88  66  77   1   0  12 0.00  0.0    0  6.5 15 270   M    M   3 12     20 310
22  86  63  75  -1   0  10 0.00  0.0    0  7.9 21 300   M    M   2        26 290
23  86  57  72  -4   0   7 0.00  0.0    0  1.9 13  90   M    M   1        15 100
24  89  57  73  -3   0   8 0.00  0.0    0   M  17 120   M    M   2        21 120
================================================================================
SM 2070 1485         4 228  4.03     0.0 138.5          M       50
================================================================================
AV 86.2 61.9                               6.0 FASTST   M    M   2    MAX(MPH)
                                 MISC ---->  # 37 320               # 54  310
================================================================================
NOTES:
# LAST OF SEVERAL OCCURRENCES

COLUMN 17 PEAK WIND IN M.P.H.

PRELIMINARY LOCAL CLIMATOLOGICAL DATA (WS FORM: F-6) , PAGE 2

                                          STATION:  GAINESVILLE FL
                                          MONTH:    MAY
                                          YEAR:     2016
                                          LATITUDE:   29 40 N
                                          LONGITUDE:  82 16 W

[TEMPERATURE DATA]      [PRECIPITATION DATA]       SYMBOLS USED IN COLUMN 16

AVERAGE MONTHLY: 74.1   TOTAL FOR MONTH:   4.03    1 = FOG OR MIST
DPTR FM NORMAL:   0.2   DPTR FM NORMAL:    2.34    2 = FOG REDUCING VISIBILITY
HIGHEST:    91 ON 13,12 GRTST 24HR  1.56 ON 17-18      TO 1/4 MILE OR LESS
LOWEST:     47 ON  6                               3 = THUNDER
                        SNOW, ICE PELLETS, HAIL    4 = ICE PELLETS
                        TOTAL MONTH:   0.0 INCH    5 = HAIL
                        GRTST 24HR     0.0         6 = FREEZING RAIN OR DRIZZLE
                        GRTST DEPTH:   0           7 = DUSTSTORM OR SANDSTORM:
                                                       VSBY 1/2 MILE OR LESS
                                                   8 = SMOKE OR HAZE
[NO. OF DAYS WITH]      [WEATHER - DAYS WITH]      9 = BLOWING SNOW
                                                   X = TORNADO
MAX 32 OR BELOW:   0    0.01 INCH OR MORE:   7
MAX 90 OR ABOVE:   5    0.10 INCH OR MORE:   5
MIN 32 OR BELOW:   0    0.50 INCH OR MORE:   2
MIN  0 OR BELOW:   0    1.00 INCH OR MORE:   2

[HDD (BASE 65) ]
TOTAL THIS MO.     4    CLEAR  (SCALE 0-3)  18
DPTR FM NORMAL     4    PTCLDY (SCALE 4-7)   6
TOTAL FM JUL 1   852    CLOUDY (SCALE 8-10)  0
DPTR FM NORMAL  -362

[CDD (BASE 65) ]
TOTAL THIS MO.   228
DPTR FM NORMAL    11    [PRESSURE DATA]
TOTAL FM JAN 1   521    HIGHEST SLP M ON M
DPTR FM NORMAL    97    LOWEST  SLP 29.63 ON  4

[REMARKS]
