000
CXUS54 KHGX 011626
CF6DWH
PRELIMINARY LOCAL CLIMATOLOGICAL DATA (WS FORM: F-6)
STATION: HOUSTON/D.W._HOOKS
MONTH: NOVEMBER
YEAR: 2021
LATITUDE: 30 4 N
LONGITUDE: 95 33 W
TEMPERATURE IN F: :PCPN: SNOW: WIND :SUNSHINE: SKY :PK WND
================================================================================
1 2 3 4 5 6A 6B 7 8 9 10 11 12 13 14 15 16 17 18
12Z AVG MX 2MIN
DY MAX MIN AVG DEP HDD CDD WTR SNW DPTH SPD SPD DIR MIN PSBL S-S WX SPD DR
================================================================================
1 80 50 65 0 0 0 0.00 0.0 0 3.3 10 120 M M 0 12 17 130
2 79 55 67 2 0 2 0.00 0.0 0 3.5 9 100 M M 2 12 14 120
3 66 53 60 -4 5 0 0.73 0.0 0 6.6 18 360 M M 7 12 27 360
4 56 48 52 -12 13 0 0.01 0.0 0 6.7 14 360 M M 10 1 23 10
5 64 44 54 -10 11 0 0.00 0.0 0 3.6 12 20 M M 0 1 23 310
6 69 42 56 -8 9 0 0.00 0.0 0 1.9 10 20 M M 0 1 18 30
7 72 45 59 -4 6 0 0.00 0.0 0 1.8 8 120 M M 1 12 14 130
8 77 46 62 -1 3 0 0.00 0.0 0 3.2 12 130 M M 0 12 16 130
9 77 49 63 0 2 0 0.00 0.0 0 3.0 9 140 M M 2 12 14 160
10 82 57 70 8 0 5 0.00 0.0 0 5.2 16 190 M M 7 12 26 210
11 74 54 64 2 1 0 0.72 0.0 0 5.8 15 360 M M 3 13 24 360
12 76 48 62 0 3 0 0.00 0.0 0 3.5 13 330 M M 1 1 20 360
13 67 41 54 -8 11 0 0.00 0.0 0 2.3 13 360 M M 0 18 360
14 78 44 61 0 4 0 0.00 0.0 0 3.1 14 230 M M 1 1 20 220
15 82 53 68 7 0 3 0.00 0.0 0 3.8 14 200 M M 1 12 20 210
16 83 56 70 9 0 5 0.00 0.0 0 5.8 18 200 M M 1 12 29 190
17 85 61 73 13 0 8 0.00 0.0 0 5.5 17 190 M M 2 27 170
18 69 52 61 1 4 0 0.00 0.0 0 8.1 18 20 M M 4 12 29 340
19 66 46 56 -4 9 0 0.00 0.0 0 4.5 14 80 M M 0 22 60
20 78 46 62 2 3 0 0.00 0.0 0 3.5 14 110 M M 3 1 19 110
21 81 58 70 11 0 5 0.00 0.0 0 4.2 14 330 M M 6 12 23 350
22 71 45 58 -1 7 0 T 0.0 0 6.6 14 330 M M 2 22 360
23 71 42 57 -2 8 0 0.00 0.0 0 4.0 13 120 M M 0 1 18 120
24 78 51 65 6 0 0 0.00 0.0 0 6.0 16 150 M M 7 1 30 170
25 70 52 61 3 4 0 0.57 0.0 0 7.2 20 340 M M 7 13 29 340
26 57 44 51 -7 14 0 0.00 0.0 0 5.3 13 10 M M 0 20 10
27 60 46 53 -5 12 0 0.13 0.0 0 1.4 8 30 M M 6 1 12 30
28 59 45 52 -6 13 0 0.05 0.0 0 3.3 12 340 M M 7 12 17 360
29 71 41 56 -2 9 0 0.00 0.0 0 2.1 8 220 M M 0 1 10 210
30 75 44 60 3 5 0 0.00 0.0 0 2.2 9 200 M M 2 12 15 210
================================================================================
SM 2173 1458 156 28 2.21 0.0 127.0 M 82
================================================================================
AV 72.4 48.6 4.2 FASTST M M 3 MAX(MPH)
MISC ----> 20 340 30 170
================================================================================
NOTES:
# LAST OF SEVERAL OCCURRENCES
COLUMN 17 PEAK WIND IN M.P.H.
PRELIMINARY LOCAL CLIMATOLOGICAL DATA (WS FORM: F-6) , PAGE 2
STATION: HOUSTON/D.W._HOOKS
MONTH: NOVEMBER
YEAR: 2021
LATITUDE: 30 4 N
LONGITUDE: 95 33 W
[TEMPERATURE DATA] [PRECIPITATION DATA] SYMBOLS USED IN COLUMN 16
AVERAGE MONTHLY: 60.5 TOTAL FOR MONTH: 2.21 1 = FOG OR MIST
DPTR FM NORMAL: -0.5 DPTR FM NORMAL: -1.77 2 = FOG REDUCING VISIBILITY
HIGHEST: 85 ON 17 GRTST 24HR 0.74 ON 3- 4 TO 1/4 MILE OR LESS
LOWEST: 41 ON 29,13 3 = THUNDER
SNOW, ICE PELLETS, HAIL 4 = ICE PELLETS
TOTAL MONTH: 0.0 INCH 5 = HAIL
GRTST 24HR 0.0 6 = FREEZING RAIN OR DRIZZLE
GRTST DEPTH: 0 7 = DUSTSTORM OR SANDSTORM:
VSBY 1/2 MILE OR LESS
8 = SMOKE OR HAZE
[NO. OF DAYS WITH] [WEATHER - DAYS WITH] 9 = BLOWING SNOW
X = TORNADO
MAX 32 OR BELOW: 0 0.01 INCH OR MORE: 6
MAX 90 OR ABOVE: 0 0.10 INCH OR MORE: 4
MIN 32 OR BELOW: 0 0.50 INCH OR MORE: 3
MIN 0 OR BELOW: 0 1.00 INCH OR MORE: 0
[HDD (BASE 65) ]
TOTAL THIS MO. 156 CLEAR (SCALE 0-3) 20
DPTR FM NORMAL -21 PTCLDY (SCALE 4-7) 9
TOTAL FM JUL 1 168 CLOUDY (SCALE 8-10) 1
DPTR FM NORMAL -42
[CDD (BASE 65) ]
TOTAL THIS MO. 28
DPTR FM NORMAL -29 [PRESSURE DATA]
TOTAL FM JAN 1 3080 HIGHEST SLP 30.43 ON 19
DPTR FM NORMAL -40 LOWEST SLP 29.85 ON 10
[REMARKS]
#FINAL-11-21#