000
CXUS51 KOKX 011010
CF6ISP
PRELIMINARY LOCAL CLIMATOLOGICAL DATA (WS FORM: F-6)
STATION: ISLIP NY
MONTH: NOVEMBER
YEAR: 2023
LATITUDE: 40 47 N
LONGITUDE: 73 6 W
TEMPERATURE IN F: :PCPN: SNOW: WIND :SUNSHINE: SKY :PK WND
================================================================================
1 2 3 4 5 6A 6B 7 8 9 10 11 12 13 14 15 16 17 18
12Z AVG MX 2MIN
DY MAX MIN AVG DEP HDD CDD WTR SNW DPTH SPD SPD DIR MIN PSBL S-S WX SPD DR
================================================================================
1 48 36 42 -8 23 0 0.10 0.0 0 9.3 21 10 M M 7 1 26 10
2 50 28 39 -11 26 0 0.00 0.0 0 2.1 10 310 M M 2 16 240
3 56 32 44 -6 21 0 0.00 0.0 0 7.0 18 220 M M 2 24 220
4 60 38 49 0 16 0 0.00 0.0 0 3.7 9 220 M M 6 13 260
5 65 41 53 4 12 0 0.00 0.0 0 4.6 13 340 M M 5 15 340
6 56 43 50 1 15 0 0.00 0.0 0 4.9 14 30 M M 5 16 30
7 65 53 59 11 6 0 0.01 0.0 0 10.6 22 320 M M 7 31 320
8 54 40 47 -1 18 0 0.00 0.0 0 11.3 21 340 M M 5 29 330
9 61 35 48 0 17 0 T 0.0 0 4.6 13 140 M M 7 16 160
10 52 40 46 -1 19 0 0.00 0.0 0 5.8 14 260 M M 5 17 260
11 54 35 45 -2 20 0 0.00 0.0 0 7.3 16 330 M M 4 19 350
12 44 28 36 -11 29 0 0.00 0.0 0 5.6 16 40 M M 3 19 30
13 47 27 37 -9 28 0 0.00 0.0 0 2.5 14 220 M M 3 18 240
14 55 33 44 -2 21 0 0.00 0.0 0 9.3 26 330 M M 3 35 320
15 52 30 41 -5 24 0 0.00 0.0 0 5.7 14 220 M M 5 18 230
16 64 38 51 6 14 0 0.00 0.0 0 4.1 14 240 M M 2 1 18 230
17 65 38 52 7 13 0 0.00 0.0 0 6.3 18 170 M M 8 12 24 170
18 58 35 47 2 18 0 0.04 0.0 0 10.3 26 330 M M 6 1 32 330
19 56 30 43 -1 22 0 0.00 0.0 0 7.7 20 350 M M 1 24 340
20 44 32 38 -6 27 0 0.00 0.0 0 8.1 18 360 M M 3 25 350
21 46 28 37 -7 28 0 0.37 0.0 0 12.7 25 110 M M 7 1 35 100
22 58 45 52 8 13 0 1.25 0.0 0 15.5 33 130 M M 9 1 45 110
23 52 36 44 1 21 0 0.00 0.0 0 10.3 23 310 M M 3 28 320
24 52 32 42 -1 23 0 0.00 0.0 0 11.3 26 340 M M 6 32 330
25 40 24 32 -11 33 0 0.00 0.0 0 5.8 18 10 M M 3 23 350
26 53 24 39 -3 26 0 0.20 0.0 0 11.7 35 120 M M 7 1 46 110
27 55 37 46 4 19 0 0.04 0.0 0 12.4 28 130 M M 5 1 36 130
28 41 31 36 -6 29 0 T T 0 14.5 26 290 M M 3 35 290
29 39 25 32 -10 33 0 0.00 0.0 0 10.2 20 230 M M 4 23 230
30 49 27 38 -3 27 0 0.00 0.0 0 9.7 20 220 M M 5 26 220
================================================================================
SM 1591 1021 641 0 2.01 T 244.9 M 141
================================================================================
AV 53.0 34.0 8.2 FASTST M M 5 MAX(MPH)
MISC ----> 35 120 46 110
================================================================================
NOTES:
# LAST OF SEVERAL OCCURRENCES
COLUMN 17 PEAK WIND IN M.P.H.
PRELIMINARY LOCAL CLIMATOLOGICAL DATA (WS FORM: F-6) , PAGE 2
STATION: ISLIP NY
MONTH: NOVEMBER
YEAR: 2023
LATITUDE: 40 47 N
LONGITUDE: 73 6 W
[TEMPERATURE DATA] [PRECIPITATION DATA] SYMBOLS USED IN COLUMN 16
AVERAGE MONTHLY: 43.5 TOTAL FOR MONTH: 2.01 1 = FOG OR MIST
DPTR FM NORMAL: -2.1 DPTR FM NORMAL: -1.40 2 = FOG REDUCING VISIBILITY
HIGHEST: 65 ON 17, 7 GRTST 24HR 1.62 ON 21-22 TO 1/4 MILE OR LESS
LOWEST: 24 ON 26,25 3 = THUNDER
SNOW, ICE PELLETS, HAIL 4 = ICE PELLETS
TOTAL MONTH: T 5 = HAIL
GRTST 24HR T ON 28-28 6 = FREEZING RAIN OR DRIZZLE
GRTST DEPTH: 0 7 = DUSTSTORM OR SANDSTORM:
VSBY 1/2 MILE OR LESS
8 = SMOKE OR HAZE
[NO. OF DAYS WITH] [WEATHER - DAYS WITH] 9 = BLOWING SNOW
X = TORNADO
MAX 32 OR BELOW: 0 0.01 INCH OR MORE: 7
MAX 90 OR ABOVE: 0 0.10 INCH OR MORE: 4
MIN 32 OR BELOW: 14 0.50 INCH OR MORE: 1
MIN 0 OR BELOW: 0 1.00 INCH OR MORE: 1
[HDD (BASE 65) ]
TOTAL THIS MO. 641 CLEAR (SCALE 0-3) 8
DPTR FM NORMAL 59 PTCLDY (SCALE 4-7) 21
TOTAL FM JUL 1 889 CLOUDY (SCALE 8-10) 1
DPTR FM NORMAL -50
[CDD (BASE 65) ]
TOTAL THIS MO. 0
DPTR FM NORMAL 0 [PRESSURE DATA]
TOTAL FM JAN 1 955 HIGHEST SLP M ON M
DPTR FM NORMAL 70 LOWEST SLP 29.53 ON 27
[REMARKS]
#FINAL-11-23#