000
CXUS53 KMKX 290653
CF6FLD
PRELIMINARY LOCAL CLIMATOLOGICAL DATA (WS FORM: F-6)

                                          STATION:   FOND_DU_LAC WI
                                          MONTH:     SEPTEMBER
                                          YEAR:      2016
                                          LATITUDE:   43 46 N
                                          LONGITUDE:  88 29 W

  TEMPERATURE IN F:       :PCPN:    SNOW:  WIND      :SUNSHINE: SKY     :PK WND
================================================================================
1   2   3   4   5  6A  6B    7    8   9   10  11  12  13   14  15   16   17  18
                                     12Z  AVG MX 2MIN
DY MAX MIN AVG DEP HDD CDD  WTR  SNW DPTH SPD SPD DIR MIN PSBL S-S WX    SPD DR
================================================================================

 1  72  58  65  -2   0   0 0.00    M    M 10.7 18  20   M    M   5        28  20
 2  76  48  62  -5   3   0 0.00  0.0    0  4.1 14 140   M    M   0 1      16 140
 3  77  48  63  -4   2   0 0.00  0.0    0  5.5 14 130   M    M   1        17 130
 4  79  53  66   0   0   1 0.00  0.0    0  7.3 17 160   M    M   2        28 320
 5  86  63  75   9   0  10 0.00  0.0    0 11.5 23 190   M    M   0        30 200
 6  88  69  79  13   0  14 1.23  0.0    0  9.3 21  10   M    M   4 13     25 210
 7  76  69  73   8   0   8 1.03  0.0    M  5.6 15 170   M    M   8 13     18 170
 8  81  57  69   4   0   4 0.00  0.0    0  6.8 17 280   M    M   5 1      22 290
 9  80  54  67   2   0   2    T  0.0    0  3.1 16 130   M    M   2        24 140
10  70  52  61  -3   4   0 0.11    M    M  8.1 24 320   M    M   6 13     35 330
11  75  48  62  -2   3   0 0.00    M    M  8.0 15 190   M    M   1        21 180
12  78  54  66   2   0   1 0.00  0.0    0 10.8 23 190   M    M   1        29 200
13  75  57  66   3   0   1 0.25  0.0    0  8.3 22 240   M    M   6 13     32 260
14  71  54  63   0   2   0    T  0.0    0  6.1 14  50   M    M   6        22 190
15  76  53  65   3   0   0 0.00  0.0    0  8.0 18 140   M    M   3        23 140
16  82  64  73  11   0   8 0.21    M    M 10.3 21 190   M    M   3 13     29 180
17  77  57  67   6   0   2    T    M    M  8.1 20 270   M    M   2        26 290
18  79  52  66   5   0   1 0.00    M    M  6.4 13 220   M    M   0        19 280
19  81  54  68   7   0   3 0.21    M    M  7.2 18 310   M    M   4 123    23 250
20  82  48  65   5   0   0 0.00  0.0    0  4.5 12 200   M    M   3 12     18 200
21  73  60  67   7   0   2 1.77  0.0    0  8.3 25 170   M    M   5 13     35 310
22  76  63  70  11   0   5 0.06  0.0    0  5.5 15 180   M    M   6 13     20 170
23  69  59  64   5   1   0 0.00  0.0    0 10.0 17  20   M    M   9        20  10
24  69  57  63   5   2   0    T  0.0    0  7.3 15 120   M    M   8        18 120
25  82  59  71  13   0   6 0.41  0.0    0 10.4 21 160   M    M   3 13     27 220
26  65  51  58   0   7   0    T  0.0    0 12.6 32 280   M    M   3        40 280
27  57  49  53  -4  12   0 0.12    M    M 10.4 22 280   M    M   7 1      28 280
28  64  49  57   0   8   0 0.05    M    M 11.7 22  30   M    M   6 1      27  30
================================================================================
SM 2116 1559        44  68  5.45     0.0 225.9          M      109
================================================================================
AV 75.6 55.7                               8.1 FASTST   M    M   4    MAX(MPH)
                                 MISC ---->  # 32 280               # 40  280
================================================================================
NOTES:
# LAST OF SEVERAL OCCURRENCES

COLUMN 17 PEAK WIND IN M.P.H.

PRELIMINARY LOCAL CLIMATOLOGICAL DATA (WS FORM: F-6) , PAGE 2

                                          STATION:  FOND_DU_LAC WI
                                          MONTH:    SEPTEMBER
                                          YEAR:     2016
                                          LATITUDE:   43 46 N
                                          LONGITUDE:  88 29 W

[TEMPERATURE DATA]      [PRECIPITATION DATA]       SYMBOLS USED IN COLUMN 16

AVERAGE MONTHLY: 65.6   TOTAL FOR MONTH:   5.45    1 = FOG OR MIST
DPTR FM NORMAL:   3.3   DPTR FM NORMAL:    2.24    2 = FOG REDUCING VISIBILITY
HIGHEST:    88 ON  6    GRTST 24HR  2.22 ON  6- 7      TO 1/4 MILE OR LESS
LOWEST:     48 ON 20,11                            3 = THUNDER
                        SNOW, ICE PELLETS, HAIL    4 = ICE PELLETS
                        TOTAL MONTH:   0.0 INCH    5 = HAIL
                        GRTST 24HR     0.0         6 = FREEZING RAIN OR DRIZZLE
                        GRTST DEPTH:   0           7 = DUSTSTORM OR SANDSTORM:
                                                       VSBY 1/2 MILE OR LESS
                                                   8 = SMOKE OR HAZE
[NO. OF DAYS WITH]      [WEATHER - DAYS WITH]      9 = BLOWING SNOW
                                                   X = TORNADO
MAX 32 OR BELOW:   0    0.01 INCH OR MORE:  11
MAX 90 OR ABOVE:   0    0.10 INCH OR MORE:   9
MIN 32 OR BELOW:   0    0.50 INCH OR MORE:   3
MIN  0 OR BELOW:   0    1.00 INCH OR MORE:   3

[HDD (BASE 65) ]
TOTAL THIS MO.    44    CLEAR  (SCALE 0-3)  13
DPTR FM NORMAL   -86    PTCLDY (SCALE 4-7)  12
TOTAL FM JUL 1    48    CLOUDY (SCALE 8-10)  3
DPTR FM NORMAL  -108

[CDD (BASE 65) ]
TOTAL THIS MO.    68
DPTR FM NORMAL    13    [PRESSURE DATA]
TOTAL FM JAN 1   702    HIGHEST SLP M ON M
DPTR FM NORMAL   116    LOWEST  SLP 29.72 ON 27

[REMARKS]
