000
CXUS52 KTAE 010800
CF6DHN
PRELIMINARY LOCAL CLIMATOLOGICAL DATA (WS FORM: F-6)
STATION: DOTHAN
MONTH: AUGUST
YEAR: 2022
LATITUDE: 31 19 N
LONGITUDE: 85 27 W
TEMPERATURE IN F: :PCPN: SNOW: WIND :SUNSHINE: SKY :PK WND
================================================================================
1 2 3 4 5 6A 6B 7 8 9 10 11 12 13 14 15 16 17 18
12Z AVG MX 2MIN
DY MAX MIN AVG DEP HDD CDD WTR SNW DPTH SPD SPD DIR MIN PSBL S-S WX SPD DR
================================================================================
1 93 72 83 0 0 18 0.02 0.0 0 4.3 18 270 M M 2 13 25 250
2 94 71 83 0 0 18 0.00 0.0 M 5.7 20 240 M M 2 3 27 240
3 92 73 83 0 0 18 0.00 0.0 M 4.2 12 240 M M 1 14 170
4 95 71 83 0 0 18 0.00 0.0 0 3.5 15 160 M M 2 20 150
5 97 73 85 2 0 20 0.00 0.0 0 4.1 14 240 M M 1 17 220
6 96 73 85 2 0 20 0.18 0.0 M 4.6 28 160 M M 1 13 36 160
7 94 72 83 0 0 18 1.08 0.0 M 3.5 28 150 M M 2 123 34 140
8 92 72 82 -1 0 17 0.10 0.0 M 2.8 15 140 M M 4 13 19 130
9 89 72 81 -2 0 16 0.00 0.0 0 5.0 18 130 M M 1 3 24 120
10 89 72 81 -2 0 16 0.11 0.0 0 3.7 15 180 M M 3 3 20 130
11 86 72 79 -3 0 14 0.01 0.0 M 5.8 17 180 M M 4 1 22 170
12 87 73 80 -2 0 15 0.26 0.0 M 5.8 15 230 M M 6 1 17 220
13 92 73 83 1 0 18 0.00 0.0 M 3.9 9 30 M M 5 1 13 40
14 91 70 81 -1 0 16 0.00 0.0 0 2.9 12 130 M M 1 1 14 90
15 93 70 82 0 0 17 0.10 0.0 0 4.7 23 290 M M 2 13 29 290
16 96 76 86 4 0 21 T 0.0 0 5.5 14 310 M M 2 123 16 99
17 92 73 83 1 0 18 0.00 0.0 0 4.1 16 350 M M 2 21 10
18 81 72 77 -5 0 12 1.08 0.0 M 6.3 23 330 M M 5 13 28 320
19 88 73 81 -1 0 16 0.02 0.0 0 3.6 13 330 M M 6 1 15 340
20 92 74 83 1 0 18 T 0.0 0 3.1 14 220 M M 2 13 18 210
21 91 74 83 1 0 18 0.59 0.0 0 3.2 26 160 M M 3 138 30 160
22 88 73 81 -1 0 16 T 0.0 0 5.5 13 300 M M 3 16 280
23 85 75 80 -2 0 15 0.00 0.0 0 2.4 8 360 M M 1 1 12 360
24 85 73 79 -2 0 14 0.30 0.0 0 3.3 18 230 M M 6 13 25 210
25 82 73 78 -3 0 13 0.10 0.0 M 2.9 9 110 M M 5 1 12 110
26 88 74 81 0 0 16 0.14 0.0 0 2.5 12 150 M M 2 138 14 150
27 86 73 80 -1 0 15 0.01 0.0 0 2.6 13 340 M M 2 13 15 340
28 91 71 81 0 0 16 0.02 M M 4.0 14 110 M M 2 12 19 100
29 92 72 82 1 0 17 0.16 0.0 0 4.5 16 10 M M 4 1 19 360
30 94 73 84 3 0 19 0.00 0.0 0 3.1 10 310 M M 2 1 15 60
31 93 73 83 2 0 18 0.00 0.0 0 3.9 9 110 M M 3 1 12 100
================================================================================
SM 2804 2251 0 521 4.28 0.0 125.0 M 87
================================================================================
AV 90.5 72.6 4.0 FASTST M M 3 MAX(MPH)
MISC ----> # 28 150 36 160
================================================================================
NOTES:
# LAST OF SEVERAL OCCURRENCES
COLUMN 17 PEAK WIND IN M.P.H.
PRELIMINARY LOCAL CLIMATOLOGICAL DATA (WS FORM: F-6) , PAGE 2
STATION: DOTHAN
MONTH: AUGUST
YEAR: 2022
LATITUDE: 31 19 N
LONGITUDE: 85 27 W
[TEMPERATURE DATA] [PRECIPITATION DATA] SYMBOLS USED IN COLUMN 16
AVERAGE MONTHLY: 81.5 TOTAL FOR MONTH: 4.28 1 = FOG OR MIST
DPTR FM NORMAL: -0.5 DPTR FM NORMAL: -1.89 2 = FOG REDUCING VISIBILITY
HIGHEST: 97 ON 5 GRTST 24HR 1.08 ON 7- 7 TO 1/4 MILE OR LESS
LOWEST: 70 ON 15,14 3 = THUNDER
SNOW, ICE PELLETS, HAIL 4 = ICE PELLETS
TOTAL MONTH: 0.0 INCH 5 = HAIL
GRTST 24HR 0.0 6 = FREEZING RAIN OR DRIZZLE
GRTST DEPTH: 0 7 = DUSTSTORM OR SANDSTORM:
VSBY 1/2 MILE OR LESS
8 = SMOKE OR HAZE
[NO. OF DAYS WITH] [WEATHER - DAYS WITH] 9 = BLOWING SNOW
X = TORNADO
MAX 32 OR BELOW: 0 0.01 INCH OR MORE: 17
MAX 90 OR ABOVE: 19 0.10 INCH OR MORE: 12
MIN 32 OR BELOW: 0 0.50 INCH OR MORE: 3
MIN 0 OR BELOW: 0 1.00 INCH OR MORE: 2
[HDD (BASE 65) ]
TOTAL THIS MO. 0 CLEAR (SCALE 0-3) 22
DPTR FM NORMAL 0 PTCLDY (SCALE 4-7) 9
TOTAL FM JUL 1 0 CLOUDY (SCALE 8-10) 0
DPTR FM NORMAL 0
[CDD (BASE 65) ]
TOTAL THIS MO. 521
DPTR FM NORMAL -6 [PRESSURE DATA]
TOTAL FM JAN 1 2186 HIGHEST SLP M ON M
DPTR FM NORMAL 101 LOWEST SLP 29.87 ON 15
[REMARKS]
#FINAL-08-22#