000
CXUS55 KGJT 010910
CF6GJT
PRELIMINARY LOCAL CLIMATOLOGICAL DATA (WS FORM: F-6)
STATION: GRAND JUNCTION CO
MONTH: OCTOBER
YEAR: 2022
LATITUDE: 39 7 N
LONGITUDE: 108 32 W
TEMPERATURE IN F: :PCPN: SNOW: WIND :SUNSHINE: SKY :PK WND
================================================================================
1 2 3 4 5 6A 6B 7 8 9 10 11 12 13 14 15 16 17 18
12Z AVG MX 2MIN
DY MAX MIN AVG DEP HDD CDD WTR SNW DPTH SPD SPD DIR MIN PSBL S-S WX SPD DR
================================================================================
1 70 51 61 1 4 0 0.08 0.0 0 8.7 26 110 M M 4 13 32 110
2 69 53 61 1 4 0 0.52 T 0 16.1 32 230 M M 5 135 42 230
3 69 44 57 -2 8 0 0.00 0.0 0 7.4 22 140 M M 1 27 140
4 72 48 60 1 5 0 0.00 0.0 0 6.1 14 120 M M 1 17 310
5 73 47 60 2 5 0 0.00 0.0 0 4.4 14 130 M M 0 17 130
6 74 46 60 2 5 0 0.00 0.0 0 5.4 14 130 M M 0 8 16 240
7 74 48 61 4 4 0 0.00 0.0 0 5.8 12 120 M M 0 8 15 310
8 75 47 61 4 4 0 0.00 0.0 0 6.3 15 120 M M 0 17 110
9 74 48 61 5 4 0 0.00 0.0 0 6.9 16 120 M M 1 18 120
10 74 46 60 4 5 0 0.00 0.0 0 6.5 15 110 M M 0 8 18 110
11 77 45 61 6 4 0 0.00 0.0 0 7.1 21 250 M M 1 8 29 270
12 75 45 60 5 5 0 0.00 0.0 0 4.9 12 110 M M 0 8 14 120
13 74 45 60 6 5 0 0.00 0.0 0 5.7 16 140 M M 0 18 140
14 75 42 59 5 6 0 0.00 0.0 0 7.0 16 120 M M 0 20 120
15 75 42 59 5 6 0 0.00 0.0 0 6.6 20 40 M M 0 34 30
16 68 45 57 4 8 0 0.00 0.0 0 3.0 20 360 M M 0 26 20
17 71 38 55 2 10 0 0.00 0.0 0 4.7 12 320 M M 0 16 270
18 73 37 55 3 10 0 0.00 0.0 0 5.1 12 140 M M 0 15 290
19 73 41 57 5 8 0 0.00 0.0 0 7.4 17 140 M M 0 19 140
20 72 42 57 6 8 0 0.00 0.0 0 7.7 15 120 M M 0 19 100
21 71 40 56 5 9 0 0.00 0.0 0 6.1 16 120 M M 0 20 130
22 73 43 58 8 7 0 0.04 0.0 0 14.5 31 290 M M 3 1 44 280
23 50 33 42 -8 23 0 0.58 T 0 8.0 28 330 M M 10 13 36 330
24 47 29 38 -12 27 0 0.00 0.0 0 5.4 14 110 M M 5 12 18 120
25 46 32 39 -10 26 0 0.00 0.0 0 7.7 20 110 M M 6 26 110
26 48 36 42 -7 23 0 0.43 0.0 0 3.6 29 330 M M 8 1 41 320
27 47 32 40 -8 25 0 0.14 0.4 T 7.8 18 340 M M 4 1 26 330
28 52 31 42 -6 23 0 0.00 0.0 0 5.7 15 120 M M 0 22 110
29 51 32 42 -5 23 0 0.00 0.0 0 3.9 13 150 M M 1 15 160
30 57 33 45 -2 20 0 0.00 0.0 0 4.3 13 150 M M 0 15 150
31 59 33 46 0 19 0 0.00 0.0 0 6.0 13 140 M M 0 8 15 140
================================================================================
SM 2058 1274 343 0 1.79 0.4 205.8 M 50
================================================================================
AV 66.4 41.1 6.6 FASTST M M 2 MAX(MPH)
MISC ----> 32 230 44 280
================================================================================
NOTES:
# LAST OF SEVERAL OCCURRENCES
COLUMN 17 PEAK WIND IN M.P.H.
PRELIMINARY LOCAL CLIMATOLOGICAL DATA (WS FORM: F-6) , PAGE 2
STATION: GRAND JUNCTION CO
MONTH: OCTOBER
YEAR: 2022
LATITUDE: 39 7 N
LONGITUDE: 108 32 W
[TEMPERATURE DATA] [PRECIPITATION DATA] SYMBOLS USED IN COLUMN 16
AVERAGE MONTHLY: 53.7 TOTAL FOR MONTH: 1.79 1 = FOG OR MIST
DPTR FM NORMAL: 0.5 DPTR FM NORMAL: 0.80 2 = FOG REDUCING VISIBILITY
HIGHEST: 77 ON 11 GRTST 24HR 0.62 ON 22-23 TO 1/4 MILE OR LESS
LOWEST: 29 ON 24 3 = THUNDER
SNOW, ICE PELLETS, HAIL 4 = ICE PELLETS
TOTAL MONTH: 0.4 INCH 5 = HAIL
GRTST 24HR 0.4 ON 27-27 6 = FREEZING RAIN OR DRIZZLE
GRTST DEPTH: T 7 = DUSTSTORM OR SANDSTORM:
VSBY 1/2 MILE OR LESS
8 = SMOKE OR HAZE
[NO. OF DAYS WITH] [WEATHER - DAYS WITH] 9 = BLOWING SNOW
X = TORNADO
MAX 32 OR BELOW: 0 0.01 INCH OR MORE: 6
MAX 90 OR ABOVE: 0 0.10 INCH OR MORE: 4
MIN 32 OR BELOW: 5 0.50 INCH OR MORE: 2
MIN 0 OR BELOW: 0 1.00 INCH OR MORE: 0
[HDD (BASE 65) ]
TOTAL THIS MO. 343 CLEAR (SCALE 0-3) 24
DPTR FM NORMAL -28 PTCLDY (SCALE 4-7) 5
TOTAL FM JUL 1 351 CLOUDY (SCALE 8-10) 2
DPTR FM NORMAL -81
[CDD (BASE 65) ]
TOTAL THIS MO. 0
DPTR FM NORMAL -5 [PRESSURE DATA]
TOTAL FM JAN 1 1514 HIGHEST SLP M ON M
DPTR FM NORMAL 281 LOWEST SLP 29.19 ON 23
[REMARKS]
#FINAL-10-22#