000
CXUS55 KMSO 031738
CF6GPI
PRELIMINARY LOCAL CLIMATOLOGICAL DATA (WS FORM: F-6)
STATION: KALISPELL MT
MONTH: MAY
YEAR: 2020
LATITUDE: 48 17 N
LONGITUDE: 114 16 W
TEMPERATURE IN F: :PCPN: SNOW: WIND :SUNSHINE: SKY :PK WND
================================================================================
1 2 3 4 5 6A 6B 7 8 9 10 11 12 13 14 15 16 17 18
12Z AVG MX 2MIN
DY MAX MIN AVG DEP HDD CDD WTR SNW DPTH SPD SPD DIR MIN PSBL S-S WX SPD DR
================================================================================
1 61 33 47 0 18 0 0.00 0.0 0 8.8 20 140 M M 4 25 140
2 69 26 48 0 17 0 T 0.0 0 5.0 23 210 M M 1 30 210
3 56 38 47 -1 18 0 0.19 0.0 0 10.3 22 230 M M 7 1 36 220
4 59 29 44 -4 21 0 0.00 0.0 0 6.6 29 220 M M 3 1 36 220
5 68 25 47 -2 18 0 0.00 0.0 0 3.6 12 190 M M 1 16 130
6 58 38 48 -1 17 0 0.06 0.0 0 10.0 22 230 M M 6 27 170
7 50 38 44 -5 21 0 0.13 0.0 0 8.4 15 140 M M 10 1 18 140
8 61 39 50 0 15 0 T 0.0 0 8.0 22 20 M M 7 26 20
9 65 33 49 -1 16 0 0.00 0.0 0 10.1 22 30 M M 0 26 30
10 62 44 53 3 12 0 0.00 0.0 0 11.3 23 60 M M 4 45 80
11 59 42 51 1 14 0 0.00 0.0 0 13.1 25 30 M M 5 38 40
12 51 41 46 -5 19 0 0.30 0.0 0 4.5 13 20 M M 10 1 20 150
13 57 42 50 -1 15 0 0.36 0.0 0 8.2 21 140 M M 9 1 24 140
14 64 40 52 1 13 0 0.00 0.0 0 5.0 14 170 M M 6 18 140
15 52 40 46 -6 19 0 T 0.0 0 8.7 20 150 M M 8 24 160
16 65 39 52 0 13 0 0.00 0.0 0 4.0 14 150 M M 5 17 130
17 70 41 56 4 9 0 0.13 0.0 0 4.9 25 250 M M 6 1 34 250
18 64 49 57 5 8 0 0.01 0.0 0 5.5 17 160 M M 5 22 160
19 70 48 59 6 6 0 0.05 0.0 0 7.3 23 30 M M 6 1 29 30
20 57 50 54 1 11 0 0.59 0.0 0 5.3 17 10 M M 8 1 21 10
21 56 40 48 -5 17 0 0.66 0.0 0 12.7 24 200 M M 9 1 32 250
22 53 39 46 -8 19 0 0.00 0.0 0 8.7 18 220 M M 9 24 220
23 59 45 52 -2 13 0 0.00 0.0 0 6.4 13 150 M M 10 15 150
24 60 38 49 -5 16 0 0.02 0.0 0 5.4 15 160 M M 8 18 150
25 68 36 52 -2 13 0 0.11 0.0 0 5.6 16 160 M M 7 12 19 160
26 70 51 61 7 4 0 0.10 0.0 0 7.6 25 230 M M 9 1 32 240
27 73 42 58 3 7 0 0.05 0.0 0 3.1 16 280 M M 5 12 21 280
28 77 40 59 4 6 0 0.00 0.0 0 3.2 10 360 M M 0 13 30
29 82 46 64 9 1 0 0.00 0.0 0 3.7 13 20 M M 1 16 30
30 90 51 71 16 0 6 T 0.0 0 5.7 25 260 M M 0 38 260
31 75 43 59 3 6 0 0.40 0.0 0 8.3 55 230 M M 6 1 69 240
================================================================================
SM 1981 1246 402 6 3.16 0.0 219.0 M 175
================================================================================
AV 63.9 40.2 7.1 FASTST M M 6 MAX(MPH)
MISC ----> 55 230 69 240
================================================================================
NOTES:
# LAST OF SEVERAL OCCURRENCES
COLUMN 17 PEAK WIND IN M.P.H.
PRELIMINARY LOCAL CLIMATOLOGICAL DATA (WS FORM: F-6) , PAGE 2
STATION: KALISPELL MT
MONTH: MAY
YEAR: 2020
LATITUDE: 48 17 N
LONGITUDE: 114 16 W
[TEMPERATURE DATA] [PRECIPITATION DATA] SYMBOLS USED IN COLUMN 16
AVERAGE MONTHLY: 52.0 TOTAL FOR MONTH: 3.16 1 = FOG OR MIST
DPTR FM NORMAL: 0.2 DPTR FM NORMAL: 1.18 2 = FOG REDUCING VISIBILITY
HIGHEST: 90 ON 30 GRTST 24HR 1.04 ON 20-21 TO 1/4 MILE OR LESS
LOWEST: 25 ON 5 3 = THUNDER
SNOW, ICE PELLETS, HAIL 4 = ICE PELLETS
TOTAL MONTH: 0.0 INCH 5 = HAIL
GRTST 24HR 0.0 6 = FREEZING RAIN OR DRIZZLE
GRTST DEPTH: 0 7 = DUSTSTORM OR SANDSTORM:
VSBY 1/2 MILE OR LESS
8 = SMOKE OR HAZE
[NO. OF DAYS WITH] [WEATHER - DAYS WITH] 9 = BLOWING SNOW
X = TORNADO
MAX 32 OR BELOW: 0 0.01 INCH OR MORE: 15
MAX 90 OR ABOVE: 1 0.10 INCH OR MORE: 10
MIN 32 OR BELOW: 3 0.50 INCH OR MORE: 2
MIN 0 OR BELOW: 0 1.00 INCH OR MORE: 0
[HDD (BASE 65) ]
TOTAL THIS MO. 402 CLEAR (SCALE 0-3) 6
DPTR FM NORMAL -10 PTCLDY (SCALE 4-7) 16
TOTAL FM JUL 1 7512 CLOUDY (SCALE 8-10) 9
DPTR FM NORMAL -312
[CDD (BASE 65) ]
TOTAL THIS MO. 6
DPTR FM NORMAL 3 [PRESSURE DATA]
TOTAL FM JAN 1 6 HIGHEST SLP 30.45 ON 7
DPTR FM NORMAL 3 LOWEST SLP 29.47 ON 30
[REMARKS]
#FINAL-05-20#