000
CXUS51 KRNK 010821
CF6LYH
PRELIMINARY LOCAL CLIMATOLOGICAL DATA (WS FORM: F-6)
STATION: LYNCHBURG VA
MONTH: MAY
YEAR: 2021
LATITUDE: 37 19 N
LONGITUDE: 79 12 W
TEMPERATURE IN F: :PCPN: SNOW: WIND :SUNSHINE: SKY :PK WND
================================================================================
1 2 3 4 5 6A 6B 7 8 9 10 11 12 13 14 15 16 17 18
12Z AVG MX 2MIN
DY MAX MIN AVG DEP HDD CDD WTR SNW DPTH SPD SPD DIR MIN PSBL S-S WX SPD DR
================================================================================
1 72 47 60 -1 5 0 0.00 0.0 0 5.3 13 210 M M 0 20 200
2 84 47 66 5 0 1 0.00 0.0 0 7.4 22 190 M M 0 30 180
3 74 62 68 7 0 3 0.33 0.0 0 7.7 21 200 M M 6 1 29 200
4 87 60 74 13 0 9 0.18 0.0 0 5.8 21 290 M M 2 123 38 290
5 82 48 65 3 0 0 T 0.0 0 6.7 15 270 M M 3 25 270
6 67 42 55 -7 10 0 0.00 0.0 0 2.6 10 40 M M 1 14 40
7 64 40 52 -10 13 0 T 0.0 0 3.9 16 310 M M 4 3 27 270
8 69 41 55 -7 10 0 T 0.0 0 5.7 16 270 M M 1 26 220
9 75 46 61 -1 4 0 T 0.0 0 7.7 21 190 M M 4 29 170
10 76 59 68 5 0 3 T 0.0 0 4.9 10 40 M M 6 17 310
11 71 47 59 -4 6 0 0.00 0.0 0 4.4 14 200 M M 5 23 210
12 62 41 52 -11 13 0 0.00 0.0 0 4.3 13 30 M M 6 18 30
13 70 38 54 -10 11 0 0.00 0.0 0 4.0 15 30 M M 2 19 40
14 73 41 57 -7 8 0 0.00 0.0 0 2.0 10 30 M M 5 21 210
15 77 40 59 -5 6 0 0.00 0.0 0 1.4 10 20 M M 1 15 30
16 62 48 55 -9 10 0 0.04 0.0 0 0.8 6 130 M M 8 7 110
17 70 55 63 -1 2 0 0.00 0.0 0 1.6 7 20 M M 9 15 130
18 73 54 64 -1 1 0 0.01 0.0 0 1.8 9 170 M M 6 16 150
19 83 49 66 1 0 1 0.00 0.0 0 1.5 10 220 M M 1 1 13 230
20 87 51 69 4 0 4 0.00 0.0 0 3.5 14 180 M M 0 18 180
21 84 54 69 4 0 4 0.00 0.0 0 2.7 10 40 M M 0 19 140
22 89 51 70 4 0 5 0.00 0.0 0 1.6 9 330 M M 0 15 270
23 92 60 76 10 0 11 0.00 0.0 0 1.9 12 20 M M 2 15 280
24 86 66 76 10 0 11 0.09 0.0 0 4.8 14 60 M M 6 13 19 60
25 81 62 72 6 0 7 T 0.0 0 4.1 9 180 M M 6 14 200
26 93 66 80 13 0 15 T 0.0 0 4.8 25 180 M M 2 123 32 180
27 87 62 75 8 0 10 0.00 0.0 0 2.9 12 200 M M 2 16 200
28 87 64 76 9 0 11 0.80 0.0 0 4.7 16 300 M M 6 13 26 300
29 76 51 64 -3 1 0 0.22 0.0 0 9.5 20 30 M M 10 1 26 40
30 68 50 59 -9 6 0 0.03 0.0 0 5.3 14 40 M M 10 1 20 40
31 74 53 64 -4 1 0 0.00 0.0 0 2.4 7 170 M M 4 12 M M
================================================================================
SM 2395 1595 107 95 1.70 0.0 127.7 M 118
================================================================================
AV 77.3 51.5 4.1 FASTST M M 4 MAX(MPH)
MISC ----> 25 180 38 290
================================================================================
NOTES:
# LAST OF SEVERAL OCCURRENCES
COLUMN 17 PEAK WIND IN M.P.H.
PRELIMINARY LOCAL CLIMATOLOGICAL DATA (WS FORM: F-6) , PAGE 2
STATION: LYNCHBURG VA
MONTH: MAY
YEAR: 2021
LATITUDE: 37 19 N
LONGITUDE: 79 12 W
[TEMPERATURE DATA] [PRECIPITATION DATA] SYMBOLS USED IN COLUMN 16
AVERAGE MONTHLY: 64.4 TOTAL FOR MONTH: 1.70 1 = FOG OR MIST
DPTR FM NORMAL: 0.2 DPTR FM NORMAL: -2.28 2 = FOG REDUCING VISIBILITY
HIGHEST: 93 ON 26 GRTST 24HR 0.93 ON 28-29 TO 1/4 MILE OR LESS
LOWEST: 38 ON 13 3 = THUNDER
SNOW, ICE PELLETS, HAIL 4 = ICE PELLETS
TOTAL MONTH: 0.0 INCH 5 = HAIL
GRTST 24HR 0.0 6 = FREEZING RAIN OR DRIZZLE
GRTST DEPTH: 0 7 = DUSTSTORM OR SANDSTORM:
VSBY 1/2 MILE OR LESS
8 = SMOKE OR HAZE
[NO. OF DAYS WITH] [WEATHER - DAYS WITH] 9 = BLOWING SNOW
X = TORNADO
MAX 32 OR BELOW: 0 0.01 INCH OR MORE: 8
MAX 90 OR ABOVE: 2 0.10 INCH OR MORE: 4
MIN 32 OR BELOW: 0 0.50 INCH OR MORE: 1
MIN 0 OR BELOW: 0 1.00 INCH OR MORE: 0
[HDD (BASE 65) ]
TOTAL THIS MO. 107 CLEAR (SCALE 0-3) 14
DPTR FM NORMAL 1 PTCLDY (SCALE 4-7) 14
TOTAL FM JUL 1 3724 CLOUDY (SCALE 8-10) 3
DPTR FM NORMAL -559
[CDD (BASE 65) ]
TOTAL THIS MO. 95
DPTR FM NORMAL 14 [PRESSURE DATA]
TOTAL FM JAN 1 123 HIGHEST SLP 30.53 ON 21
DPTR FM NORMAL 21 LOWEST SLP 29.67 ON 29
[REMARKS]
#FINAL-05-21#