000
CXUS55 KSEW 170930
CF6BLI
PRELIMINARY LOCAL CLIMATOLOGICAL DATA (WS FORM: F-6)

                                          STATION:   BELLINGHAM WA AIRPORT
                                          MONTH:     AUGUST
                                          YEAR:      2017
                                          LATITUDE:   48 47 N
                                          LONGITUDE: 122 32 W

  TEMPERATURE IN F:       :PCPN:    SNOW:  WIND      :SUNSHINE: SKY     :PK WND
================================================================================
1   2   3   4   5  6A  6B    7    8   9   10  11  12  13   14  15   16   17  18
                                     12Z  AVG MX 2MIN
DY MAX MIN AVG DEP HDD CDD  WTR  SNW DPTH SPD SPD DIR MIN PSBL S-S WX    SPD DR
================================================================================

 1  78  54  66   2   0   1 0.00  0.0    0  2.4  9 260   M    M   4 1      15 290
 2  83  55  69   6   0   4 0.00  0.0    0  2.2  9 280   M    M   7 18     13 280
 3  82  56  69   6   0   4 0.00  0.0    0  2.3  9 250   M    M   5 18     12 260
 4  77  55  66   3   0   1 0.00  0.0    0  1.7  7 350   M    M   4 18      8 200
 5  68  58  63   0   2   0 0.00  0.0    0  6.7 14 170   M    M   6 8      19 190
 6  76  55  66   3   0   1 0.00  0.0    0  3.8 10 170   M    M   8 18     15 170
 7  78  54  66   3   0   1 0.00  0.0    0  3.2  9 270   M    M   7 18     13 260
 8  80  57  69   6   0   4 0.00  0.0    0  2.9  8 280   M    M   6 18     10 280
 9  81  57  69   6   0   4 0.00  0.0    0  3.8  8 170   M    M   4 18     12 170
10  81  57  69   6   0   4 0.00  0.0    0  3.9  9 180   M    M   3 8      12  20
11  72  55  64   1   1   0 0.00  0.0    0  9.7 21 170   M    M   1 18     28 170
12  71  58  65   2   0   0 0.03  0.0    0 11.2 22 160   M    M   3        32 170
13  70  58  64   1   1   0 0.06  0.0    0 10.4 18 170   M    M   5 1      25 170
14  70  54  62  -1   3   0 0.00  0.0    0  5.1 12 180   M    M   4        15 160
15  75  47  61  -2   4   0 0.00  0.0    0  5.0 12 170   M    M   0 1      17 170
16  70  52  61  -2   4   0 0.00  0.0    0 10.4 20 160   M    M   4        27 160
================================================================================
SM 1212  882        15  24  0.09     0.0  84.7          M       71
================================================================================
AV 75.8 55.1                               5.3 FASTST   M    M   4    MAX(MPH)
                                 MISC ---->  # 22 160               # 32  170
================================================================================
NOTES:
# LAST OF SEVERAL OCCURRENCES

COLUMN 17 PEAK WIND IN M.P.H.

PRELIMINARY LOCAL CLIMATOLOGICAL DATA (WS FORM: F-6) , PAGE 2

                                          STATION:  BELLINGHAM WA AIRPORT
                                          MONTH:    AUGUST
                                          YEAR:     2017
                                          LATITUDE:   48 47 N
                                          LONGITUDE: 122 32 W

[TEMPERATURE DATA]      [PRECIPITATION DATA]       SYMBOLS USED IN COLUMN 16

AVERAGE MONTHLY: 65.4   TOTAL FOR MONTH:   0.09    1 = FOG OR MIST
DPTR FM NORMAL:   2.4   DPTR FM NORMAL:   -0.44    2 = FOG REDUCING VISIBILITY
HIGHEST:    83 ON  2    GRTST 24HR  0.06 ON 13-13      TO 1/4 MILE OR LESS
LOWEST:     47 ON 15                               3 = THUNDER
                        SNOW, ICE PELLETS, HAIL    4 = ICE PELLETS
                        TOTAL MONTH:   0.0 INCH    5 = HAIL
                        GRTST 24HR     0.0         6 = FREEZING RAIN OR DRIZZLE
                        GRTST DEPTH:   0           7 = DUSTSTORM OR SANDSTORM:
                                                       VSBY 1/2 MILE OR LESS
                                                   8 = SMOKE OR HAZE
[NO. OF DAYS WITH]      [WEATHER - DAYS WITH]      9 = BLOWING SNOW
                                                   X = TORNADO
MAX 32 OR BELOW:   0    0.01 INCH OR MORE:   2
MAX 90 OR ABOVE:   0    0.10 INCH OR MORE:   0
MIN 32 OR BELOW:   0    0.50 INCH OR MORE:   0
MIN  0 OR BELOW:   0    1.00 INCH OR MORE:   0

[HDD (BASE 65) ]
TOTAL THIS MO.    15    CLEAR  (SCALE 0-3)   4
DPTR FM NORMAL   -16    PTCLDY (SCALE 4-7)  11
TOTAL FM JUL 1    66    CLOUDY (SCALE 8-10)  1
DPTR FM NORMAL   -66

[CDD (BASE 65) ]
TOTAL THIS MO.    24
DPTR FM NORMAL    24    [PRESSURE DATA]
TOTAL FM JAN 1    50    HIGHEST SLP M ON M
DPTR FM NORMAL    27    LOWEST  SLP 29.88 ON  5

[REMARKS]
