000
CXUS54 KMAF 201100
CF6GNC
PRELIMINARY LOCAL CLIMATOLOGICAL DATA (WS FORM: F-6)

                                          STATION:   Gaines County Airport
                                          MONTH:     AUGUST
                                          YEAR:      2017
                                          LATITUDE:   32 40 N
                                          LONGITUDE: 102 39 W

  TEMPERATURE IN F:       :PCPN:    SNOW:  WIND      :SUNSHINE: SKY     :PK WND
================================================================================
1   2   3   4   5  6A  6B    7    8   9   10  11  12  13   14  15   16   17  18
                                     12Z  AVG MX 2MIN
DY MAX MIN AVG DEP HDD CDD  WTR  SNW DPTH SPD SPD DIR MIN PSBL S-S WX    SPD DR
================================================================================

 1  84  65  75   M   0  10 1.23  0.0    0  6.0 15 310   M    M   6        21  40
 2  83  67  75   M   0  10 0.00  0.0    0  6.5 13  60   M    M   5        18  60
 3  87  64  76   M   0  11 0.00  0.0    0  3.1  8 360   M    M   1 1       M  M
 4  89  67  78   M   0  13 0.00  0.0    0  5.4 12  40   M    M   1        16 360
 5  94  69  82   M   0  17 0.00  0.0    0  7.7 15 350   M    M   1        24 350
 6  94  69  82   M   0  17 0.00  0.0    0  6.5 13  40   M    M   1        18  40
 7  86  67  77   M   0  12 0.39  0.0    0  7.6 13  70   M    M   6        21  70
 8  82  67  75   M   0  10 0.00  0.0    0  8.3 13  90   M    M   7 1      17 100
 9  90  64  77   M   0  12 0.00  0.0    0  4.0  8 170   M    M   2         M  M
10  93  67  80   M   0  15 0.00  0.0    0  6.8 13 170   M    M   1        21 190
11  94  66  80   M   0  15 0.00  0.0    0  7.3 15 130   M    M   2        22 130
12  87  68  78   M   0  13 0.47  0.0    0  4.6 12 260   M    M   4        18 130
13  94  67  81   M   0  16 0.04  0.0    0  6.6 22 190   M    M   1        27 190
14  91  64  78   M   0  13 0.00  0.0    0  5.8 15  50   M    M   1        24  50
15  86  69  78   M   0  13 0.00  0.0    0  9.8 17 130   M    M   2        24  50
16  94  64  79   M   0  14 0.00  0.0    0  5.3 12  30   M    M   0        20  30
17  94  65  80   M   0  15 0.00  0.0    0  7.3 16 170   M    M   1        23 140
18  93  65  79   M   0  14 0.00  0.0    0  5.5 15 170   M    M   1        16 130
19  94  65  80   M   0  15 0.00  0.0    0  4.6 15 190   M    M   1        25 190
================================================================================
SM 1709 1259         0 255  2.13     0.0 118.7          M       44
================================================================================
AV 90.0 66.3                               6.2 FASTST   M    M   2    MAX(MPH)
                                 MISC ---->  # 22 190               # 27  190
================================================================================
NOTES:
# LAST OF SEVERAL OCCURRENCES

COLUMN 17 PEAK WIND IN M.P.H.

PRELIMINARY LOCAL CLIMATOLOGICAL DATA (WS FORM: F-6) , PAGE 2

                                          STATION:  Gaines County Airport
                                          MONTH:    AUGUST
                                          YEAR:     2017
                                          LATITUDE:   32 40 N
                                          LONGITUDE: 102 39 W

[TEMPERATURE DATA]      [PRECIPITATION DATA]       SYMBOLS USED IN COLUMN 16

AVERAGE MONTHLY: 78.1   TOTAL FOR MONTH:   2.13    1 = FOG OR MIST
DPTR FM NORMAL:     M   DPTR FM NORMAL:       M    2 = FOG REDUCING VISIBILITY
HIGHEST:    94 ON 19,17 GRTST 24HR  1.23 ON  1- 1      TO 1/4 MILE OR LESS
LOWEST:     64 ON 16,14                            3 = THUNDER
                        SNOW, ICE PELLETS, HAIL    4 = ICE PELLETS
                        TOTAL MONTH:   0.0 INCH    5 = HAIL
                        GRTST 24HR     0.0         6 = FREEZING RAIN OR DRIZZLE
                        GRTST DEPTH:   0           7 = DUSTSTORM OR SANDSTORM:
                                                       VSBY 1/2 MILE OR LESS
                                                   8 = SMOKE OR HAZE
[NO. OF DAYS WITH]      [WEATHER - DAYS WITH]      9 = BLOWING SNOW
                                                   X = TORNADO
MAX 32 OR BELOW:   0    0.01 INCH OR MORE:   4
MAX 90 OR ABOVE:  11    0.10 INCH OR MORE:   3
MIN 32 OR BELOW:   0    0.50 INCH OR MORE:   1
MIN  0 OR BELOW:   0    1.00 INCH OR MORE:   1

[HDD (BASE 65) ]
TOTAL THIS MO.     0    CLEAR  (SCALE 0-3)  14
DPTR FM NORMAL     M    PTCLDY (SCALE 4-7)   5
TOTAL FM JUL 1     0    CLOUDY (SCALE 8-10)  0
DPTR FM NORMAL     M

[CDD (BASE 65) ]
TOTAL THIS MO.   255
DPTR FM NORMAL     M    [PRESSURE DATA]
TOTAL FM JAN 1  1475    HIGHEST SLP M ON M
DPTR FM NORMAL     M    LOWEST  SLP M ON M

[REMARKS]
