000
CXUS56 KPDT 251832
CF6MEH
PRELIMINARY LOCAL CLIMATOLOGICAL DATA (WS FORM: F-6)

                                          STATION:   MEACHAM OR
                                          MONTH:     SEPTEMBER
                                          YEAR:      2017
                                          LATITUDE:   45 30 N
                                          LONGITUDE: 118 24 W

  TEMPERATURE IN F:       :PCPN:    SNOW:  WIND      :SUNSHINE: SKY     :PK WND
================================================================================
1   2   3   4   5  6A  6B    7    8   9   10  11  12  13   14  15   16   17  18
                                     12Z  AVG MX 2MIN
DY MAX MIN AVG DEP HDD CDD  WTR  SNW DPTH SPD SPD DIR MIN PSBL S-S WX    SPD DR
================================================================================

 1  89  38  64   9   1   0 0.00  0.0    0  1.2  7  70   M    M   0        12 290
 2  96  43  70  15   0   5 0.00  0.0    0  1.1  8  20   M    M   0        13  10
 3  96  45  71  16   0   6 0.00  0.0    0  0.9  8 310   M    M   0        13 300
 4  89  44  67  13   0   2 0.00  0.0    0  0.7  6  20   M    M   2        10 340
 5  93  46  70  16   0   5 0.00  0.0    0  0.5  6 300   M    M   5 8      10 300
 6  88  45  67  13   0   2 0.00  0.0    0  0.7  6 270   M    M  10 8      11 230
 7  82  45  64  10   1   0    T  0.0    0  0.7  7 280   M    M  10 8      11 310
 8  80  49  65  11   0   0    T  0.0    0  1.0  8  40   M    M   3 18     12  60
 9  77  45  61   8   4   0 0.00  0.0    0  1.2  9 250   M    M   0 18     14 280
10  75  41  58   5   7   0 0.00  0.0    0  1.6  8 280   M    M   1        13 310
11  84  33  59   6   6   0 0.00  0.0    0  1.2  7 360   M    M   0        12  30
12  87  39  63  11   2   0 0.00  0.0    0  0.9  6  99   M    M   0         M  M
13  72  42  57   5   8   0 0.00  0.0    0  1.2  8 260   M    M   0 8      15 260
14  59  30  45  -7  20   0    T  0.0    0  0.6  7  10   M    M   5 8      11  30
15  61  28  45  -6  20   0 0.00  0.0    M  1.6 10  30   M    M   1        17  30
16  63  23  43  -8  22   0 0.00  0.0    0  1.0  8  30   M    M   0        12 340
17  68  36  52   1  13   0 0.01  0.0    0  0.8  8 280   M    M   4        14  90
18  54  37  46  -4  19   0 0.65  0.0    0  1.4  6  99   M    M   6 13      M  M
19  48  39  44  -6  21   0 0.89  0.0    0  0.5  9 240   M    M   9 1      17 250
20  51  36  44  -6  21   0 0.75  0.0    0  0.8  9 270   M    M  10 1      20 310
21  49  31  40 -10  25   0 0.01  0.0    0  1.2  6 280   M    M   7 1      11 340
22  52  29  41  -8  24   0 0.00  0.0    0  1.2  7 290   M    M   6 1      12 300
23  58  28  43  -6  22   0 0.00  0.0    0  0.8  7  40   M    M   5        12  40
24  58  29  44  -5  21   0 0.00  0.0    0  0.7  7  20   M    M   6        11  20
================================================================================
SM 1729  901       257  20  2.31     0.0  23.5          M       90
================================================================================
AV 72.0 37.5                               1.0 FASTST   M    M   4    MAX(MPH)
                                 MISC ---->  # 10  30               # 20  310
================================================================================
NOTES:
# LAST OF SEVERAL OCCURRENCES

COLUMN 17 PEAK WIND IN M.P.H.

PRELIMINARY LOCAL CLIMATOLOGICAL DATA (WS FORM: F-6) , PAGE 2

                                          STATION:  MEACHAM OR
                                          MONTH:    SEPTEMBER
                                          YEAR:     2017
                                          LATITUDE:   45 30 N
                                          LONGITUDE: 118 24 W

[TEMPERATURE DATA]      [PRECIPITATION DATA]       SYMBOLS USED IN COLUMN 16

AVERAGE MONTHLY: 54.8   TOTAL FOR MONTH:   2.31    1 = FOG OR MIST
DPTR FM NORMAL:   2.7   DPTR FM NORMAL:    1.14    2 = FOG REDUCING VISIBILITY
HIGHEST:    96 ON  3, 2 GRTST 24HR  0.89 ON 19-19      TO 1/4 MILE OR LESS
LOWEST:     23 ON 16                               3 = THUNDER
                        SNOW, ICE PELLETS, HAIL    4 = ICE PELLETS
                        TOTAL MONTH:   0.0 INCH    5 = HAIL
                        GRTST 24HR     0.0         6 = FREEZING RAIN OR DRIZZLE
                        GRTST DEPTH:   0           7 = DUSTSTORM OR SANDSTORM:
                                                       VSBY 1/2 MILE OR LESS
                                                   8 = SMOKE OR HAZE
[NO. OF DAYS WITH]      [WEATHER - DAYS WITH]      9 = BLOWING SNOW
                                                   X = TORNADO
MAX 32 OR BELOW:   0    0.01 INCH OR MORE:   5
MAX 90 OR ABOVE:   3    0.10 INCH OR MORE:   3
MIN 32 OR BELOW:   7    0.50 INCH OR MORE:   3
MIN  0 OR BELOW:   0    1.00 INCH OR MORE:   0

[HDD (BASE 65) ]
TOTAL THIS MO.   257    CLEAR  (SCALE 0-3)  11
DPTR FM NORMAL   -54    PTCLDY (SCALE 4-7)   9
TOTAL FM JUL 1   443    CLOUDY (SCALE 8-10)  4
DPTR FM NORMAL  -282

[CDD (BASE 65) ]
TOTAL THIS MO.    20
DPTR FM NORMAL    20    [PRESSURE DATA]
TOTAL FM JAN 1   105    HIGHEST SLP 29.93 ON 17
DPTR FM NORMAL    82    LOWEST  SLP 29.60 ON 20

[REMARKS]
