000
CXUS56 KPDT 301032
CF6MEH
PRELIMINARY LOCAL CLIMATOLOGICAL DATA (WS FORM: F-6)

                                          STATION:   MEACHAM OR
                                          MONTH:     MAY
                                          YEAR:      2017
                                          LATITUDE:   45 30 N
                                          LONGITUDE: 118 24 W

  TEMPERATURE IN F:       :PCPN:    SNOW:  WIND      :SUNSHINE: SKY     :PK WND
================================================================================
1   2   3   4   5  6A  6B    7    8   9   10  11  12  13   14  15   16   17  18
                                     12Z  AVG MX 2MIN
DY MAX MIN AVG DEP HDD CDD  WTR  SNW DPTH SPD SPD DIR MIN PSBL S-S WX    SPD DR
================================================================================

 1  48  29  39  -5  26   0 0.03  0.0    0  1.2  7 250   M    M   8        11 250
 2  57  39  48   4  17   0 0.09  0.0    0  1.2  8 290   M    M   8 18     11 280
 3  72  37  55  11  10   0 0.00  0.0    0  1.1  7  10   M    M   6        12 340
 4  80  42  61  17   4   0 0.00  0.0    0  1.8 13 100   M    M   0        22  80
 5  66  39  53   8  12   0    T  0.0    0  2.4  9 270   M    M   7        17 290
 6  46  33  40  -5  25   0 0.15    M    M  0.8  7 290   M    M   8 1      11 320
 7  52  27  40  -5  25   0 0.00  0.0    0  2.5  9  20   M    M   2        17  40
 8  61  25  43  -2  22   0 0.00  0.0    0  2.0  8 310   M    M   1        14  30
 9  64  29  47   1  18   0 0.00  0.0    0  1.4  9  40   M    M   0        14  30
10  74  31  53   7  12   0 0.00  0.0    0  1.1  7  10   M    M   0        14  30
11  69  40  55   9  10   0    T    M    0  1.7 12 280   M    M   4 18     20 270
12  45  31  38  -8  27   0 0.21    M    0  0.6  8  50   M    M   8 1      14 280
13  43  31  37 -10  28   0 0.26    M    0  0.3  7 270   M    M   9 1      12 250
14  50  28  39  -8  26   0 0.01    T    0  0.8  7 280   M    M   7 5      14 330
15  57  27  42  -5  23   0 0.00  0.0    M  1.7  8  20   M    M   4        13 270
16  53  33  43  -4  22   0 0.74    M    M  2.3 12 280   M    M  10 128    23 300
17  50  32  41  -7  24   0 0.28    M    0  1.3  8 290   M    M  10 12     14 290
18  59  35  47  -1  18   0 0.00  0.0    0  0.6  7 270   M    M   6        12  30
19  66  30  48   0  17   0 0.00  0.0    0  1.6  8 240   M    M   1        13 220
20  64  37  51   3  14   0 0.00  0.0    0  1.7  9 290   M    M   5        14 290
21  69  34  52   4  13   0 0.00  0.0    0  1.9  9  10   M    M   1 8      16  30
22  77  37  57   9   8   0 0.00  0.0    0  1.0  9  30   M    M   0 8      14  30
23  82  38  60  11   5   0 0.00  0.0    0  1.8  8 280   M    M   0        14 310
24  57  42  50   1  15   0 0.00  0.0    0  3.9 10 270   M    M   2        20 260
25  54  34  44  -5  21   0 0.00  0.0    0  1.5  8 290   M    M   6        13  40
26  66  32  49   0  16   0 0.00  0.0    0  1.9 10  30   M    M   1 8      17 310
27  76  31  54   5  11   0 0.00  0.0    0  1.4  8  40   M    M   0        12  40
28  80  38  59   9   6   0 0.00  0.0    0  1.5  8 270   M    M   0        14 250
29  83  41  62  12   3   0 0.00  0.0    0  1.6  8  20   M    M   1        12  30
================================================================================
SM 1820  982       478   0  1.77    T     44.6          M      115
================================================================================
AV 62.8 33.9                               1.5 FASTST   M    M   4    MAX(MPH)
                                 MISC ---->  # 13 100               # 23  300
================================================================================
NOTES:
# LAST OF SEVERAL OCCURRENCES

COLUMN 17 PEAK WIND IN M.P.H.

PRELIMINARY LOCAL CLIMATOLOGICAL DATA (WS FORM: F-6) , PAGE 2

                                          STATION:  MEACHAM OR
                                          MONTH:    MAY
                                          YEAR:     2017
                                          LATITUDE:   45 30 N
                                          LONGITUDE: 118 24 W

[TEMPERATURE DATA]      [PRECIPITATION DATA]       SYMBOLS USED IN COLUMN 16

AVERAGE MONTHLY: 48.3   TOTAL FOR MONTH:   1.77    1 = FOG OR MIST
DPTR FM NORMAL:   1.4   DPTR FM NORMAL:   -1.28    2 = FOG REDUCING VISIBILITY
HIGHEST:    83 ON 29    GRTST 24HR  0.74 ON 16-16      TO 1/4 MILE OR LESS
LOWEST:     25 ON  8                               3 = THUNDER
                        SNOW, ICE PELLETS, HAIL    4 = ICE PELLETS
                        TOTAL MONTH:    T          5 = HAIL
                        GRTST 24HR    T  ON 14-14  6 = FREEZING RAIN OR DRIZZLE
                        GRTST DEPTH:   0           7 = DUSTSTORM OR SANDSTORM:
                                                       VSBY 1/2 MILE OR LESS
                                                   8 = SMOKE OR HAZE
[NO. OF DAYS WITH]      [WEATHER - DAYS WITH]      9 = BLOWING SNOW
                                                   X = TORNADO
MAX 32 OR BELOW:   0    0.01 INCH OR MORE:   8
MAX 90 OR ABOVE:   0    0.10 INCH OR MORE:   5
MIN 32 OR BELOW:  13    0.50 INCH OR MORE:   1
MIN  0 OR BELOW:   0    1.00 INCH OR MORE:   0

[HDD (BASE 65) ]
TOTAL THIS MO.   478    CLEAR  (SCALE 0-3)  14
DPTR FM NORMAL   -46    PTCLDY (SCALE 4-7)  11
TOTAL FM JUL 1  7709    CLOUDY (SCALE 8-10)  4
DPTR FM NORMAL  -217

[CDD (BASE 65) ]
TOTAL THIS MO.     0
DPTR FM NORMAL     0    [PRESSURE DATA]
TOTAL FM JAN 1     0    HIGHEST SLP 30.18 ON  8
DPTR FM NORMAL     0    LOWEST  SLP 29.51 ON 16

[REMARKS]
