000
CXUS56 KSGX 011045
CF6AJO
PRELIMINARY LOCAL CLIMATOLOGICAL DATA (WS FORM: F-6)
STATION: CORONA AIRPORT CA
MONTH: AUGUST
YEAR: 2021
LATITUDE: 33 53 N
LONGITUDE: 117-36 E
TEMPERATURE IN F: :PCPN: SNOW: WIND :SUNSHINE: SKY :PK WND
================================================================================
1 2 3 4 5 6A 6B 7 8 9 10 11 12 13 14 15 16 17 18
12Z AVG MX 2MIN
DY MAX MIN AVG DEP HDD CDD WTR SNW DPTH SPD SPD DIR MIN PSBL S-S WX SPD DR
================================================================================
1 96 59 78 M 0 13 0.00 M M 6.4 16 270 M M 0 23 290
2 100 56 78 M 0 13 0.00 M M 5.8 16 300 M M 0 21 280
3 97 58 78 M 0 13 0.00 M M 6.1 18 300 M M 0 22 290
4 95 62 79 M 0 14 0.00 M M 7.0 16 300 M M 0 23 290
5 93 63 78 M 0 13 0.00 M M 6.7 16 280 M M 0 23 300
6 87 61 74 M 0 9 0.00 M M 8.4 16 290 M M 0 22 280
7 90 57 74 M 0 9 0.00 M M 6.4 16 290 M M 0 1 23 280
8 90 57 74 M 0 9 0.00 M M 6.9 16 280 M M 0 1 22 280
9 92 58 75 M 0 10 0.00 M M 5.5 17 300 M M 0 21 280
10 94 65 80 M 0 15 0.00 M M 6.9 16 280 M M 0 23 270
11 96 70 83 M 0 18 0.00 M M 6.6 16 270 M M 0 23 270
12 95 71 83 M 0 18 0.00 M M 5.8 16 290 M M 0 23 280
13 93 61 77 M 0 12 0.00 M M 5.4 16 280 M M 0 23 270
14 92 64 78 M 0 13 0.00 M M 4.9 13 260 M M 0 20 270
15 94 66 80 M 0 15 0.00 M M 6.2 16 290 M M 0 23 280
16 92 66 79 M 0 14 0.00 M M 7.3 17 300 M M 0 22 300
17 89 67 78 M 0 13 0.00 M M 7.8 18 280 M M 0 27 270
18 78 67 73 M 0 8 0.00 M M 5.7 13 280 M M 9 18 260
19 84 63 74 M 0 9 0.00 M M 5.4 15 280 M M 4 21 260
20 83 61 72 M 0 7 0.00 M M 4.3 16 290 M M 3 21 290
21 75 65 70 M 0 5 0.00 M M 5.4 13 240 M M 6 18 240
22 81 61 71 M 0 6 0.00 M M 5.9 15 270 M M 5 20 270
23 84 55 70 M 0 5 0.00 M M 5.2 12 280 M M 2 17 270
24 90 55 73 M 0 8 0.00 M M 5.4 15 280 M M 0 23 280
25 94 60 77 M 0 12 0.00 M M 5.5 14 290 M M 0 25 270
26 100 60 80 M 0 15 0.00 M M 5.0 15 280 M M 0 23 280
27 99 57 78 M 0 13 0.00 M M 5.5 14 280 M M 0 22 280
28 95 60 78 M 0 13 0.00 M M 6.6 15 290 M M 0 24 290
29 95 60 78 M 0 13 0.00 M M 5.6 14 260 M M 0 21 280
30 87 64 76 M 0 11 0.00 M M 7.0 14 260 M M 0 25 260
31 82 64 73 M 0 8 0.00 M M 5.9 13 280 M M 1 21 280
================================================================================
SM 2812 1913 0 354 0.00 M 188.3 M 30
================================================================================
AV 90.7 61.7 6.1 FASTST M M 1 MAX(MPH)
MISC ----> # 18 300 27 270
================================================================================
NOTES:
# LAST OF SEVERAL OCCURRENCES
COLUMN 17 PEAK WIND IN M.P.H.
PRELIMINARY LOCAL CLIMATOLOGICAL DATA (WS FORM: F-6) , PAGE 2
STATION: CORONA AIRPORT CA
MONTH: AUGUST
YEAR: 2021
LATITUDE: 33 53 N
LONGITUDE: 117-36 E
[TEMPERATURE DATA] [PRECIPITATION DATA] SYMBOLS USED IN COLUMN 16
AVERAGE MONTHLY: 76.2 TOTAL FOR MONTH: 0.00 1 = FOG OR MIST
DPTR FM NORMAL: 0.0 DPTR FM NORMAL: M 2 = FOG REDUCING VISIBILITY
HIGHEST: 100 ON 26, 2 GRTST 24HR 0.00 ON 1- 1 TO 1/4 MILE OR LESS
LOWEST: 55 ON 24,23 3 = THUNDER
SNOW, ICE PELLETS, HAIL 4 = ICE PELLETS
TOTAL MONTH: M 5 = HAIL
GRTST 24HR M ON M 6 = FREEZING RAIN OR DRIZZLE
GRTST DEPTH: M ON M 7 = DUSTSTORM OR SANDSTORM:
VSBY 1/2 MILE OR LESS
8 = SMOKE OR HAZE
[NO. OF DAYS WITH] [WEATHER - DAYS WITH] 9 = BLOWING SNOW
X = TORNADO
MAX 32 OR BELOW: 0 0.01 INCH OR MORE: 0
MAX 90 OR ABOVE: 21 0.10 INCH OR MORE: 0
MIN 32 OR BELOW: 0 0.50 INCH OR MORE: 0
MIN 0 OR BELOW: 0 1.00 INCH OR MORE: 0
[HDD (BASE 65) ]
TOTAL THIS MO. 0 CLEAR (SCALE 0-3) 27
DPTR FM NORMAL M PTCLDY (SCALE 4-7) 3
TOTAL FM JUL 1 0 CLOUDY (SCALE 8-10) 1
DPTR FM NORMAL M
[CDD (BASE 65) ]
TOTAL THIS MO. 354
DPTR FM NORMAL M [PRESSURE DATA]
TOTAL FM JAN 1 1035 HIGHEST SLP M ON M
DPTR FM NORMAL M LOWEST SLP M ON M
[REMARKS]
#FINAL-08-21#