000
CXUS55 KLBF 011510
CF6BBW
PRELIMINARY LOCAL CLIMATOLOGICAL DATA (WS FORM: F-6)
STATION: BROKEN BOW
MONTH: DECEMBER
YEAR: 2021
LATITUDE: 41 26 N
LONGITUDE: 99 39 W
TEMPERATURE IN F: :PCPN: SNOW: WIND :SUNSHINE: SKY :PK WND
================================================================================
1 2 3 4 5 6A 6B 7 8 9 10 11 12 13 14 15 16 17 18
12Z AVG MX 2MIN
DY MAX MIN AVG DEP HDD CDD WTR SNW DPTH SPD SPD DIR MIN PSBL S-S WX SPD DR
================================================================================
1 71 35 53 21 12 0 0.00 M M 9.7 21 260 M M 0 30 270
2 67 37 52 21 13 0 0.00 M M 5.3 23 300 M M 0 29 300
3 59 38 49 18 16 0 0.00 M M 12.8 26 340 M M 2 39 340
4 41 21 31 0 34 0 0.00 M M 10.9 26 180 M M 4 1 35 180
5 50 26 38 8 27 0 0.00 M M 18.7 37 330 M M 2 49 330
6 28 10 19 -11 46 0 0.00 M M 13.0 28 330 M M 2 38 340
7 38 18 28 -2 37 0 0.00 M M 8.4 24 190 M M 3 33 170
8 58 21 40 10 25 0 0.00 M M 7.4 24 170 M M 0 32 160
9 53 31 42 13 23 0 0.00 M M 12.9 26 330 M M 1 35 330
10 39 25 32 3 33 0 0.04 M M 15.6 23 340 M M 7 1 32 30
11 40 17 29 0 36 0 0.00 M M 10.6 23 290 M M 1 30 300
12 52 18 35 6 30 0 0.00 M M 5.2 14 170 M M 0 19 180
13 55 22 39 11 26 0 0.00 M M 2.2 10 120 M M 0 13 120
14 57 20 39 11 26 0 0.00 M M 3.8 16 160 M M 0 25 160
15 65 26 46 18 19 0 0.04 M M 18.9 47 320 M M 3 16 64 330
16 42 21 32 4 33 0 0.00 M M 9.5 22 300 M M 0 31 310
17 47 15 31 3 34 0 T M M 9.8 31 340 M M 2 40 350
18 27 6 17 -11 48 0 0.00 M M 10.0 26 330 M M 1 36 330
19 48 15 32 4 33 0 0.00 M M 7.8 17 190 M M 0 21 190
20 38 10 24 -4 41 0 0.00 M M 9.6 26 350 M M 0 34 360
21 47 14 31 4 34 0 0.00 M M 10.1 28 330 M M 0 41 320
22 60 18 39 12 26 0 0.00 M M 5.9 16 230 M M 0 20 230
23 62 33 48 21 17 0 0.00 M M 10.2 22 290 M M 0 28 290
24 58 26 42 15 23 0 0.00 M M 9.1 24 330 M M 2 34 320
25 61 16 39 12 26 0 0.00 M M 6.5 21 280 M M 2 28 280
26 52 20 36 9 29 0 0.00 M M 8.8 30 300 M M 3 45 290
27 42 20 31 4 34 0 0.00 M M 12.8 31 310 M M 1 42 300
28 30 7 19 -8 46 0 0.00 M M 10.2 29 320 M M 2 37 320
29 30 1 16 -11 49 0 0.00 M M 3.1 12 130 M M 1 14 150
30 52 10 31 4 34 0 0.00 M M 7.1 25 270 M M 1 32 270
31 25 2 14 -13 51 0 T M M 17.8 29 360 M M 5 41 360
================================================================================
SM 1494 599 961 0 0.08 M 303.7 M 45
================================================================================
AV 48.2 19.3 9.8 FASTST M M 1 MAX(MPH)
MISC ----> 47 320 64 330
================================================================================
NOTES:
# LAST OF SEVERAL OCCURRENCES
COLUMN 17 PEAK WIND IN M.P.H.
PRELIMINARY LOCAL CLIMATOLOGICAL DATA (WS FORM: F-6) , PAGE 2
STATION: BROKEN BOW
MONTH: DECEMBER
YEAR: 2021
LATITUDE: 41 26 N
LONGITUDE: 99 39 W
[TEMPERATURE DATA] [PRECIPITATION DATA] SYMBOLS USED IN COLUMN 16
AVERAGE MONTHLY: 33.8 TOTAL FOR MONTH: 0.08 1 = FOG OR MIST
DPTR FM NORMAL: 5.4 DPTR FM NORMAL: -0.29 2 = FOG REDUCING VISIBILITY
HIGHEST: 71 ON 1 GRTST 24HR 0.04 ON 10-10 TO 1/4 MILE OR LESS
LOWEST: 1 ON 29 3 = THUNDER
SNOW, ICE PELLETS, HAIL 4 = ICE PELLETS
TOTAL MONTH: M 5 = HAIL
GRTST 24HR M ON M 6 = FREEZING RAIN OR DRIZZLE
GRTST DEPTH: M ON M 7 = DUSTSTORM OR SANDSTORM:
VSBY 1/2 MILE OR LESS
8 = SMOKE OR HAZE
[NO. OF DAYS WITH] [WEATHER - DAYS WITH] 9 = BLOWING SNOW
X = TORNADO
MAX 32 OR BELOW: 5 0.01 INCH OR MORE: 2
MAX 90 OR ABOVE: 0 0.10 INCH OR MORE: 0
MIN 32 OR BELOW: 27 0.50 INCH OR MORE: 0
MIN 0 OR BELOW: 0 1.00 INCH OR MORE: 0
[HDD (BASE 65) ]
TOTAL THIS MO. 961 CLEAR (SCALE 0-3) 27
DPTR FM NORMAL -173 PTCLDY (SCALE 4-7) 4
TOTAL FM JUL 1 2046 CLOUDY (SCALE 8-10) 0
DPTR FM NORMAL -493
[CDD (BASE 65) ]
TOTAL THIS MO. 0
DPTR FM NORMAL 0 [PRESSURE DATA]
TOTAL FM JAN 1 1001 HIGHEST SLP 30.49 ON 18
DPTR FM NORMAL 89 LOWEST SLP 29.04 ON 15
[REMARKS]
#FINAL-12-21#