311
CXUS54 KFWD 010831
CF6GYI
PRELIMINARY LOCAL CLIMATOLOGICAL DATA (WS FORM: F-6)
STATION: SHERMAN/DENISON
MONTH: JANUARY
YEAR: 2021
LATITUDE: 33 42 N
LONGITUDE: 96 40 W
TEMPERATURE IN F: :PCPN: SNOW: WIND :SUNSHINE: SKY :PK WND
================================================================================
1 2 3 4 5 6A 6B 7 8 9 10 11 12 13 14 15 16 17 18
12Z AVG MX 2MIN
DY MAX MIN AVG DEP HDD CDD WTR SNW DPTH SPD SPD DIR MIN PSBL S-S WX SPD DR
================================================================================
1 39 36 38 -4 27 0 0.01 M M 10.0 15 280 M M 10 1 20 300
2 53 33 43 1 22 0 0.00 M M 6.9 10 150 M M 5 M M
3 61 36 49 7 16 0 0.00 M M 8.1 15 210 M M 0 17 170
4 66 32 49 7 16 0 0.00 M M 3.8 10 300 M M 0 M M
5 64 32 48 6 17 0 0.00 M M 6.7 14 120 M M 1 18 120
6 56 43 50 8 15 0 M M M 10.8 15 130 M M 10 1 23 140
7 48 40 44 2 21 0 0.00 M M 12.3 18 340 M M 10 1 27 330
8 46 30 38 -4 27 0 0.00 M M 8.0 14 340 M M 6 17 340
9 49 24 37 -5 28 0 0.00 M M 2.6 7 40 M M 0 1 M M
10 37 31 34 -8 31 0 M M M 4.7 12 320 M M 8 M M
11 48 28 38 -4 27 0 0.00 M M 4.5 10 340 M M 3 8 M M
12 52 27 40 -2 25 0 0.00 M M 6.0 12 220 M M 0 M M
13 62 32 47 5 18 0 0.00 M M 15.3128 180 M M 0 1 M M
14 62 37 50 8 15 0 0.00 M M 21.4221 340 M M 0 35 330
15 51 34 43 1 22 0 0.00 M M 14.8 26 290 M M 1 36 310
16 55 28 42 0 23 0 0.00 M M 6.3 9 290 M M 0 M M
17 56 35 46 4 19 0 0.00 M M 6.3 13 310 M M 4 20 280
18 65 34 50 8 15 0 0.02 M M 8.9 17 150 M M 3 25 150
19 58 46 52 10 13 0 0.03 M M 10.9 17 350 M M 9 22 360
20 48 42 45 2 20 0 0.07 M M 4.2 10 180 M M 9 1 M M
21 56 45 51 8 14 0 0.00 M M 4.6 9 160 M M 3 1 M M
22 55 46 51 8 14 0 0.00 M M 4.9 10 20 M M 10 1 M M
23 54 44 49 6 16 0 0.00 M M 7.7 12 110 M M 10 1 16 110
24 59 48 54 11 11 0 0.03 M M 5.4 12 110 M M 10 123 21 90
25 66 44 55 12 10 0 0.21 M M 11.5 22 170 M M 4 1 39 260
26 51 32 42 -1 23 0 0.00 M M 7.6 12 330 M M 2 M M
27 46 31 39 -4 26 0 0.00 M M 9.9 18 330 M M 3 25 330
28 48 24 36 -7 29 0 0.00 M M 4.9 9 100 M M 0 M M
29 61 37 49 6 16 0 0.00 M M 11.6 16 140 M M 0 21 160
30 72 45 59 15 6 0 0.00 M M 18.2 26 160 M M 4 18 37 160
31 54 37 46 2 19 0 0.00 M M 15.2 23 330 M M 2 30 330
================================================================================
SM 1698 1113 601 0 0.37 M 274.0 M 127
================================================================================
AV 54.8 35.9 8.8 FASTST M M 4 MAX(MPH)
MISC ----> 221 340 39 260
================================================================================
NOTES:
# LAST OF SEVERAL OCCURRENCES
COLUMN 17 PEAK WIND IN M.P.H.
PRELIMINARY LOCAL CLIMATOLOGICAL DATA (WS FORM: F-6) , PAGE 2
STATION: SHERMAN/DENISON
MONTH: JANUARY
YEAR: 2021
LATITUDE: 33 42 N
LONGITUDE: 96 40 W
[TEMPERATURE DATA] [PRECIPITATION DATA] SYMBOLS USED IN COLUMN 16
AVERAGE MONTHLY: 45.3 TOTAL FOR MONTH: 0.37 1 = FOG OR MIST
DPTR FM NORMAL: 2.8 DPTR FM NORMAL: -2.10 2 = FOG REDUCING VISIBILITY
HIGHEST: 72 ON 30 GRTST 24HR 0.43 ON 20-20 TO 1/4 MILE OR LESS
LOWEST: 24 ON 28, 9 3 = THUNDER
SNOW, ICE PELLETS, HAIL 4 = ICE PELLETS
TOTAL MONTH: M 5 = HAIL
GRTST 24HR M ON M 6 = FREEZING RAIN OR DRIZZLE
GRTST DEPTH: M ON M 7 = DUSTSTORM OR SANDSTORM:
VSBY 1/2 MILE OR LESS
8 = SMOKE OR HAZE
[NO. OF DAYS WITH] [WEATHER - DAYS WITH] 9 = BLOWING SNOW
X = TORNADO
MAX 32 OR BELOW: 0 0.01 INCH OR MORE: 6
MAX 90 OR ABOVE: 0 0.10 INCH OR MORE: 1
MIN 32 OR BELOW: 12 0.50 INCH OR MORE: 0
MIN 0 OR BELOW: 0 1.00 INCH OR MORE: 0
[HDD (BASE 65) ]
TOTAL THIS MO. 601 CLEAR (SCALE 0-3) 16
DPTR FM NORMAL -97 PTCLDY (SCALE 4-7) 7
TOTAL FM JUL 1 1511 CLOUDY (SCALE 8-10) 8
DPTR FM NORMAL -330
[CDD (BASE 65) ]
TOTAL THIS MO. 0
DPTR FM NORMAL 0 [PRESSURE DATA]
TOTAL FM JAN 1 0 HIGHEST SLP M ON M
DPTR FM NORMAL 0 LOWEST SLP M ON M
[REMARKS]
#FINAL-01-21#