000
CXUS55 KBOU 010900
CF6LIC
PRELIMINARY LOCAL CLIMATOLOGICAL DATA (WS FORM: F-6)
STATION: LIMON CO
MONTH: APRIL
YEAR: 2022
LATITUDE: 39 10 N
LONGITUDE: 103 42 W
TEMPERATURE IN F: :PCPN: SNOW: WIND :SUNSHINE: SKY :PK WND
================================================================================
1 2 3 4 5 6A 6B 7 8 9 10 11 12 13 14 15 16 17 18
12Z AVG MX 2MIN
DY MAX MIN AVG DEP HDD CDD WTR SNW DPTH SPD SPD DIR MIN PSBL S-S WX SPD DR
================================================================================
1 55 24 40 -2 25 0 0.00 M M 11.8 33 340 M M 2 45 350
2 66 22 44 2 21 0 0.00 M M 7.7 20 140 M M 0 26 140
3 51 29 40 -2 25 0 0.00 M M 12.0 29 10 M M 5 37 360
4 64 33 49 7 16 0 0.00 M M 13.4 30 190 M M 2 40 200
5 66 29 48 6 17 0 0.00 M M 22.9 41 350 M M 5 8 56 330
6 50 26 38 -5 27 0 0.00 M M 23.9 43 320 M M 2 58 310
7 51 27 39 -4 26 0 0.00 M M 22.8 43 340 M M 4 59 350
8 65 19 42 -1 23 0 0.00 M M 8.7 22 350 M M 0 30 330
9 77 26 52 9 13 0 0.00 M M 8.7 29 350 M M 0 38 340
10 53 33 43 0 22 0 0.00 M M 14.4 32 340 M M 3 41 340
11 66 25 46 3 19 0 0.00 M M 17.3 35 160 M M 2 50 150
12 68 25 47 3 18 0 T M M 20.7 41 10 M M 5 53 360
13 44 9 27 -17 38 0 T M M 10.8 31 310 M M 4 44 310
14 59 9 34 -10 31 0 0.00 M M 7.0 22 210 M M 1 31 190
15 68 20 44 0 21 0 0.00 M M 9.7 30 60 M M 0 37 60
16 52 16 34 -10 31 0 0.00 M M 17.5 38 150 M M 0 50 140
17 67 20 44 0 21 0 T M M 6.2 20 30 M M 2 26 10
18 58 18 38 -7 27 0 0.00 M M 15.5 26 160 M M 1 8 38 150
19 82 29 56 11 9 0 0.00 M M 10.5 23 200 M M 1 34 220
20 70 39 55 10 10 0 0.00 M M 11.5 28 340 M M 0 39 320
21 76 32 54 9 11 0 0.00 M M 16.3 33 150 M M 1 8 44 160
22 88 34 61 15 4 0 0.00 M M 20.7 47 180 M M 3 8 68 190
23 64 30 47 1 18 0 0.00 M M 12.7 28 310 M M 4 42 320
24 57 22 40 -6 25 0 0.00 M M 14.0 31 360 M M 5 43 350
25 56 28 42 -4 23 0 0.00 M M 6.5 14 170 M M 7 21 180
26 74 25 50 4 15 0 0.00 M M 9.0 21 190 M M 0 29 190
27 78 34 56 9 9 0 T M M 8.6 41 270 M M 1 8 63 260
28 80 32 56 9 9 0 0.00 M M 7.5 22 140 M M 0 29 140
29 71 39 55 8 10 0 T M M 20.0 44 340 M M 2 13 60 350
30 64 38 51 3 14 0 0.00 M M 17.6 37 340 M M 1 8 50 340
================================================================================
SM 1940 792 578 0 T M 405.9 M 63
================================================================================
AV 64.7 26.4 13.5 FASTST M M 2 MAX(MPH)
MISC ----> 47 180 68 190
================================================================================
NOTES:
# LAST OF SEVERAL OCCURRENCES
COLUMN 17 PEAK WIND IN M.P.H.
PRELIMINARY LOCAL CLIMATOLOGICAL DATA (WS FORM: F-6) , PAGE 2
STATION: LIMON CO
MONTH: APRIL
YEAR: 2022
LATITUDE: 39 10 N
LONGITUDE: 103 42 W
[TEMPERATURE DATA] [PRECIPITATION DATA] SYMBOLS USED IN COLUMN 16
AVERAGE MONTHLY: 45.5 TOTAL FOR MONTH: T 1 = FOG OR MIST
DPTR FM NORMAL: 1.2 DPTR FM NORMAL: -1.37 2 = FOG REDUCING VISIBILITY
HIGHEST: 88 ON 22 GRTST 24HR T ON 12-12 TO 1/4 MILE OR LESS
LOWEST: 9 ON 14,13 3 = THUNDER
SNOW, ICE PELLETS, HAIL 4 = ICE PELLETS
TOTAL MONTH: M 5 = HAIL
GRTST 24HR M ON M 6 = FREEZING RAIN OR DRIZZLE
GRTST DEPTH: M ON M 7 = DUSTSTORM OR SANDSTORM:
VSBY 1/2 MILE OR LESS
8 = SMOKE OR HAZE
[NO. OF DAYS WITH] [WEATHER - DAYS WITH] 9 = BLOWING SNOW
X = TORNADO
MAX 32 OR BELOW: 0 0.01 INCH OR MORE: 0
MAX 90 OR ABOVE: 0 0.10 INCH OR MORE: 0
MIN 32 OR BELOW: 23 0.50 INCH OR MORE: 0
MIN 0 OR BELOW: 0 1.00 INCH OR MORE: 0
[HDD (BASE 65) ]
TOTAL THIS MO. 578 CLEAR (SCALE 0-3) 21
DPTR FM NORMAL -42 PTCLDY (SCALE 4-7) 9
TOTAL FM JUL 1 6050 CLOUDY (SCALE 8-10) 0
DPTR FM NORMAL -542
[CDD (BASE 65) ]
TOTAL THIS MO. 0
DPTR FM NORMAL 0 [PRESSURE DATA]
TOTAL FM JAN 1 0 HIGHEST SLP M ON M
DPTR FM NORMAL 0 LOWEST SLP 29.07 ON 12
[REMARKS]
#FINAL-04-22#