000
CXUS53 KMKX 010810
CF6LNR
PRELIMINARY LOCAL CLIMATOLOGICAL DATA (WS FORM: F-6)
STATION: LONE ROCK WI
MONTH: AUGUST
YEAR: 2022
LATITUDE: 43 12 N
LONGITUDE: 90 11 W
TEMPERATURE IN F: :PCPN: SNOW: WIND :SUNSHINE: SKY :PK WND
================================================================================
1 2 3 4 5 6A 6B 7 8 9 10 11 12 13 14 15 16 17 18
12Z AVG MX 2MIN
DY MAX MIN AVG DEP HDD CDD WTR SNW DPTH SPD SPD DIR MIN PSBL S-S WX SPD DR
================================================================================
1 83 61 72 0 0 7 0.00 M M 6.1 17 300 M M 4 13 24 300
2 89 59 74 2 0 9 0.00 M M 7.5 23 180 M M 3 12 31 200
3 83 65 74 2 0 9 0.80 M M 3.9 26 350 M M 4 13 36 340
4 85 61 73 2 0 8 0.00 M M 2.5 10 60 M M 1 18 18 50
5 87 58 73 2 0 8 0.00 M M 4.0 14 180 M M 1 1 20 180
6 91 68 80 9 0 15 0.57 M M 5.2 30 300 M M 2 13 48 300
7 82 72 77 6 0 12 0.09 M M 3.2 10 290 M M 8 13 14 220
8 78 58 68 -3 0 3 0.02 M M 6.8 15 330 M M 6 13 22 320
9 80 56 68 -3 0 3 0.00 M M 1.1 7 320 M M 5 12 10 330
10 84 57 71 0 0 6 0.00 M M 2.7 12 310 M M 3 128 15 290
11 81 58 70 -1 0 5 0.00 M M 3.1 13 70 M M 2 8 17 90
12 62 54 58 -13 7 0 0.31 M M 3.3 10 220 M M 3 1 14 220
13 75 61 68 -2 0 3 0.14 M M 3.6 14 200 M M 8 18 23 200
14 70 64 67 -3 0 2 0.00 M M 5.5 13 360 M M 10 1 19 10
15 78 58 68 -2 0 3 0.00 M M 1.8 10 60 M M 4 12 14 60
16 81 54 68 -2 0 3 0.00 M M 2.9 10 100 M M 4 12 M M
17 82 52 67 -3 0 2 0.00 M M 1.1 10 70 M M 3 12 13 60
18 81 55 68 -2 0 3 0.00 M M 3.2 10 200 M M 4 128 15 200
19 79 63 71 1 0 6 2.49 M M 4.7 35 180 M M 8 138 48 180
20 76 62 69 -1 0 4 0.20 M M 3.5 9 150 M M 8 12 12 60
21 78 60 69 0 0 4 0.00 M M 3.6 12 330 M M 6 12 17 320
22 82 58 70 1 0 5 0.00 M M 2.6 12 310 M M 5 12 14 310
23 83 57 70 1 0 5 0.00 M M 0.9 7 250 M M 4 128 11 260
24 82 58 70 1 0 5 1.38 M M 4.4 21 200 M M 5 123 32 190
25 80 66 73 4 0 8 0.02 M M 4.4 13 320 M M 8 13 18 300
26 79 59 69 1 0 4 0.00 M M 2.2 10 10 M M 3 1 13 10
27 75 57 66 -2 0 1 T M M 6.2 21 30 M M 3 3 30 40
28 79 65 72 4 0 7 0.03 M M 6.2 14 190 M M 4 1 18 180
29 83 59 71 3 0 6 0.00 M M 6.9 18 290 M M 2 29 250
30 82 57 70 2 0 5 0.00 M M 8.1 23 300 M M 0 33 300
31 89 55 72 5 0 7 0.00 M M 4.0 14 270 M M 0 18 19 280
================================================================================
SM 2499 1847 7 168 6.05 M 125.2 M 131
================================================================================
AV 80.6 59.6 4.0 FASTST M M 4 MAX(MPH)
MISC ----> 35 180 # 48 300
================================================================================
NOTES:
# LAST OF SEVERAL OCCURRENCES
COLUMN 17 PEAK WIND IN M.P.H.
PRELIMINARY LOCAL CLIMATOLOGICAL DATA (WS FORM: F-6) , PAGE 2
STATION: LONE ROCK WI
MONTH: AUGUST
YEAR: 2022
LATITUDE: 43 12 N
LONGITUDE: 90 11 W
[TEMPERATURE DATA] [PRECIPITATION DATA] SYMBOLS USED IN COLUMN 16
AVERAGE MONTHLY: 70.1 TOTAL FOR MONTH: 6.05 1 = FOG OR MIST
DPTR FM NORMAL: 0.3 DPTR FM NORMAL: 1.88 2 = FOG REDUCING VISIBILITY
HIGHEST: 91 ON 6 GRTST 24HR 2.59 ON 19-20 TO 1/4 MILE OR LESS
LOWEST: 52 ON 17 3 = THUNDER
SNOW, ICE PELLETS, HAIL 4 = ICE PELLETS
TOTAL MONTH: M 5 = HAIL
GRTST 24HR M ON M 6 = FREEZING RAIN OR DRIZZLE
GRTST DEPTH: M ON M 7 = DUSTSTORM OR SANDSTORM:
VSBY 1/2 MILE OR LESS
8 = SMOKE OR HAZE
[NO. OF DAYS WITH] [WEATHER - DAYS WITH] 9 = BLOWING SNOW
X = TORNADO
MAX 32 OR BELOW: 0 0.01 INCH OR MORE: 11
MAX 90 OR ABOVE: 1 0.10 INCH OR MORE: 7
MIN 32 OR BELOW: 0 0.50 INCH OR MORE: 4
MIN 0 OR BELOW: 0 1.00 INCH OR MORE: 2
[HDD (BASE 65) ]
TOTAL THIS MO. 7 CLEAR (SCALE 0-3) 8
DPTR FM NORMAL -12 PTCLDY (SCALE 4-7) 21
TOTAL FM JUL 1 7 CLOUDY (SCALE 8-10) 2
DPTR FM NORMAL -15
[CDD (BASE 65) ]
TOTAL THIS MO. 168
DPTR FM NORMAL -1 [PRESSURE DATA]
TOTAL FM JAN 1 619 HIGHEST SLP M ON M
DPTR FM NORMAL 38 LOWEST SLP 29.66 ON 3
[REMARKS]
#FINAL-08-22#