000
CXUS53 KMKX 020213
CF6LNR
PRELIMINARY LOCAL CLIMATOLOGICAL DATA (WS FORM: F-6)
STATION: LONE ROCK WI
MONTH: DECEMBER
YEAR: 2020
LATITUDE: 43 12 N
LONGITUDE: 90 11 W
TEMPERATURE IN F: :PCPN: SNOW: WIND :SUNSHINE: SKY :PK WND
================================================================================
1 2 3 4 5 6A 6B 7 8 9 10 11 12 13 14 15 16 17 18
12Z AVG MX 2MIN
DY MAX MIN AVG DEP HDD CDD WTR SNW DPTH SPD SPD DIR MIN PSBL S-S WX SPD DR
================================================================================
1 36 15 26 -2 39 0 0.00 M M 4.1 9 280 M M 0 14 270
2 44 14 29 2 36 0 0.00 M M 4.2 9 260 M M 0 13 260
3 42 28 35 8 30 0 0.00 M M 8.4 17 270 M M 5 24 260
4 46 21 34 8 31 0 0.00 M M 4.9 9 360 M M 0 12 320
5 38 18 28 2 37 0 0.00 M M 2.2 9 90 M M 1 12 110
6 39 26 33 7 32 0 0.00 M M 2.7 12 360 M M 5 17 10
7 34 31 33 8 32 0 0.00 M M 3.9 12 350 M M 10 15 20
8 34 30 32 7 33 0 0.00 M M 5.8 13 230 M M 9 18 19 210
9 54 25 40 16 25 0 0.00 M M 2.9 10 250 M M 0 1 12 280
10 54 24 39 15 26 0 0.00 M M 2.8 15 190 M M 0 1 21 200
11 39 30 35 11 30 0 0.10 M M 8.9 21 60 M M 7 1 28 50
12 33 23 28 5 37 0 0.03 M M 11.2 25 360 M M 6 18 34 10
13 28 10 19 -4 46 0 0.00 M M 5.8 17 290 M M 8 25 280
14 28 13 21 -1 44 0 0.00 M M 7.5 20 290 M M 3 27 290
15 22 5 14 -8 51 0 0.00 M M 2.6 8 60 M M 3 11 100
16 31 17 24 2 41 0 0.00 M M 1.8 9 20 M M 8 18 11 20
17 32 12 22 0 43 0 0.00 M M 1.8 8 90 M M 6 18 10 80
18 36 10 23 2 42 0 0.00 M M 6.5 15 170 M M 6 18 23 160
19 36 33 35 14 30 0 0.00 M M 3.5 10 300 M M 10 18 13 300
20 33 23 28 7 37 0 0.00 M M 5.2 14 280 M M 8 18 18 280
21 41 26 34 14 31 0 0.02 M M 11.0 23 280 M M 8 1 32 290
22 41 24 33 13 32 0 0.00 M M 6.5 16 160 M M 5 26 160
23 51 17 34 14 31 0 T M M 15.3 32 220 M M 9 1 47 220
24 17 5 11 -9 54 0 T M M 14.8 25 270 M M 7 18 32 260
25 21 3 12 -8 53 0 0.00 M M 8.4 17 320 M M 2 24 310
26 28 12 20 1 45 0 0.00 M M 3.6 9 310 M M 1 13 290
27 32 20 26 7 39 0 0.08 M M 9.0 18 360 M M 6 128 27 20
28 28 2 15 -4 50 0 0.00 M M 6.0 15 310 M M 5 18 21 290
29 28 -3 13 -6 52 0 0.07 M M 5.7 16 110 M M 6 128 25 90
30 31 23 27 8 38 0 0.01 M M 12.5 26 280 M M 10 18 36 260
31 23 19 21 2 44 0 0.00 M M 5.6 14 280 M M M 18 290
================================================================================
SM 1080 556 1191 0 0.31 M 195.1 M 154
================================================================================
AV 34.8 17.9 6.3 FASTST M M 5 MAX(MPH)
MISC ----> 32 220 47 220
================================================================================
NOTES:
# LAST OF SEVERAL OCCURRENCES
COLUMN 17 PEAK WIND IN M.P.H.
PRELIMINARY LOCAL CLIMATOLOGICAL DATA (WS FORM: F-6) , PAGE 2
STATION: LONE ROCK WI
MONTH: DECEMBER
YEAR: 2020
LATITUDE: 43 12 N
LONGITUDE: 90 11 W
[TEMPERATURE DATA] [PRECIPITATION DATA] SYMBOLS USED IN COLUMN 16
AVERAGE MONTHLY: 26.4 TOTAL FOR MONTH: 0.31 1 = FOG OR MIST
DPTR FM NORMAL: 4.1 DPTR FM NORMAL: -0.95 2 = FOG REDUCING VISIBILITY
HIGHEST: 54 ON 10, 9 GRTST 24HR 0.13 ON 11-12 TO 1/4 MILE OR LESS
LOWEST: -3 ON 29 3 = THUNDER
SNOW, ICE PELLETS, HAIL 4 = ICE PELLETS
TOTAL MONTH: M 5 = HAIL
GRTST 24HR M ON M 6 = FREEZING RAIN OR DRIZZLE
GRTST DEPTH: M ON M 7 = DUSTSTORM OR SANDSTORM:
VSBY 1/2 MILE OR LESS
8 = SMOKE OR HAZE
[NO. OF DAYS WITH] [WEATHER - DAYS WITH] 9 = BLOWING SNOW
X = TORNADO
MAX 32 OR BELOW: 13 0.01 INCH OR MORE: 6
MAX 90 OR ABOVE: 0 0.10 INCH OR MORE: 1
MIN 32 OR BELOW: 30 0.50 INCH OR MORE: 0
MIN 0 OR BELOW: 1 1.00 INCH OR MORE: 0
[HDD (BASE 65) ]
TOTAL THIS MO. 1191 CLEAR (SCALE 0-3) 9
DPTR FM NORMAL -132 PTCLDY (SCALE 4-7) 15
TOTAL FM JUL 1 2668 CLOUDY (SCALE 8-10) 7
DPTR FM NORMAL -218
[CDD (BASE 65) ]
TOTAL THIS MO. 0
DPTR FM NORMAL 0 [PRESSURE DATA]
TOTAL FM JAN 1 722 HIGHEST SLP 30.55 ON 29
DPTR FM NORMAL 151 LOWEST SLP 29.26 ON 23
[REMARKS]
#FINAL-12-20#