000
CXUS53 KMKX 010810
CF6LNR
PRELIMINARY LOCAL CLIMATOLOGICAL DATA (WS FORM: F-6)
STATION: LONE ROCK WI
MONTH: MAY
YEAR: 2021
LATITUDE: 43 12 N
LONGITUDE: 90 11 W
TEMPERATURE IN F: :PCPN: SNOW: WIND :SUNSHINE: SKY :PK WND
================================================================================
1 2 3 4 5 6A 6B 7 8 9 10 11 12 13 14 15 16 17 18
12Z AVG MX 2MIN
DY MAX MIN AVG DEP HDD CDD WTR SNW DPTH SPD SPD DIR MIN PSBL S-S WX SPD DR
================================================================================
1 93 40 67 14 0 2 T M M 11.7 31 270 M M 2 44 230
2 86 60 73 19 0 8 0.31 M M 11.0 28 200 M M 2 138 36 360
3 69 53 61 7 4 0 0.80 M M 6.4 21 340 M M 10 13 29 340
4 60 42 51 -3 14 0 0.00 M M 8.7 20 340 M M 8 27 350
5 63 35 49 -6 16 0 0.01 M M 6.8 20 10 M M 4 8 23 360
6 61 39 50 -5 15 0 0.17 M M 5.8 25 360 M M 6 1 33 350
7 57 33 45 -11 20 0 T M M 8.2 20 320 M M 5 31 300
8 55 29 42 -14 23 0 0.00 M M 5.9 16 80 M M 1 23 80
9 63 41 52 -4 13 0 0.00 M M 6.5 20 80 M M 4 26 80
10 55 41 48 -9 17 0 T M M 8.4 16 70 M M 8 27 40
11 60 30 45 -12 20 0 T M M 3.7 17 10 M M 1 24 40
12 67 31 49 -9 16 0 0.00 M M 3.2 13 290 M M 2 20 280
13 70 34 52 -6 13 0 0.00 M M 3.5 12 270 M M 1 18 210
14 71 34 53 -5 12 0 T M M 5.2 22 190 M M 2 30 180
15 59 52 56 -3 9 0 0.06 M M 4.8 20 160 M M 10 1 26 170
16 72 52 62 3 3 0 0.00 M M 3.7 12 170 M M 5 1 16 170
17 77 47 62 2 3 0 0.00 M M 6.7 17 100 M M 2 12 26 110
18 76 52 64 4 1 0 0.44 M M 10.5 23 160 M M 8 1 31 140
19 75 63 69 9 0 4 0.03 M M 6.8 15 170 M M 8 1 21 170
20 79 66 73 12 0 8 0.01 M M 9.5 22 180 M M 9 32 170
21 75 66 71 10 0 6 0.09 M M 6.4 20 190 M M 9 1 30 190
22 83 63 73 11 0 8 0.00 M M 5.7 18 210 M M 8 1 25 220
23 80 64 72 10 0 7 0.01 M M 5.9 15 50 M M 9 13 21 50
24 84 59 72 10 0 7 0.00 M M 9.1 21 190 M M 5 28 190
25 80 64 72 9 0 7 T M M 11.3 24 300 M M 6 36 300
26 77 57 67 4 0 2 0.00 M M 9.7 21 280 M M 1 28 310
27 57 41 49 -14 16 0 T M M 14.4 28 80 M M 7 1 39 80
28 55 36 46 -18 19 0 M M M 9.5 20 70 M M 8 1 31 70
29 66 32 49 -15 16 0 0.00 M M 3.7 14 90 M M 0 21 100
30 67 37 52 -12 13 0 0.00 M M 2.8 10 230 M M 0 16 230
31 75 51 63 -2 2 0 T M M 5.8 16 190 M M 5 22 240
================================================================================
SM 2167 1444 265 59 1.93 M 221.3 M 156
================================================================================
AV 69.9 46.6 7.1 FASTST M M 5 MAX(MPH)
MISC ----> 31 270 44 230
================================================================================
NOTES:
# LAST OF SEVERAL OCCURRENCES
COLUMN 17 PEAK WIND IN M.P.H.
PRELIMINARY LOCAL CLIMATOLOGICAL DATA (WS FORM: F-6) , PAGE 2
STATION: LONE ROCK WI
MONTH: MAY
YEAR: 2021
LATITUDE: 43 12 N
LONGITUDE: 90 11 W
[TEMPERATURE DATA] [PRECIPITATION DATA] SYMBOLS USED IN COLUMN 16
AVERAGE MONTHLY: 58.2 TOTAL FOR MONTH: 1.93 1 = FOG OR MIST
DPTR FM NORMAL: -1.0 DPTR FM NORMAL: -1.79 2 = FOG REDUCING VISIBILITY
HIGHEST: 93 ON 1 GRTST 24HR 1.11 ON 2- 3 TO 1/4 MILE OR LESS
LOWEST: 29 ON 8 3 = THUNDER
SNOW, ICE PELLETS, HAIL 4 = ICE PELLETS
TOTAL MONTH: M 5 = HAIL
GRTST 24HR M ON M 6 = FREEZING RAIN OR DRIZZLE
GRTST DEPTH: M ON M 7 = DUSTSTORM OR SANDSTORM:
VSBY 1/2 MILE OR LESS
8 = SMOKE OR HAZE
[NO. OF DAYS WITH] [WEATHER - DAYS WITH] 9 = BLOWING SNOW
X = TORNADO
MAX 32 OR BELOW: 0 0.01 INCH OR MORE: 10
MAX 90 OR ABOVE: 1 0.10 INCH OR MORE: 4
MIN 32 OR BELOW: 4 0.50 INCH OR MORE: 1
MIN 0 OR BELOW: 0 1.00 INCH OR MORE: 0
[HDD (BASE 65) ]
TOTAL THIS MO. 265 CLEAR (SCALE 0-3) 11
DPTR FM NORMAL 42 PTCLDY (SCALE 4-7) 15
TOTAL FM JUL 1 6932 CLOUDY (SCALE 8-10) 5
DPTR FM NORMAL -99
[CDD (BASE 65) ]
TOTAL THIS MO. 59
DPTR FM NORMAL 17 [PRESSURE DATA]
TOTAL FM JAN 1 63 HIGHEST SLP M ON M
DPTR FM NORMAL 18 LOWEST SLP 29.40 ON 2
[REMARKS]
#FINAL-05-21#