904
CXUS51 KRNK 011921
CF6LYH
PRELIMINARY LOCAL CLIMATOLOGICAL DATA (WS FORM: F-6)
STATION: LYNCHBURG VA
MONTH: AUGUST
YEAR: 2020
LATITUDE: 37 19 N
LONGITUDE: 79 12 W
TEMPERATURE IN F: :PCPN: SNOW: WIND :SUNSHINE: SKY :PK WND
================================================================================
1 2 3 4 5 6A 6B 7 8 9 10 11 12 13 14 15 16 17 18
12Z AVG MX 2MIN
DY MAX MIN AVG DEP HDD CDD WTR SNW DPTH SPD SPD DIR MIN PSBL S-S WX SPD DR
================================================================================
1 89 72 81 6 0 16 0.06 0.0 0 4.0 13 160 M M 5 13 16 170
2 89 73 81 6 0 16 T 0.0 0 4.6 15 210 M M 4 123 21 220
3 87 70 79 4 0 14 1.17 0.0 0 4.1 22 130 M M 7 13 29 140
4 89 69 79 4 0 14 0.28 0.0 0 5.9 14 200 M M 4 18 200
5 89 67 78 3 0 13 0.06 0.0 0 2.8 10 150 M M 2 1 13 160
6 88 69 79 4 0 14 2.22 0.0 0 3.2 15 90 M M 6 123 23 90
7 87 69 78 3 0 13 T 0.0 0 2.8 13 20 M M 7 13 17 50
8 88 67 78 3 0 13 T 0.0 0 2.7 7 20 M M 3 1 10 20
9 91 70 81 6 0 16 0.00 0.0 0 1.1 8 200 M M 4 1 11 250
10 91 68 80 5 0 15 T 0.0 0 1.6 15 140 M M 2 1 19 140
11 92 70 81 6 0 16 0.08 0.0 0 2.4 13 150 M M 2 1 14 140
12 90 72 81 6 0 16 0.68 0.0 0 2.9 22 180 M M 4 1 25 180
13 85 73 79 4 0 14 0.46 0.0 0 5.5 12 30 M M 7 13 14 40
14 85 72 79 5 0 14 0.07 0.0 0 5.0 12 170 M M 7 13 15 50
15 73 63 68 -6 0 3 0.53 0.0 0 9.7 20 40 M M 10 1 26 50
16 78 64 71 -3 0 6 0.11 0.0 0 4.5 14 10 M M 9 1 27 30
17 88 65 77 3 0 12 0.00 0.0 0 3.2 10 200 M M 4 12 13 280
18 87 60 74 0 0 9 0.00 0.0 0 1.6 9 190 M M 2 11 220
19 84 67 76 2 0 11 1.11 0.0 0 3.9 12 20 M M 5 13 15 10
20 84 63 74 0 0 9 0.00 0.0 0 3.5 12 100 M M 2 1 15 40
21 79 68 74 0 0 9 0.03 0.0 0 1.2 8 190 M M 7 1 9 200
22 84 69 77 3 0 12 T 0.0 0 3.8 13 180 M M 8 1 15 180
23 88 66 77 3 0 12 0.00 0.0 0 4.3 13 200 M M 3 12 17 200
24 88 69 79 5 0 14 1.47 0.0 0 6.4 24 310 M M 3 13 35 300
25 91 67 79 6 0 14 0.00 0.0 0 4.8 12 310 M M 0 1 17 310
26 88 67 78 5 0 13 0.00 0.0 0 2.6 9 190 M M 1 12 200
27 92 71 82 9 0 17 0.01 0.0 0 4.6 13 220 M M 1 13 19 220
28 92 73 83 10 0 18 T 0.0 0 4.4 10 190 M M 1 3 14 230
29 89 70 80 7 0 15 0.03 0.0 0 6.9 16 200 M M 4 24 210
30 86 64 75 3 0 10 0.00 0.0 0 1.1 8 160 M M 1 14 220
31 70 66 68 -4 0 3 2.59 0.0 0 7.0 14 20 M M 9 1 18 30
================================================================================
SM 2681 2113 0 391 10.96 0.0 122.1 M 134
================================================================================
AV 86.5 68.2 3.9 FASTST M M 4 MAX(MPH)
MISC ----> 24 310 35 300
================================================================================
NOTES:
# LAST OF SEVERAL OCCURRENCES
COLUMN 17 PEAK WIND IN M.P.H.
PRELIMINARY LOCAL CLIMATOLOGICAL DATA (WS FORM: F-6) , PAGE 2
STATION: LYNCHBURG VA
MONTH: AUGUST
YEAR: 2020
LATITUDE: 37 19 N
LONGITUDE: 79 12 W
[TEMPERATURE DATA] [PRECIPITATION DATA] SYMBOLS USED IN COLUMN 16
AVERAGE MONTHLY: 77.3 TOTAL FOR MONTH: 10.96 1 = FOG OR MIST
DPTR FM NORMAL: 3.2 DPTR FM NORMAL: 7.70 2 = FOG REDUCING VISIBILITY
HIGHEST: 92 ON 28,27 GRTST 24HR 2.59 ON 31-31 TO 1/4 MILE OR LESS
LOWEST: 60 ON 18 3 = THUNDER
SNOW, ICE PELLETS, HAIL 4 = ICE PELLETS
TOTAL MONTH: 0.0 INCH 5 = HAIL
GRTST 24HR 0.0 6 = FREEZING RAIN OR DRIZZLE
GRTST DEPTH: 0 7 = DUSTSTORM OR SANDSTORM:
VSBY 1/2 MILE OR LESS
8 = SMOKE OR HAZE
[NO. OF DAYS WITH] [WEATHER - DAYS WITH] 9 = BLOWING SNOW
X = TORNADO
MAX 32 OR BELOW: 0 0.01 INCH OR MORE: 17
MAX 90 OR ABOVE: 7 0.10 INCH OR MORE: 10
MIN 32 OR BELOW: 0 0.50 INCH OR MORE: 7
MIN 0 OR BELOW: 0 1.00 INCH OR MORE: 5
[HDD (BASE 65) ]
TOTAL THIS MO. 0 CLEAR (SCALE 0-3) 13
DPTR FM NORMAL -2 PTCLDY (SCALE 4-7) 14
TOTAL FM JUL 1 0 CLOUDY (SCALE 8-10) 4
DPTR FM NORMAL -1
[CDD (BASE 65) ]
TOTAL THIS MO. 391
DPTR FM NORMAL 107 [PRESSURE DATA]
TOTAL FM JAN 1 1309 HIGHEST SLP M ON M
DPTR FM NORMAL 411 LOWEST SLP 29.61 ON 29
[REMARKS]
#FINAL-08-20#