000
CXUS55 KRIW 011010
CF6CPR
PRELIMINARY LOCAL CLIMATOLOGICAL DATA (WS FORM: F-6)
STATION: CASPER WY
MONTH: AUGUST
YEAR: 2023
LATITUDE: 42 55 N
LONGITUDE: 106 28 W
TEMPERATURE IN F: :PCPN: SNOW: WIND :SUNSHINE: SKY :PK WND
================================================================================
1 2 3 4 5 6A 6B 7 8 9 10 11 12 13 14 15 16 17 18
12Z AVG MX 2MIN
DY MAX MIN AVG DEP HDD CDD WTR SNW DPTH SPD SPD DIR MIN PSBL S-S WX SPD DR
================================================================================
1 90 57 74 2 0 9 0.07 0.0 M 9.6 24 200 M M 3 13 35 200
2 76 59 68 -4 0 3 0.14 0.0 M 6.6 18 240 M M 6 13 26 230
3 77 57 67 -5 0 2 0.01 0.0 0 7.9 24 220 M M 4 3 34 230
4 72 57 65 -7 0 0 0.13 0.0 0 8.6 24 300 M M 7 13 34 300
5 74 50 62 -10 3 0 0.00 0.0 0 9.8 24 10 M M 6 31 20
6 76 44 60 -11 5 0 0.20 0.0 0 5.7 35 280 M M 3 123 50 280
7 75 47 61 -10 4 0 0.00 0.0 0 7.5 22 360 M M 3 3 30 230
8 79 49 64 -7 1 0 0.29 0.0 0 7.9 37 240 M M 4 13 52 220
9 80 49 65 -6 0 0 0.00 0.0 0 9.3 22 220 M M 1 29 230
10 87 55 71 0 0 6 0.00 0.0 0 10.0 24 280 M M 1 3 39 260
11 87 53 70 0 0 5 0.00 0.0 0 7.7 18 310 M M 0 27 300
12 89 50 70 0 0 5 0.00 0.0 0 11.0 24 290 M M 0 33 300
13 71 44 58 -12 7 0 T 0.0 0 6.5 28 20 M M 5 38 20
14 81 39 60 -10 5 0 0.00 0.0 0 4.7 12 230 M M 0 15 240
15 93 42 68 -2 0 3 0.00 0.0 0 8.2 20 220 M M 0 26 220
16 95 56 76 7 0 11 0.00 0.0 0 8.6 22 30 M M 0 29 10
17 95 50 73 4 0 8 T M M 6.3 20 250 M M 0 28 250
18 93 70 82 13 0 17 0.00 0.0 0 17.9 32 250 M M 1 43 250
19 89 58 74 6 0 9 T 0.0 0 8.7 21 330 M M 1 3 30 110
20 88 57 73 5 0 8 0.05 0.0 0 7.7 17 10 M M 1 1 23 10
21 94 48 71 3 0 6 0.00 0.0 0 10.3 29 210 M M 1 128 39 210
22 92 62 77 9 0 12 0.02 0.0 0 12.0 35 200 M M 1 47 210
23 90 60 75 8 0 10 0.00 0.0 M 12.5 25 230 M M 0 41 240
24 84 64 74 7 0 9 T 0.0 0 7.3 22 200 M M 2 30 200
25 74 50 62 -5 3 0 0.01 M 0 8.8 22 20 M M 6 1 28 20
26 86 45 66 -1 0 1 0.00 0.0 0 4.4 14 90 M M 0 20 80
27 85 52 69 3 0 4 0.08 0.0 0 6.3 46 290 M M 3 13 64 280
28 80 50 65 -1 0 0 0.01 M 0 6.2 14 120 M M 2 3 23 120
29 86 45 66 0 0 1 0.00 0.0 0 3.6 14 80 M M 0 18 90
30 91 52 72 7 0 7 0.00 0.0 0 18.1 38 230 M M 0 50 230
31 89 36 63 -2 2 0 0.00 0.0 0 11.2 30 240 M M 0 42 240
================================================================================
SM 2618 1607 30 136 1.01 0.0 270.9 M 61
================================================================================
AV 84.5 51.8 8.7 FASTST M M 2 MAX(MPH)
MISC ----> 46 290 64 280
================================================================================
NOTES:
# LAST OF SEVERAL OCCURRENCES
COLUMN 17 PEAK WIND IN M.P.H.
PRELIMINARY LOCAL CLIMATOLOGICAL DATA (WS FORM: F-6) , PAGE 2
STATION: CASPER WY
MONTH: AUGUST
YEAR: 2023
LATITUDE: 42 55 N
LONGITUDE: 106 28 W
[TEMPERATURE DATA] [PRECIPITATION DATA] SYMBOLS USED IN COLUMN 16
AVERAGE MONTHLY: 68.1 TOTAL FOR MONTH: 1.01 1 = FOG OR MIST
DPTR FM NORMAL: -0.9 DPTR FM NORMAL: 0.22 2 = FOG REDUCING VISIBILITY
HIGHEST: 95 ON 17,16 GRTST 24HR 0.40 ON 31- 1 TO 1/4 MILE OR LESS
LOWEST: 36 ON 31 3 = THUNDER
SNOW, ICE PELLETS, HAIL 4 = ICE PELLETS
TOTAL MONTH: 0.0 INCH 5 = HAIL
GRTST 24HR 0.0 6 = FREEZING RAIN OR DRIZZLE
GRTST DEPTH: 0 7 = DUSTSTORM OR SANDSTORM:
VSBY 1/2 MILE OR LESS
8 = SMOKE OR HAZE
[NO. OF DAYS WITH] [WEATHER - DAYS WITH] 9 = BLOWING SNOW
X = TORNADO
MAX 32 OR BELOW: 0 0.01 INCH OR MORE: 11
MAX 90 OR ABOVE: 9 0.10 INCH OR MORE: 4
MIN 32 OR BELOW: 0 0.50 INCH OR MORE: 0
MIN 0 OR BELOW: 0 1.00 INCH OR MORE: 0
[HDD (BASE 65) ]
TOTAL THIS MO. 30 CLEAR (SCALE 0-3) 24
DPTR FM NORMAL -1 PTCLDY (SCALE 4-7) 7
TOTAL FM JUL 1 53 CLOUDY (SCALE 8-10) 0
DPTR FM NORMAL 11
[CDD (BASE 65) ]
TOTAL THIS MO. 136
DPTR FM NORMAL -21 [PRESSURE DATA]
TOTAL FM JAN 1 322 HIGHEST SLP 30.34 ON 14
DPTR FM NORMAL -90 LOWEST SLP 29.64 ON 18
[REMARKS]
#FINAL-08-23#