000
CXUS51 KAKQ 030245
CF6ECG
PRELIMINARY LOCAL CLIMATOLOGICAL DATA (WS FORM: F-6)
STATION: ELIZABETH CITY NC
MONTH: DECEMBER
YEAR: 2020
LATITUDE: 36 16 N
LONGITUDE: 76 11 W
TEMPERATURE IN F: :PCPN: SNOW: WIND :SUNSHINE: SKY :PK WND
================================================================================
1 2 3 4 5 6A 6B 7 8 9 10 11 12 13 14 15 16 17 18
12Z AVG MX 2MIN
DY MAX MIN AVG DEP HDD CDD WTR SNW DPTH SPD SPD DIR MIN PSBL S-S WX SPD DR
================================================================================
1 55 34 45 -3 20 0 T 0.0 0 12.3 24 230 M M 2 31 250
2 50 32 41 -7 24 0 0.00 0.0 0 8.2 16 280 M M 0 27 240
3 56 27 42 -6 23 0 0.00 0.0 0 3.2 10 220 M M 0 8 14 190
4 66 33 50 2 15 0 0.06 0.0 0 8.1 16 210 M M 2 1 21 150
5 63 41 52 5 13 0 0.26 0.0 0 14.3 35 270 M M 9 1 47 260
6 51 32 42 -5 23 0 0.00 0.0 0 4.5 14 280 M M 1 17 240
7 45 35 40 -7 25 0 0.06 0.0 0 11.5 23 340 M M 8 29 340
8 46 28 37 -9 28 0 0.00 0.0 0 11.9 23 320 M M 0 29 330
9 49 27 38 -8 27 0 0.00 0.0 0 8.1 21 250 M M 0 28 250
10 55 30 43 -3 22 0 0.00 0.0 0 3.5 12 250 M M 0 1 15 240
11 66 32 49 4 16 0 T 0.0 0 3.9 12 160 M M 5 12 16 140
12 67 55 61 16 4 0 0.04 0.0 0 5.8 13 200 M M 6 1 17 200
13 68 50 59 14 6 0 0.26 0.0 0 5.4 13 240 M M 7 12 16 210
14 63 40 52 7 13 0 1.08 0.0 0 12.1 35 340 M M 9 123 43 350
15 44 35 40 -4 25 0 0.00 0.0 0 11.3 18 350 M M 2 24 360
16 59 41 50 6 15 0 1.48 0.0 0 11.9 20 270 M M 8 1 29 250
17 48 35 42 -2 23 0 0.00 0.0 0 9.8 22 280 M M 6 28 280
18 44 31 38 -6 27 0 0.00 0.0 0 10.6 20 340 M M 8 25 340
19 45 27 36 -7 29 0 0.00 0.0 0 3.5 8 290 M M 0 8 10 340
20 47 33 40 -3 25 0 0.38 0.0 0 5.6 13 350 M M 7 1 18 360
21 47 42 45 2 20 0 T 0.0 0 8.4 15 240 M M 9 1 19 220
22 55 31 43 0 22 0 0.00 0.0 0 10.6 26 280 M M 1 33 280
23 53 28 41 -2 24 0 0.00 0.0 0 5.4 13 110 M M 0 19 150
24 68 53 61 19 4 0 1.12 0.0 0 14.6 30 150 M M 8 1 41 140
25 65 28 47 5 18 0 0.31 0.0 0 13.9 32 250 M M 7 1 42 250
26 38 23 31 -11 34 0 0.00 0.0 0 8.8 18 270 M M 0 23 270
27 48 26 37 -5 28 0 0.00 0.0 0 4.9 9 100 M M 0 32 90
28 57 33 45 3 20 0 0.00 0.0 0 7.0 15 220 M M 0 22 220
29 49 35 42 0 23 0 0.00 0.0 0 10.7 22 350 M M 0 27 360
30 55 28 42 0 23 0 0.00 0.0 0 5.9 13 160 M M 2 16 170
31 65 49 57 16 8 0 1.20 0.0 0 9.1 23 280 M M 8 1 36 220
================================================================================
SM 1687 1074 627 0 6.25 0.0 264.8 M 115
================================================================================
AV 54.4 34.6 8.5 FASTST M M 4 MAX(MPH)
MISC ----> # 35 270 47 260
================================================================================
NOTES:
# LAST OF SEVERAL OCCURRENCES
COLUMN 17 PEAK WIND IN M.P.H.
PRELIMINARY LOCAL CLIMATOLOGICAL DATA (WS FORM: F-6) , PAGE 2
STATION: ELIZABETH CITY NC
MONTH: DECEMBER
YEAR: 2020
LATITUDE: 36 16 N
LONGITUDE: 76 11 W
[TEMPERATURE DATA] [PRECIPITATION DATA] SYMBOLS USED IN COLUMN 16
AVERAGE MONTHLY: 44.5 TOTAL FOR MONTH: 6.25 1 = FOG OR MIST
DPTR FM NORMAL: 0.1 DPTR FM NORMAL: 3.69 2 = FOG REDUCING VISIBILITY
HIGHEST: 68 ON 24,13 GRTST 24HR 1.48 ON 16-16 TO 1/4 MILE OR LESS
LOWEST: 23 ON 26 3 = THUNDER
SNOW, ICE PELLETS, HAIL 4 = ICE PELLETS
TOTAL MONTH: 0.0 INCH 5 = HAIL
GRTST 24HR 0.0 6 = FREEZING RAIN OR DRIZZLE
GRTST DEPTH: 0 7 = DUSTSTORM OR SANDSTORM:
VSBY 1/2 MILE OR LESS
8 = SMOKE OR HAZE
[NO. OF DAYS WITH] [WEATHER - DAYS WITH] 9 = BLOWING SNOW
X = TORNADO
MAX 32 OR BELOW: 0 0.01 INCH OR MORE: 11
MAX 90 OR ABOVE: 0 0.10 INCH OR MORE: 8
MIN 32 OR BELOW: 15 0.50 INCH OR MORE: 4
MIN 0 OR BELOW: 0 1.00 INCH OR MORE: 4
[HDD (BASE 65) ]
TOTAL THIS MO. 627 CLEAR (SCALE 0-3) 17
DPTR FM NORMAL -13 PTCLDY (SCALE 4-7) 10
TOTAL FM JUL 1 863 CLOUDY (SCALE 8-10) 4
DPTR FM NORMAL -291
[CDD (BASE 65) ]
TOTAL THIS MO. 0
DPTR FM NORMAL -2 [PRESSURE DATA]
TOTAL FM JAN 1 2159 HIGHEST SLP 30.57 ON 29
DPTR FM NORMAL 569 LOWEST SLP 29.53 ON 25
[REMARKS]
#FINAL-12-20#