000
CXUS56 KSLC 010810
CF6EVW
PRELIMINARY LOCAL CLIMATOLOGICAL DATA (WS FORM: F-6)
STATION: EVANSTON WY
MONTH: OCTOBER
YEAR: 2023
LATITUDE: 41 16 N
LONGITUDE: 111 2 W
TEMPERATURE IN F: :PCPN: SNOW: WIND :SUNSHINE: SKY :PK WND
================================================================================
1 2 3 4 5 6A 6B 7 8 9 10 11 12 13 14 15 16 17 18
12Z AVG MX 2MIN
DY MAX MIN AVG DEP HDD CDD WTR SNW DPTH SPD SPD DIR MIN PSBL S-S WX SPD DR
================================================================================
1 58 39 49 -1 16 0 0.08 M M 10.3 32 220 M M 6 1 51 230
2 47 38 43 -7 22 0 0.19 M M 12.9 31 220 M M 9 1 44 220
3 49 36 43 -6 22 0 0.05 M M 12.0 21 260 M M 10 1 27 240
4 55 38 47 -2 18 0 0.00 M M 9.8 18 260 M M 7 12 24 260
5 63 36 50 2 15 0 0.00 M M 5.6 14 320 M M 0 20 270
6 65 38 52 4 13 0 0.00 M M 4.7 10 90 M M 0 13 80
7 70 40 55 7 10 0 0.00 M M 5.3 12 260 M M 0 18 270
8 71 42 57 10 8 0 0.00 M M 8.1 18 230 M M 0 26 240
9 72 42 57 10 8 0 0.00 M M 7.1 14 240 M M 0 18 250
10 70 44 57 11 8 0 0.00 M M 10.7 31 240 M M 3 41 240
11 51 33 42 -4 23 0 0.19 M M 10.1 23 290 M M 9 1 34 300
12 40 32 36 -10 29 0 0.02 M M 11.1 20 280 M M 10 1 25 270
13 50 31 41 -4 24 0 0.00 M M 5.0 12 100 M M 5 12 19 110
14 59 32 46 1 19 0 0.00 M M 5.9 15 240 M M 2 19 240
15 66 35 51 7 14 0 0.00 M M 4.6 12 340 M M 0 15 350
16 73 38 56 12 9 0 0.00 M M 6.3 17 240 M M 0 23 250
17 70 46 58 15 7 0 0.00 M M 10.4 26 270 M M 0 34 280
18 68 37 53 10 12 0 0.00 M M 6.9 16 260 M M 0 23 230
19 75 39 57 14 8 0 0.00 M M 6.4 14 260 M M 0 22 240
20 73 45 59 17 6 0 0.00 M M 8.1 16 270 M M 0 26 260
21 71 43 57 15 8 0 0.00 M M 6.4 16 240 M M 3 21 300
22 71 41 56 15 9 0 0.00 0.0 M 7.3 21 220 M M 1 29 220
23 66 39 53 12 12 0 T M M 7.9 35 270 M M 3 3 45 270
24 58 36 47 6 18 0 0.00 M M 8.5 24 240 M M 1 32 220
25 63 37 50 10 15 0 0.00 M M 17.4 33 220 M M 5 47 220
26 41 18 30 -10 35 0 0.12 M M 13.6 29 260 M M 6 1 44 250
27 48 15 32 -8 33 0 0.00 M M 9.7 26 240 M M 2 36 240
28 38 19 29 -10 36 0 T M M 8.4 21 360 M M 5 18 29 350
29 33 15 24 -15 41 0 T M M 5.5 12 350 M M 4 8 17 350
30 42 13 28 -10 37 0 0.00 M M 6.7 15 240 M M 0 21 250
31 52 20 36 -2 29 0 0.00 M M 5.9 13 220 M M 0 18 260
================================================================================
SM 1828 1057 564 0 0.65 0.0 258.6 M 91
================================================================================
AV 59.0 34.1 8.3 FASTST M M 3 MAX(MPH)
MISC ----> 35 270 51 230
================================================================================
NOTES:
# LAST OF SEVERAL OCCURRENCES
COLUMN 17 PEAK WIND IN M.P.H.
PRELIMINARY LOCAL CLIMATOLOGICAL DATA (WS FORM: F-6) , PAGE 2
STATION: EVANSTON WY
MONTH: OCTOBER
YEAR: 2023
LATITUDE: 41 16 N
LONGITUDE: 111 2 W
[TEMPERATURE DATA] [PRECIPITATION DATA] SYMBOLS USED IN COLUMN 16
AVERAGE MONTHLY: 46.5 TOTAL FOR MONTH: 0.65 1 = FOG OR MIST
DPTR FM NORMAL: 2.6 DPTR FM NORMAL: -0.34 2 = FOG REDUCING VISIBILITY
HIGHEST: 75 ON 19 GRTST 24HR 0.23 ON 1- 2 TO 1/4 MILE OR LESS
LOWEST: 13 ON 30 3 = THUNDER
SNOW, ICE PELLETS, HAIL 4 = ICE PELLETS
TOTAL MONTH: 0.0 INCH 5 = HAIL
GRTST 24HR 0.0 6 = FREEZING RAIN OR DRIZZLE
GRTST DEPTH: M ON M 7 = DUSTSTORM OR SANDSTORM:
VSBY 1/2 MILE OR LESS
8 = SMOKE OR HAZE
[NO. OF DAYS WITH] [WEATHER - DAYS WITH] 9 = BLOWING SNOW
X = TORNADO
MAX 32 OR BELOW: 0 0.01 INCH OR MORE: 6
MAX 90 OR ABOVE: 0 0.10 INCH OR MORE: 3
MIN 32 OR BELOW: 9 0.50 INCH OR MORE: 0
MIN 0 OR BELOW: 0 1.00 INCH OR MORE: 0
[HDD (BASE 65) ]
TOTAL THIS MO. 564 CLEAR (SCALE 0-3) 20
DPTR FM NORMAL -90 PTCLDY (SCALE 4-7) 7
TOTAL FM JUL 1 790 CLOUDY (SCALE 8-10) 4
DPTR FM NORMAL -217
[CDD (BASE 65) ]
TOTAL THIS MO. 0
DPTR FM NORMAL 0 [PRESSURE DATA]
TOTAL FM JAN 1 233 HIGHEST SLP M ON M
DPTR FM NORMAL 28 LOWEST SLP 29.39 ON 11
[REMARKS]
#FINAL-10-23#